000
CXUS53 KLMK 280800
CF6BWG
PRELIMINARY LOCAL CLIMATOLOGICAL DATA (WS FORM: F-6)

                                          STATION:   BOWLING GREEN KY
                                          MONTH:     FEBRUARY
                                          YEAR:      2015
                                          LATITUDE:   36 58 N
                                          LONGITUDE:  86 26 W

  TEMPERATURE IN F:       :PCPN:    SNOW:  WIND      :SUNSHINE: SKY     :PK WND
================================================================================
1   2   3   4   5  6A  6B    7    8   9   10  11  12  13   14  15   16   17  18
                                     12Z  AVG MX 2MIN
DY MAX MIN AVG DEP HDD CDD  WTR  SNW DPTH SPD SPD DIR MIN PSBL S-S WX    SPD DR
================================================================================

 1  53  38  46   9  19   0 0.97  0.0    0 10.5 22 170   M    M  10 1      31 160
 2  42  24  33  -4  32   0 0.03    T    0  9.8 23 290   M    M   9 18     36 320
 3  42  21  32  -5  33   0 0.00  0.0    0  6.2 15 220   M    M   2        20 210
 4  54  30  42   5  23   0    T    T    0  8.7 20 310   M    M   2        28 320
 5  34  18  26 -12  39   0    T    T    0  6.4 16 340   M    M   2        22 340
 6  49  14  32  -6  33   0 0.00  0.0    0  5.0 14 210   M    M   0        19 210
 7  65  34  50  12  15   0 0.00  0.0    0 11.6 25 220   M    M   0        32 210
 8  58  45  52  14  13   0 0.00  0.0    0  9.8 22 220   M    M   8        30 200
 9  56  32  44   6  21   0    T  0.0    0  8.5 14 320   M    M  10 18     20 330
10  44  25  35  -3  30   0 0.00  0.0    0  6.2 13  40   M    M   6        19  40
11  52  22  37  -2  28   0 0.00  0.0    0  4.8 15 320   M    M   3 18     24 310
12  35  20  28 -11  37   0    T    T    0 10.0 21 310   M    M   6        31 310
13  37  16  27 -12  38   0 0.00  0.0    0  4.8 13 220   M    M   3        19 240
14  41  14  28 -12  37   0    T    T    0 10.4 23 290   M    M   6        32 280
15  26  11  19 -21  46   0 0.00  0.0    0  9.6 17  80   M    M   6        21  80
16  23  14  19 -21  46   0 0.71  9.6    4  8.0 16  70   M    M  10 128    22  30
17  24  -1  12 -28  53   0 0.00  0.0    9  5.0 14 200   M    M   3 128    15 200
18  26   3  15 -25  50   0 0.03  2.0   10 11.5 25 290   M    M   6 18     33 290
19  15  -7   4 -37  61   0 0.00  0.0    8  5.2 15 280   M    M   0        20 290
20  32  -4  14 -27  51   0 0.22  1.0    7  6.6 14 170   M    M   7 16     20 160
21  43  32  38  -3  27   0 2.04  0.0    6  9.5 25 190   M    M  10 16     34 180
22  39  27  33  -9  32   0 0.00  0.0    5  6.4 13 330   M    M   9 18     18 320
23  27  20  24 -18  41   0 0.00  0.0    4  8.3 15  40   M    M   5        21 350
24  30  20  25 -17  40   0 0.00  0.0    3  5.9 16 240   M    M   4        21 220
25  37  16  27 -15  38   0 0.00  0.0    2  1.9  8  50   M    M   2         9  50
26  41  24  33 -10  32   0    T    T    2  6.0 15 320   M    M   6        20 320
27  29  19  24 -19  41   0 0.00  0.0    1  7.0 12  60   M    M   6        16  40
================================================================================
SM 1054  527       956   0  4.00    12.6 203.6          M      141
================================================================================
AV 39.0 19.5                               7.5 FASTST   M    M   5    MAX(MPH)
                                 MISC ---->  # 25 220               # 36  320
================================================================================
NOTES:
# LAST OF SEVERAL OCCURRENCES

COLUMN 17 PEAK WIND IN M.P.H.

PRELIMINARY LOCAL CLIMATOLOGICAL DATA (WS FORM: F-6) , PAGE 2

                                          STATION:  BOWLING GREEN KY
                                          MONTH:    FEBRUARY
                                          YEAR:     2015
                                          LATITUDE:   36 58 N
                                          LONGITUDE:  86 26 W

[TEMPERATURE DATA]      [PRECIPITATION DATA]       SYMBOLS USED IN COLUMN 16

AVERAGE MONTHLY: 29.3   TOTAL FOR MONTH:   4.00    1 = FOG OR MIST
DPTR FM NORMAL: -10.4   DPTR FM NORMAL:    0.17    2 = FOG REDUCING VISIBILITY
HIGHEST:    65 ON  7    GRTST 24HR  2.26 ON 20-21      TO 1/4 MILE OR LESS
LOWEST:     -7 ON 19                               3 = THUNDER
                        SNOW, ICE PELLETS, HAIL    4 = ICE PELLETS
                        TOTAL MONTH:  12.6 INCHES  5 = HAIL
                        GRTST 24HR   9.6 ON   M    6 = FREEZING RAIN OR DRIZZLE
                        GRTST DEPTH:  10 ON 18     7 = DUSTSTORM OR SANDSTORM:
                                                       VSBY 1/2 MILE OR LESS
                                                   8 = SMOKE OR HAZE
[NO. OF DAYS WITH]      [WEATHER - DAYS WITH]      9 = BLOWING SNOW
                                                   X = TORNADO
MAX 32 OR BELOW:   9    0.01 INCH OR MORE:   6
MAX 90 OR ABOVE:   0    0.10 INCH OR MORE:   4
MIN 32 OR BELOW:  24    0.50 INCH OR MORE:   3
MIN  0 OR BELOW:   3    1.00 INCH OR MORE:   1

[HDD (BASE 65) ]
TOTAL THIS MO.   956    CLEAR  (SCALE 0-3)   9
DPTR FM NORMAL   273    PTCLDY (SCALE 4-7)  12
TOTAL FM JUL 1  3501    CLOUDY (SCALE 8-10)  6
DPTR FM NORMAL   326

[CDD (BASE 65) ]
TOTAL THIS MO.     0
DPTR FM NORMAL     0    [PRESSURE DATA]
TOTAL FM JAN 1     0    HIGHEST SLP M ON M
DPTR FM NORMAL     0    LOWEST  SLP 29.55 ON  1

[REMARKS]
