000
CXUS55 KGJT 241000
CF6CAG
PRELIMINARY LOCAL CLIMATOLOGICAL DATA (WS FORM: F-6)

                                          STATION:   CRAIG CO
                                          MONTH:     JULY
                                          YEAR:      2017
                                          LATITUDE:   40 30 N
                                          LONGITUDE: 107 32 W

  TEMPERATURE IN F:       :PCPN:    SNOW:  WIND      :SUNSHINE: SKY     :PK WND
================================================================================
1   2   3   4   5  6A  6B    7    8   9   10  11  12  13   14  15   16   17  18
                                     12Z  AVG MX 2MIN
DY MAX MIN AVG DEP HDD CDD  WTR  SNW DPTH SPD SPD DIR MIN PSBL S-S WX    SPD DR
================================================================================

 1  89  35  62  -2   3   0 0.00    M    M  5.8 23 250   M    M   0        33 280
 2  93  38  66   2   0   1 0.00    M    M  5.7 30 200   M    M   0        39 200
 3  90  48  69   5   0   4    T    M    M  5.8 25 320   M    M   1        35 320
 4  94  41  68   3   0   3 0.00    M    M  4.0 17 240   M    M   0        22 240
 5  96  44  70   5   0   5 0.00    M    M  2.9 22 160   M    M   0        26 270
 6  97  44  71   6   0   6 0.00    M    M  5.1 24 260   M    M   0        30 260
 7  96  47  72   6   0   7    T    M    M  6.0 22 350   M    M   0        28 330
 8  94  46  70   4   0   5 0.00    M    M  3.2 15  10   M    M   1        19 360
 9  95  48  72   6   0   7 0.00    M    M  2.7 14 270   M    M   0        19 290
10  93  57  75   9   0  10 0.09    M    M  5.5 24 330   M    M   1 3      33 330
11  87  52  70   4   0   5 0.03    M    M  6.1 35 240   M    M   3 3      47 230
12  89  53  71   4   0   6 0.02    M    M  5.1 23  60   M    M   1        31  50
13  93  49  71   4   0   6 0.01    M    M  5.9 22 160   M    M   2        26 170
14  93  51  72   5   0   7 0.00    M    M  6.0 18 360   M    M   0        23 360
15  94  55  75   8   0  10 0.00    M    M  6.6 17  90   M    M   0        24  90
16  95  50  73   6   0   8 0.00    M    M  5.2 29  20   M    M   1        41  30
17  94  53  74   7   0   9 0.00    M    M  6.4 26 170   M    M   0 3      32 180
18  93  61  77   9   0  12    T    M    M  7.2 21 180   M    M   2        25 160
19  96  52  74   6   0   9 0.06    M    M  7.7 30 160   M    M   2 3      42  90
20  91  53  72   4   0   7 0.00    M    M  7.2 23 170   M    M   1        29 170
21  90  57  74   6   0   9 0.47    M    M  6.6 29 290   M    M   4 13     35 290
22  90  52  71   3   0   6 0.00    M    M  3.0 14 350   M    M   0        19  10
23  93  44  69   1   0   4 0.00    M    M  1.7  9 120   M    M   0        13  10
================================================================================
SM 2135 1130         3 146  0.68    M    121.4          M       19
================================================================================
AV 92.8 49.1                               5.3 FASTST   M    M   1    MAX(MPH)
                                 MISC ---->  # 35 240               # 47  230
================================================================================
NOTES:
# LAST OF SEVERAL OCCURRENCES

COLUMN 17 PEAK WIND IN M.P.H.

PRELIMINARY LOCAL CLIMATOLOGICAL DATA (WS FORM: F-6) , PAGE 2

                                          STATION:  CRAIG CO
                                          MONTH:    JULY
                                          YEAR:     2017
                                          LATITUDE:   40 30 N
                                          LONGITUDE: 107 32 W

[TEMPERATURE DATA]      [PRECIPITATION DATA]       SYMBOLS USED IN COLUMN 16

AVERAGE MONTHLY: 71.0   TOTAL FOR MONTH:   0.68    1 = FOG OR MIST
DPTR FM NORMAL:   4.6   DPTR FM NORMAL:   -0.10    2 = FOG REDUCING VISIBILITY
HIGHEST:    97 ON  6    GRTST 24HR  0.47 ON 21-21      TO 1/4 MILE OR LESS
LOWEST:     35 ON  1                               3 = THUNDER
                        SNOW, ICE PELLETS, HAIL    4 = ICE PELLETS
                        TOTAL MONTH:    M          5 = HAIL
                        GRTST 24HR    M  ON   M    6 = FREEZING RAIN OR DRIZZLE
                        GRTST DEPTH:  M  ON   M    7 = DUSTSTORM OR SANDSTORM:
                                                       VSBY 1/2 MILE OR LESS
                                                   8 = SMOKE OR HAZE
[NO. OF DAYS WITH]      [WEATHER - DAYS WITH]      9 = BLOWING SNOW
                                                   X = TORNADO
MAX 32 OR BELOW:   0    0.01 INCH OR MORE:   6
MAX 90 OR ABOVE:  20    0.10 INCH OR MORE:   1
MIN 32 OR BELOW:   0    0.50 INCH OR MORE:   0
MIN  0 OR BELOW:   0    1.00 INCH OR MORE:   0

[HDD (BASE 65) ]
TOTAL THIS MO.     3    CLEAR  (SCALE 0-3)  22
DPTR FM NORMAL   -17    PTCLDY (SCALE 4-7)   1
TOTAL FM JUL 1     3    CLOUDY (SCALE 8-10)  0
DPTR FM NORMAL   -17

[CDD (BASE 65) ]
TOTAL THIS MO.   146
DPTR FM NORMAL    94    [PRESSURE DATA]
TOTAL FM JAN 1   175    HIGHEST SLP M ON M
DPTR FM NORMAL   113    LOWEST  SLP 29.75 ON 10

[REMARKS]
