000
CXUS51 KCAR 230600
CF6CAR
PRELIMINARY LOCAL CLIMATOLOGICAL DATA (WS FORM: F-6)

                                          STATION:   CARIBOU ME
                                          MONTH:     OCTOBER
                                          YEAR:      2017
                                          LATITUDE:   46 52 N
                                          LONGITUDE:  68  1 W

  TEMPERATURE IN F:       :PCPN:    SNOW:  WIND      :SUNSHINE: SKY     :PK WND
================================================================================
1   2   3   4   5  6A  6B    7    8   9   10  11  12  13   14  15   16   17  18
                                     12Z  AVG MX 2MIN
DY MAX MIN AVG DEP HDD CDD  WTR  SNW DPTH SPD SPD DIR MIN PSBL S-S WX    SPD DR
================================================================================

 1  66  32  49   0  16   0 0.00  0.0    0  6.7 16 260   M    M   1        22 250
 2  58  32  45  -3  20   0 0.00  0.0    0  6.6 18  10   M    M   1        23 360
 3  63  28  46  -2  19   0 0.00  0.0    0  4.4 13 160   M    M   0        18 170
 4  79  45  62  14   3   0 0.43  0.0    0  7.8 15 200   M    M   5 13     24 190
 5  64  49  57  10   8   0 0.01  0.0    0  7.1 16 250   M    M   5        24 300
 6  61  38  50   3  15   0 0.00  0.0    0  4.6 20 250   M    M   2        24 270
 7  65  35  50   3  15   0 0.02  0.0    0  6.8 15 180   M    M   5 1      23 190
 8  70  59  65  19   0   0 0.37  0.0    0  8.4 21 170   M    M   6 1      30 250
 9  66  51  59  13   6   0 0.40  0.0    0  3.4  9 140   M    M   7 12     13 140
10  75  49  62  16   3   0 0.06  0.0    0  7.5 22 330   M    M   5 1      30 330
11  51  34  43  -2  22   0 0.00  0.0    0  8.1 23 330   M    M   1        30 330
12  56  29  43  -2  22   0 0.00  0.0    0  4.4 14 340   M    M   0        19 340
13  60  28  44   0  21   0 0.00  0.0    0  6.4 16 180   M    M   2        24 180
14  63  49  56  12   9   0 0.03  0.0    0  8.7 20 250   M    M   6 1      25 250
15  65  47  56  12   9   0 0.34  0.0    0  8.9 21 190   M    M   9 12     30 190
16  62  37  50   7  15   0    T  0.0    0 10.7 28 330   M    M   9        38 320
17  51  30  41  -2  24   0 0.00  0.0    0  6.5 15 240   M    M   6        19 190
18  57  36  47   5  18   0    T  0.0    0  6.5 22 310   M    M   1        29 310
19  70  35  53  11  12   0 0.00  0.0    0  9.1 24 180   M    M   2        37 180
20  58  39  49   7  16   0 0.00  0.0    0  8.4 22 310   M    M   2        31 300
21  56  34  45   3  20   0 0.00  0.0    0  5.0 13 330   M    M   0        20 340
22  53  31  42   1  23   0 0.00  0.0    0  4.8  8 180   M    M   0        10  10
================================================================================
SM 1369  847       316   0  1.66     0.0 150.8          M       75
================================================================================
AV 62.2 38.5                               6.9 FASTST   M    M   3    MAX(MPH)
                                 MISC ---->  # 28 330               # 38  320
================================================================================
NOTES:
# LAST OF SEVERAL OCCURRENCES

COLUMN 17 PEAK WIND IN M.P.H.

PRELIMINARY LOCAL CLIMATOLOGICAL DATA (WS FORM: F-6) , PAGE 2

                                          STATION:  CARIBOU ME
                                          MONTH:    OCTOBER
                                          YEAR:     2017
                                          LATITUDE:   46 52 N
                                          LONGITUDE:  68  1 W

[TEMPERATURE DATA]      [PRECIPITATION DATA]       SYMBOLS USED IN COLUMN 16

AVERAGE MONTHLY: 50.4   TOTAL FOR MONTH:   1.66    1 = FOG OR MIST
DPTR FM NORMAL:   5.4   DPTR FM NORMAL:   -0.83    2 = FOG REDUCING VISIBILITY
HIGHEST:    79 ON  4    GRTST 24HR  0.43 ON  4- 4      TO 1/4 MILE OR LESS
LOWEST:     28 ON 13, 3                            3 = THUNDER
                        SNOW, ICE PELLETS, HAIL    4 = ICE PELLETS
                        TOTAL MONTH:   0.0 INCH    5 = HAIL
                        GRTST 24HR     0.0         6 = FREEZING RAIN OR DRIZZLE
                        GRTST DEPTH:   0           7 = DUSTSTORM OR SANDSTORM:
                                                       VSBY 1/2 MILE OR LESS
                                                   8 = SMOKE OR HAZE
[NO. OF DAYS WITH]      [WEATHER - DAYS WITH]      9 = BLOWING SNOW
                                                   X = TORNADO
MAX 32 OR BELOW:   0    0.01 INCH OR MORE:   8
MAX 90 OR ABOVE:   0    0.10 INCH OR MORE:   4
MIN 32 OR BELOW:   7    0.50 INCH OR MORE:   0
MIN  0 OR BELOW:   0    1.00 INCH OR MORE:   0

[HDD (BASE 65) ]
TOTAL THIS MO.   316    CLEAR  (SCALE 0-3)  12
DPTR FM NORMAL  -125    PTCLDY (SCALE 4-7)   8
TOTAL FM JUL 1   586    CLOUDY (SCALE 8-10)  2
DPTR FM NORMAL  -322

[CDD (BASE 65) ]
TOTAL THIS MO.     0
DPTR FM NORMAL     0    [PRESSURE DATA]
TOTAL FM JAN 1   221    HIGHEST SLP M ON M
DPTR FM NORMAL    41    LOWEST  SLP 29.34 ON 15

[REMARKS]
