000
CXUS53 KARX 200930
CF6CCY
PRELIMINARY LOCAL CLIMATOLOGICAL DATA (WS FORM: F-6)

                                          STATION:   CHARLES_CITY IA
                                          MONTH:     OCTOBER
                                          YEAR:      2014
                                          LATITUDE:   43  4 N
                                          LONGITUDE:  92 37 W

  TEMPERATURE IN F:       :PCPN:    SNOW:  WIND      :SUNSHINE: SKY     :PK WND
================================================================================
1   2   3   4   5  6A  6B    7    8   9   10  11  12  13   14  15   16   17  18
                                     12Z  AVG MX 2MIN
DY MAX MIN AVG DEP HDD CDD  WTR  SNW DPTH SPD SPD DIR MIN PSBL S-S WX    SPD DR
================================================================================

 1  68  50  59   4   6   0 0.30  0.0    0  7.4 15 120   M    M  10 1      23 120
 2  66  52  59   4   6   0 0.17  0.0    0  6.6 18 330   M    M  10 1      29 330
 3  52  37  45 -10  20   0 0.00  0.0    0 19.2 25 300   M    M   9        39 310
 4  52  34  43 -11  22   0    T  0.0    0 15.6 28 300   M    M   6        39 300
 5  54  32  43 -11  22   0 0.00  0.0    0  5.5 16 290   M    M   9 8      22 290
 6  59  36  48  -6  17   0 0.00  0.0    0  9.2 17 250   M    M   2        23 270
 7  61  43  52  -1  13   0 0.03  0.0    0 10.5 23 300   M    M   7        29 300
 8  68  39  54   1  11   0 0.00  0.0    0 10.2 21 300   M    M   2        33 300
 9  59  37  48  -4  17   0 0.00  0.0    0  5.7 10 350   M    M   3        16 340
10  55  32  44  -8  21   0 0.00  0.0    0  5.8  9 350   M    M   0        14  99
11  59  30  45  -7  20   0 0.00  0.0    0  6.0 10 220   M    M   0         M  M
12  57  36  47  -4  18   0 0.00  0.0    0  9.4 16 140   M    M   6 1      22 150
13  54  50  52   1  13   0 0.60  0.0    0  7.6 20 350   M    M  10 12     30 350
14  55  48  52   2  13   0 0.09  0.0    0 17.8 25 350   M    M   8        33 350
15  66  39  53   3  12   0 0.00  0.0    0  9.9 17 350   M    M   0        27 350
16  72  37  55   5  10   0 0.00  0.0    0  7.0 16 200   M    M   0        17 200
17  54  45  50   1  15   0 0.00  0.0    0 15.7 24 300   M    M   9        32 300
18  55  37  46  -3  19   0 0.00  0.0    0  6.7 15 360   M    M   4 8      21 360
19  66  36  51   2  14   0 0.00  0.0    0 11.1 21 210   M    M   0        27 220
================================================================================
SM 1132  750       289   0  1.19     0.0 186.9          M       95
================================================================================
AV 59.6 39.5                               9.8 FASTST   M    M   5    MAX(MPH)
                                 MISC ---->    28   M                 39    M
================================================================================
NOTES:
# LAST OF SEVERAL OCCURRENCES

COLUMN 17 PEAK WIND IN M.P.H.

PRELIMINARY LOCAL CLIMATOLOGICAL DATA (WS FORM: F-6) , PAGE 2

                                          STATION:  CHARLES_CITY IA
                                          MONTH:    OCTOBER
                                          YEAR:     2014
                                          LATITUDE:   43  4 N
                                          LONGITUDE:  92 37 W

[TEMPERATURE DATA]      [PRECIPITATION DATA]       SYMBOLS USED IN COLUMN 16

AVERAGE MONTHLY: 49.5   TOTAL FOR MONTH:   1.19    1 = FOG OR MIST
DPTR FM NORMAL:  -2.5   DPTR FM NORMAL:   -0.33    2 = FOG REDUCING VISIBILITY
HIGHEST:    72 ON 16    GRTST 24HR  0.60 ON 13-13      TO 1/4 MILE OR LESS
LOWEST:     30 ON 11                               3 = THUNDER
                        SNOW, ICE PELLETS, HAIL    4 = ICE PELLETS
                        TOTAL MONTH:   0.0 INCH    5 = HAIL
                        GRTST 24HR     0.0         6 = FREEZING RAIN OR DRIZZLE
                        GRTST DEPTH:   0           7 = DUSTSTORM OR SANDSTORM:
                                                       VSBY 1/2 MILE OR LESS
                                                   8 = SMOKE OR HAZE
[NO. OF DAYS WITH]      [WEATHER - DAYS WITH]      9 = BLOWING SNOW
                                                   X = TORNADO
MAX 32 OR BELOW:   0    0.01 INCH OR MORE:   5
MAX 90 OR ABOVE:   0    0.10 INCH OR MORE:   3
MIN 32 OR BELOW:   3    0.50 INCH OR MORE:   1
MIN  0 OR BELOW:   0    1.00 INCH OR MORE:   0

[HDD (BASE 65) ]
TOTAL THIS MO.   289    CLEAR  (SCALE 0-3)   8
DPTR FM NORMAL    36    PTCLDY (SCALE 4-7)   4
TOTAL FM JUL 1   463    CLOUDY (SCALE 8-10)  7
DPTR FM NORMAL    29

[CDD (BASE 65) ]
TOTAL THIS MO.     0
DPTR FM NORMAL    -3    [PRESSURE DATA]
TOTAL FM JAN 1   555    HIGHEST SLP M ON M
DPTR FM NORMAL  -108    LOWEST  SLP M ON M

[REMARKS]
