000
CXUS56 KSLC 181231
CF6CDC
PRELIMINARY LOCAL CLIMATOLOGICAL DATA (WS FORM: F-6)

                                          STATION:   CEDAR CITY UT
                                          MONTH:     OCTOBER
                                          YEAR:      2017
                                          LATITUDE:   37 42 N
                                          LONGITUDE: 113  6 W

  TEMPERATURE IN F:       :PCPN:    SNOW:  WIND      :SUNSHINE: SKY     :PK WND
================================================================================
1   2   3   4   5  6A  6B    7    8   9   10  11  12  13   14  15   16   17  18
                                     12Z  AVG MX 2MIN
DY MAX MIN AVG DEP HDD CDD  WTR  SNW DPTH SPD SPD DIR MIN PSBL S-S WX    SPD DR
================================================================================

 1  72  42  57   2   8   0 0.00  0.0    0  6.7 21  10   M    M   1        28 360
 2  57  29  43 -12  22   0    T    M    0  8.0 22  10   M    M   4        28  10
 3  71  28  50  -4  15   0 0.00  0.0    0  4.1 24 180   M    M   0        32 170
 4  73  39  56   2   9   0 0.00  0.0    0 12.3 29 190   M    M   0        40 190
 5  70  36  53  -1  12   0 0.00  0.0    0  3.9  9 130   M    M   0        13 280
 6  64  31  48  -5  17   0 0.00  0.0    0  6.7 18  20   M    M   0        23  30
 7  78  28  53   0  12   0 0.00  0.0    0  5.1 15 210   M    M   0        19 220
 8  76  36  56   3   9   0 0.00  0.0    0 12.7 29  10   M    M   1 8      41  10
 9  55  28  42 -10  23   0 0.00  0.0    0  9.5 20 350   M    M   0        26 340
10   M   M   M   M   M   M    M    M    M   M   M   M   M    M   M         M  M
11  72  36  54   3  11   0 0.00  0.0    0 11.9 29 220   M    M   0        40 210
12  67  37  52   1  13   0 0.00  0.0    0  4.3 12 360   M    M   0        15 360
13  71  24  48  -3  17   0 0.00  0.0    0  6.4 21 210   M    M   0        26 210
14  55  22  39 -11  26   0 0.00  0.0    0  8.8 21 350   M    M   0        29  10
15  65  22  44  -6  21   0 0.00  0.0    0  3.5  8 140   M    M   0         9 140
16  77  22  50   0  15   0 0.00  0.0    0  3.4 12 130   M    M   0 8      15 120
17  79  30  55   6  10   0 0.00    M    0  5.4 20 220   M    M   0        26 230
================================================================================
SM 1102  490       240   0    T      0.0 112.7          M        6
================================================================================
AV 68.9 30.6                               7.0 FASTST   M    M   0    MAX(MPH)
                                 MISC ---->  # 29 190               # 41   10
================================================================================
NOTES:
# LAST OF SEVERAL OCCURRENCES

COLUMN 17 PEAK WIND IN M.P.H.

PRELIMINARY LOCAL CLIMATOLOGICAL DATA (WS FORM: F-6) , PAGE 2

                                          STATION:  CEDAR CITY UT
                                          MONTH:    OCTOBER
                                          YEAR:     2017
                                          LATITUDE:   37 42 N
                                          LONGITUDE: 113  6 W

[TEMPERATURE DATA]      [PRECIPITATION DATA]       SYMBOLS USED IN COLUMN 16

AVERAGE MONTHLY: 49.8   TOTAL FOR MONTH:      T    1 = FOG OR MIST
DPTR FM NORMAL:  -2.4   DPTR FM NORMAL:   -0.71    2 = FOG REDUCING VISIBILITY
HIGHEST:    79 ON 17    GRTST 24HR    T  ON  2- 2      TO 1/4 MILE OR LESS
LOWEST:     22 ON 16,15                            3 = THUNDER
                        SNOW, ICE PELLETS, HAIL    4 = ICE PELLETS
                        TOTAL MONTH:   0.0 INCH    5 = HAIL
                        GRTST 24HR     0.0         6 = FREEZING RAIN OR DRIZZLE
                        GRTST DEPTH:   0           7 = DUSTSTORM OR SANDSTORM:
                                                       VSBY 1/2 MILE OR LESS
                                                   8 = SMOKE OR HAZE
[NO. OF DAYS WITH]      [WEATHER - DAYS WITH]      9 = BLOWING SNOW
                                                   X = TORNADO
MAX 32 OR BELOW:   0    0.01 INCH OR MORE:   0
MAX 90 OR ABOVE:   0    0.10 INCH OR MORE:   0
MIN 32 OR BELOW:  10    0.50 INCH OR MORE:   0
MIN  0 OR BELOW:   0    1.00 INCH OR MORE:   0

[HDD (BASE 65) ]
TOTAL THIS MO.   240    CLEAR  (SCALE 0-3)  15
DPTR FM NORMAL    23    PTCLDY (SCALE 4-7)   1
TOTAL FM JUL 1   427    CLOUDY (SCALE 8-10)  0
DPTR FM NORMAL    67

[CDD (BASE 65) ]
TOTAL THIS MO.     0
DPTR FM NORMAL     0    [PRESSURE DATA]
TOTAL FM JAN 1   865    HIGHEST SLP M ON M
DPTR FM NORMAL   277    LOWEST  SLP 29.61 ON  8

[REMARKS]
