000
CXUS55 KEAX 300736
CF6CDJ
PRELIMINARY LOCAL CLIMATOLOGICAL DATA (WS FORM: F-6)

                                          STATION:   CHILLICOTHE MO
                                          MONTH:     JUNE
                                          YEAR:      2015
                                          LATITUDE:   39 49 N
                                          LONGITUDE:  93 35 W

  TEMPERATURE IN F:       :PCPN:    SNOW:  WIND      :SUNSHINE: SKY     :PK WND
================================================================================
1   2   3   4   5  6A  6B    7    8   9   10  11  12  13   14  15   16   17  18
                                     12Z  AVG MX 2MIN
DY MAX MIN AVG DEP HDD CDD  WTR  SNW DPTH SPD SPD DIR MIN PSBL S-S WX    SPD DR
================================================================================

 1  70  57  64  -4   1   0 0.00    M    M  4.6 10 120   M    M   0        15  30
 2  73  61  67  -2   0   2 0.00    M    M  6.4 13 160   M    M   0        17 150
 3  74  62  68  -1   0   3 0.42    M    M  4.6 13 170   M    M   0        19 320
 4  77  66  72   3   0   7 0.35    M    M  4.6 18 230   M    M   0        35 170
 5  87  66  77   7   0  12 0.00    M    M  2.4  8 310   M    M   0        13 330
 6  83  67  75   5   0  10 0.02    M    M  5.4 12 150   M    M   0        16 120
 7  91  70  81  11   0  16 0.37    M    M  7.5 16 230   M    M   0        26 230
 8  88  63  76   6   0  11 0.00    M    M  3.1 14 310   M    M   0        20 330
 9  93  62  78   7   0  13 0.00    M    M  3.2 13 190   M    M   0        16 190
10  96  73  85  14   0  20 0.00    M    M  5.9 14 200   M    M   0        18 200
11  88  69  79   8   0  14 0.84    M    M  5.7 21 310   M    M   0        35 310
12  78  68  73   1   0   8 0.02    M    M  3.2  9 290   M    M   0        14 310
13  78  68  73   1   0   8 0.15    M    M  1.2  9 180   M    M   0        12 180
14  86  68  77   5   0  12 0.80    M    M  3.9 26 120   M    M   0        35 120
15  86  71  79   7   0  14 1.38    M    M  4.6 13 200   M    M   0        17 200
16  77  65  71  -2   0   6 1.13    M    M  4.5 10  90   M    M   0        16  40
17  86  71  79   6   0  14 0.35    M    M  2.6 12 190   M    M   0        13 200
18  81  67  74   1   0   9 0.00    M    M  4.9 14  30   M    M   0        20  30
19  84  64  74   0   0   9 0.00    M    M  5.3 14  30   M    M   0        18  20
20  95  64  80   6   0  15 0.00    M    M  7.2 17 180   M    M   0        26 200
21  77  70  74   0   0   9 0.50    M    M  3.2 14 190   M    M   0        19 200
22  91  72  82   8   0  17 0.38    M    M  9.5 22 190   M    M   0        30 180
23  81  65  73  -1   0   8 0.01    M    M  4.1 13 120   M    M   0        19 100
24  87  65  76   1   0  11 0.01    M    M  7.8 18 120   M    M   0        27 120
25  91  70  81   6   0  16    M    M    M  5.5 23 340   M    M   0        41 350
26  79  66  73  -2   0   8 0.84    M    M  4.4 15  30   M    M   0        23 360
27  84  63  74  -1   0   9 0.00    M    M  2.2  8  30   M    M   0        13 360
28  89  64  77   2   0  12 0.03    M    M  4.8 16 310   M    M   0        24 310
29  87  66  77   2   0  12 0.00    M    M  2.9 10 300   M    M   0        16 300
================================================================================
SM 2437 1923         1 305  7.60    M    135.2          M        0
================================================================================
AV 84.0 66.3                               4.7 FASTST   M    M   0    MAX(MPH)
                                 MISC ---->  # 26 120               # 41  350
================================================================================
NOTES:
# LAST OF SEVERAL OCCURRENCES

COLUMN 17 PEAK WIND IN M.P.H.

PRELIMINARY LOCAL CLIMATOLOGICAL DATA (WS FORM: F-6) , PAGE 2

                                          STATION:  CHILLICOTHE MO
                                          MONTH:    JUNE
                                          YEAR:     2015
                                          LATITUDE:   39 49 N
                                          LONGITUDE:  93 35 W

[TEMPERATURE DATA]      [PRECIPITATION DATA]       SYMBOLS USED IN COLUMN 16

AVERAGE MONTHLY: 75.2   TOTAL FOR MONTH:   7.60    1 = FOG OR MIST
DPTR FM NORMAL:   2.9   DPTR FM NORMAL:    2.59    2 = FOG REDUCING VISIBILITY
HIGHEST:    96 ON 10    GRTST 24HR  2.36 ON 15-16      TO 1/4 MILE OR LESS
LOWEST:     57 ON  1                               3 = THUNDER
                        SNOW, ICE PELLETS, HAIL    4 = ICE PELLETS
                        TOTAL MONTH:    M          5 = HAIL
                        GRTST 24HR    M  ON   M    6 = FREEZING RAIN OR DRIZZLE
                        GRTST DEPTH:  M  ON   M    7 = DUSTSTORM OR SANDSTORM:
                                                       VSBY 1/2 MILE OR LESS
                                                   8 = SMOKE OR HAZE
[NO. OF DAYS WITH]      [WEATHER - DAYS WITH]      9 = BLOWING SNOW
                                                   X = TORNADO
MAX 32 OR BELOW:   0    0.01 INCH OR MORE:  17
MAX 90 OR ABOVE:   6    0.10 INCH OR MORE:  12
MIN 32 OR BELOW:   0    0.50 INCH OR MORE:   6
MIN  0 OR BELOW:   0    1.00 INCH OR MORE:   2

[HDD (BASE 65) ]
TOTAL THIS MO.     1    CLEAR  (SCALE 0-3)  29
DPTR FM NORMAL   -10    PTCLDY (SCALE 4-7)   0
TOTAL FM JUL 1  5234    CLOUDY (SCALE 8-10)  0
DPTR FM NORMAL  -273

[CDD (BASE 65) ]
TOTAL THIS MO.   305
DPTR FM NORMAL    82    [PRESSURE DATA]
TOTAL FM JAN 1   392    HIGHEST SLP  0.00 ON M
DPTR FM NORMAL    90    LOWEST  SLP  0.00 ON M

[REMARKS]
