000
CXUS55 KCYS 231000
CF6CDR
PRELIMINARY LOCAL CLIMATOLOGICAL DATA (WS FORM: F-6)

                                          STATION:   CHADRON NEBRASKA AIRPORT
                                          MONTH:     AUGUST
                                          YEAR:      2016
                                          LATITUDE:   42 50 N
                                          LONGITUDE: 103  6 W

  TEMPERATURE IN F:       :PCPN:    SNOW:  WIND      :SUNSHINE: SKY     :PK WND
================================================================================
1   2   3   4   5  6A  6B    7    8   9   10  11  12  13   14  15   16   17  18
                                     12Z  AVG MX 2MIN
DY MAX MIN AVG DEP HDD CDD  WTR  SNW DPTH SPD SPD DIR MIN PSBL S-S WX    SPD DR
================================================================================

 1  96  61  79   4   0  14 0.00    M    M  5.8 20 360   M    M   0        26 340
 2  96  59  78   3   0  13    T    M    M 11.6 46 150   M    M   1 38     55 150
 3 101  63  82   7   0  17 0.10    M    M 13.7 46 200   M    M   0 3      60 190
 4  82  61  72  -2   0   7 0.00    M    M  5.9 16  30   0    0   0         M  M
 5  83  53  68  -6   0   3 0.00    M    M  7.4 21 180   M    M   1        28 170
 6  71  58  65  -9   0   0 0.03    M    M 10.5 20 160   M    M   8        26 160
 7  83  64  74   0   0   9    T    M    M 13.7 25 160   M    M   6 3      32 160
 8  95  63  79   5   0  14 0.17  0.0    0 12.8 35 160   M    M   1 13     40 160
 9 101  59  80   6   0  15 0.04    M    M 12.6 32 160   M    M   1 3      39 160
10 100  67  84  10   0  19 0.00    M    M  8.3 26 240   M    M   0 3      37 240
11  89  58  74   0   0   9 0.08    M    M  7.2 31  20   M    M   2 3      40  10
12  89  53  71  -2   0   6 0.00    M    M  5.8 20  30   M    M   1        24  30
13  85  51  68  -5   0   3 0.00    M    M  6.0 16  50   M    M   1        21  50
14  94  51  73   0   0   8 0.00    M    M 11.8 31 180   M    M   0        38 180
15  91  61  76   3   0  11 0.09    M    M  9.9 36 170   M    M   1 3      43 170
16  92  51  72  -1   0   7 0.00  0.0    0  5.4 13 160   M    M   0        14 100
17  98  56  77   5   0  12 0.00    M    M  9.8 20 170   M    M   0        26 190
18  89  58  74   2   0   9    T  0.0    0 12.1 33  20   M    M   2        44  10
19  74  47  61 -11   4   0 0.12    M    M  5.9 30  10   M    M   9 1      38 360
20  77  42  60 -12   5   0 0.00    M    M  7.0 17 340   M    M   0        23 350
21  91  39  65  -6   0   0 0.00    M    M  4.6 15 180   M    M   0        17 200
22 103  51  77   6   0  12 0.00    M    M 11.8 29 180   M    M   0        35 180
================================================================================
SM 1980 1226         9 188  0.63     0.0 199.6            0     34
================================================================================
AV 90.0 55.7                               9.1 FASTST    0   0   2    MAX(MPH)
                                 MISC ---->  # 46 150               # 60  190
================================================================================
NOTES:
# LAST OF SEVERAL OCCURRENCES

COLUMN 17 PEAK WIND IN M.P.H.

PRELIMINARY LOCAL CLIMATOLOGICAL DATA (WS FORM: F-6) , PAGE 2

                                          STATION:  CHADRON NEBRASKA AIRPORT
                                          MONTH:    AUGUST
                                          YEAR:     2016
                                          LATITUDE:   42 50 N
                                          LONGITUDE: 103  6 W

[TEMPERATURE DATA]      [PRECIPITATION DATA]       SYMBOLS USED IN COLUMN 16

AVERAGE MONTHLY: 72.9   TOTAL FOR MONTH:   0.63    1 = FOG OR MIST
DPTR FM NORMAL:  -0.4   DPTR FM NORMAL:   -0.48    2 = FOG REDUCING VISIBILITY
HIGHEST:   103 ON 22    GRTST 24HR  0.17 ON  8- 8      TO 1/4 MILE OR LESS
LOWEST:     39 ON 21                               3 = THUNDER
                        SNOW, ICE PELLETS, HAIL    4 = ICE PELLETS
                        TOTAL MONTH:   0.0 INCH    5 = HAIL
                        GRTST 24HR     0.0         6 = FREEZING RAIN OR DRIZZLE
                        GRTST DEPTH:   0           7 = DUSTSTORM OR SANDSTORM:
                                                       VSBY 1/2 MILE OR LESS
                                                   8 = SMOKE OR HAZE
[NO. OF DAYS WITH]      [WEATHER - DAYS WITH]      9 = BLOWING SNOW
                                                   X = TORNADO
MAX 32 OR BELOW:   0    0.01 INCH OR MORE:   7
MAX 90 OR ABOVE:  12    0.10 INCH OR MORE:   3
MIN 32 OR BELOW:   0    0.50 INCH OR MORE:   0
MIN  0 OR BELOW:   0    1.00 INCH OR MORE:   0

[HDD (BASE 65) ]
TOTAL THIS MO.     9    CLEAR  (SCALE 0-3)  19
DPTR FM NORMAL     3    PTCLDY (SCALE 4-7)   2
TOTAL FM JUL 1     9    CLOUDY (SCALE 8-10)  1
DPTR FM NORMAL    -7

[CDD (BASE 65) ]
TOTAL THIS MO.   188
DPTR FM NORMAL    -3    [PRESSURE DATA]
TOTAL FM JAN 1   782    HIGHEST SLP  0.00 ON  4
DPTR FM NORMAL   187    LOWEST  SLP 29.69 ON 22

[REMARKS]
