000
CXUS54 KLUB 300755
CF6CDS
PRELIMINARY LOCAL CLIMATOLOGICAL DATA (WS FORM: F-6)

                                          STATION:   CHILDRESS
                                          MONTH:     MAY
                                          YEAR:      2015
                                          LATITUDE:   34 25 N
                                          LONGITUDE: 100 17 W

  TEMPERATURE IN F:       :PCPN:    SNOW:  WIND      :SUNSHINE: SKY     :PK WND
================================================================================
1   2   3   4   5  6A  6B    7    8   9   10  11  12  13   14  15   16   17  18
                                     12Z  AVG MX 2MIN
DY MAX MIN AVG DEP HDD CDD  WTR  SNW DPTH SPD SPD DIR MIN PSBL S-S WX    SPD DR
================================================================================

 1  80  54  67   0   0   2 0.00  0.0    0  9.3 16 150   M    M   0        23 160
 2  84  54  69   2   0   4 0.00  0.0    0 12.4 23 180   M    M   0        29 190
 3  85  58  72   4   0   7 0.00  0.0    0 15.8 28 170   M    M   0        36 190
 4  83  60  72   4   0   7    T  0.0    0 16.1 30 160   M    M   2        37 170
 5  70  57  64  -4   1   0 1.08  0.0    0 15.4 28 140   M    M   9 13     35 150
 6  85  59  72   4   0   7    T  0.0    0 16.0 28 160   M    M   5 3      36 200
 7  65  56  61  -8   4   0 3.39  0.0    0 12.5 44 220   M    M   7 123    55 230
 8  65  54  60  -9   5   0 1.30  0.0    0  6.6 23 360   M    M   6 13     31  60
 9  77  60  69   0   0   4 0.23  0.0    0  8.9 31 340   M    M   5 123    40 110
10  75  57  66  -4   0   1 0.00  0.0    0  9.6 18 330   M    M   2 12     28 360
11  69  48  59 -11   6   0 0.00  0.0    0  9.3 20  10   M    M   0        25  30
12  71  51  61  -9   4   0 0.00  0.0    0  7.3 16 140   M    M   2        21 140
13  71  57  64  -6   1   0 0.84  0.0    0 13.5 23 140   M    M   8 13     29 150
14  84  60  72   1   0   7 0.82  0.0    0 11.5 36 210   M    M   0 13     43 210
15  84  61  73   2   0   8 0.16  0.0    0 15.6 24 230   M    M   2 13     30 230
16  82  61  72   1   0   7 0.34  0.0    0 14.1 30 250   M    M   5 3      42 160
17  82  54  68  -4   0   3 0.00  0.0    0 11.6 21 240   M    M   0        24 260
18  88  54  71  -1   0   6    T  0.0    0  6.6 16 130   M    M   1 3      22 110
19  80  60  70  -2   0   5 0.60  0.0    0 13.2 22 150   M    M   8 13     27 150
20  61  51  56 -16   9   0    T  0.0    0 14.8 24  10   M    M   9 13     29  10
21  63  52  58 -15   7   0 0.09  0.0    0  8.0 15  20   M    M  10 1      45  30
22  64  55  60 -13   5   0 0.95  0.0    0  9.4 16 130   M    M  10 123    22 120
23  76  58  67  -6   0   2 1.78  0.0    0 11.7 29 290   M    M   8 123    35 310
24  82  60  71  -3   0   6 0.00  0.0    0 11.0 21 200   M    M   5 12     25 200
25  72  58  65  -9   0   0 0.40  0.0    0 10.0 30 250   M    M   3 13     36 250
26  87  54  71  -3   0   6 0.00  0.0    0 11.0 25 230   M    M   0 8      32 210
27  85  60  73  -1   0   8 0.00  0.0    0  9.4 24 140   M    M   2 3      30 140
28  77  56  67  -7   0   2 1.23  0.0    0 10.2 40 320   M    M   3 13     51 320
29  82  58  70  -5   0   5 0.00  0.0    0  4.2 25 310   M    M   1        33 300
================================================================================
SM 2229 1637        42  97 13.21     0.0 325.0          M      113
================================================================================
AV 76.9 56.4                              11.2 FASTST   M    M   4    MAX(MPH)
                                 MISC ---->  # 44 220               # 55  230
================================================================================
NOTES:
# LAST OF SEVERAL OCCURRENCES

COLUMN 17 PEAK WIND IN M.P.H.

PRELIMINARY LOCAL CLIMATOLOGICAL DATA (WS FORM: F-6) , PAGE 2

                                          STATION:  CHILDRESS
                                          MONTH:    MAY
                                          YEAR:     2015
                                          LATITUDE:   34 25 N
                                          LONGITUDE: 100 17 W

[TEMPERATURE DATA]      [PRECIPITATION DATA]       SYMBOLS USED IN COLUMN 16

AVERAGE MONTHLY: 66.7   TOTAL FOR MONTH:  13.21    1 = FOG OR MIST
DPTR FM NORMAL:  -4.3   DPTR FM NORMAL:   10.33    2 = FOG REDUCING VISIBILITY
HIGHEST:    88 ON 18    GRTST 24HR  3.39 ON  7- 7      TO 1/4 MILE OR LESS
LOWEST:     48 ON 11                               3 = THUNDER
                        SNOW, ICE PELLETS, HAIL    4 = ICE PELLETS
                        TOTAL MONTH:   0.0 INCH    5 = HAIL
                        GRTST 24HR     0.0         6 = FREEZING RAIN OR DRIZZLE
                        GRTST DEPTH:   0           7 = DUSTSTORM OR SANDSTORM:
                                                       VSBY 1/2 MILE OR LESS
                                                   8 = SMOKE OR HAZE
[NO. OF DAYS WITH]      [WEATHER - DAYS WITH]      9 = BLOWING SNOW
                                                   X = TORNADO
MAX 32 OR BELOW:   0    0.01 INCH OR MORE:  14
MAX 90 OR ABOVE:   0    0.10 INCH OR MORE:  13
MIN 32 OR BELOW:   0    0.50 INCH OR MORE:   9
MIN  0 OR BELOW:   0    1.00 INCH OR MORE:   5

[HDD (BASE 65) ]
TOTAL THIS MO.    42    CLEAR  (SCALE 0-3)  14
DPTR FM NORMAL    15    PTCLDY (SCALE 4-7)  11
TOTAL FM JUL 1  2973    CLOUDY (SCALE 8-10)  4
DPTR FM NORMAL  -142

[CDD (BASE 65) ]
TOTAL THIS MO.    97
DPTR FM NORMAL  -103    [PRESSURE DATA]
TOTAL FM JAN 1   193    HIGHEST SLP M ON M
DPTR FM NORMAL   -98    LOWEST  SLP 29.57 ON 16

[REMARKS]
