000
CXUS56 KEKA 281230
CF6CEC
PRELIMINARY LOCAL CLIMATOLOGICAL DATA (WS FORM: F-6)

                                          STATION:   CRESCENT CITY CA
                                          MONTH:     APRIL
                                          YEAR:      2016
                                          LATITUDE:   41 46 N
                                          LONGITUDE: 124 14 W

  TEMPERATURE IN F:       :PCPN:    SNOW:  WIND      :SUNSHINE: SKY     :PK WND
================================================================================
1   2   3   4   5  6A  6B    7    8   9   10  11  12  13   14  15   16   17  18
                                     12Z  AVG MX 2MIN
DY MAX MIN AVG DEP HDD CDD  WTR  SNW DPTH SPD SPD DIR MIN PSBL S-S WX    SPD DR
================================================================================

 1  56  46  51   2  14   0 0.00  0.0    0  4.1 10 320   M    M   8 1      13 280
 2  55  45  50   1  15   0 0.00  0.0    0  3.8 10 260   M    M   7 1      13 270
 3  57  43  50   1  15   0 0.26    M    0  7.2 20 310   M    M   8 12     22 310
 4  57  45  51   2  14   0 0.07  0.0    0 10.2 24 340   M    M   1 18     33 350
 5  64  44  54   5  11   0 0.00  0.0    0 11.5 24 340   M    M   0 18     33 340
 6  78  50  64  15   1   0 0.00  0.0    0  5.2 13 200   M    M   0 18     15 190
 7  74  52  63  14   2   0 0.00  0.0    0  8.8 21 170   M    M   3 18     25 170
 8  61  51  56   7   9   0 0.00  0.0    0  4.6 13 330   M    M   9 1      17 350
 9  57  51  54   5  11   0 0.00  0.0    0  4.9 10 180   M    M  10        12 190
10  58  51  55   6  10   0    T  0.0    0  9.5 20 330   M    M   9 1      24 350
11  58  51  55   6  10   0 0.00  0.0    0  6.7 12 310   M    M  10 18     14 310
12  58  44  51   2  14   0 0.13    M    0  5.2 14 240   M    M   6 18     17 230
13  58  44  51   2  14   0 0.41    M    0 12.8 46 180   M    M   6 18     56 180
14  56  46  51   2  14   0 0.56    M    0 15.7 29 270   M    M  10 138    38 260
15  57  41  49   0  16   0 0.00  0.0    0  8.0 18 330   M    M   1 18     24 340
16  68  41  55   6  10   0 0.00  0.0    0  4.8 15 310   M    M   1 128    19 310
17  73  50  62  13   3   0 0.00  0.0    0  4.9 14 180   M    M   0 18     15 190
18  67  48  58   9   7   0 0.00  0.0    0  3.4  9 260   M    M   1 12     12 270
19  65  48  57   8   8   0 0.00  0.0    0  5.6 10 330   M    M   4 12     13 330
20  62  52  57   7   8   0 0.00  0.0    0  7.5 16 180   M    M   3 1      20 190
21  62  52  57   7   8   0 0.35  0.0    0 10.7 29 190   M    M   9 1      37 200
22  57  50  54   4  11   0 0.34  0.0    0 11.5 28 170   M    M   8 1      37 160
23  57  50  54   4  11   0 0.08  0.0    0  9.3 17 160   M    M  10 1      22 170
24  56  45  51   1  14   0 0.11    M    0 11.9 23 320   M    M   3 1      29 320
25  57  42  50   0  15   0 0.00  0.0    0 15.5 31 330   M    M   0 18     42 330
26  56  41  49  -1  16   0 0.00  0.0    0  5.5 12 150   M    M   6 1      15 150
27  56  46  51   1  14   0 0.43    M    0  8.8 22 340   M    M  10 1      29 340
================================================================================
SM 1640 1269       295   0  2.74     0.0 217.6          M      143
================================================================================
AV 60.7 47.0                               8.1 FASTST   M    M   5    MAX(MPH)
                                 MISC ---->  # 46 180               # 56  180
================================================================================
NOTES:
# LAST OF SEVERAL OCCURRENCES

COLUMN 17 PEAK WIND IN M.P.H.

PRELIMINARY LOCAL CLIMATOLOGICAL DATA (WS FORM: F-6) , PAGE 2

                                          STATION:  CRESCENT CITY CA
                                          MONTH:    APRIL
                                          YEAR:     2016
                                          LATITUDE:   41 46 N
                                          LONGITUDE: 124 14 W

[TEMPERATURE DATA]      [PRECIPITATION DATA]       SYMBOLS USED IN COLUMN 16

AVERAGE MONTHLY: 53.9   TOTAL FOR MONTH:   2.74    1 = FOG OR MIST
DPTR FM NORMAL:   4.6   DPTR FM NORMAL:   -2.12    2 = FOG REDUCING VISIBILITY
HIGHEST:    78 ON  6    GRTST 24HR  0.87 ON 13-14      TO 1/4 MILE OR LESS
LOWEST:     41 ON 26,16                            3 = THUNDER
                        SNOW, ICE PELLETS, HAIL    4 = ICE PELLETS
                        TOTAL MONTH:   0.0 INCH    5 = HAIL
                        GRTST 24HR     0.0         6 = FREEZING RAIN OR DRIZZLE
                        GRTST DEPTH:   0           7 = DUSTSTORM OR SANDSTORM:
                                                       VSBY 1/2 MILE OR LESS
                                                   8 = SMOKE OR HAZE
[NO. OF DAYS WITH]      [WEATHER - DAYS WITH]      9 = BLOWING SNOW
                                                   X = TORNADO
MAX 32 OR BELOW:   0    0.01 INCH OR MORE:  10
MAX 90 OR ABOVE:   0    0.10 INCH OR MORE:   8
MIN 32 OR BELOW:   0    0.50 INCH OR MORE:   1
MIN  0 OR BELOW:   0    1.00 INCH OR MORE:   0

[HDD (BASE 65) ]
TOTAL THIS MO.   295    CLEAR  (SCALE 0-3)   9
DPTR FM NORMAL  -130    PTCLDY (SCALE 4-7)   8
TOTAL FM JUL 1  3190    CLOUDY (SCALE 8-10) 10
DPTR FM NORMAL  -921

[CDD (BASE 65) ]
TOTAL THIS MO.     0
DPTR FM NORMAL     0    [PRESSURE DATA]
TOTAL FM JAN 1     0    HIGHEST SLP M ON M
DPTR FM NORMAL     0    LOWEST  SLP 29.66 ON 21

[REMARKS]
