000
CXUS55 KGJT 231000
CF6CEZ
PRELIMINARY LOCAL CLIMATOLOGICAL DATA (WS FORM: F-6)

                                          STATION:   CORTEZ CO
                                          MONTH:     FEBRUARY
                                          YEAR:      2018
                                          LATITUDE:   37 17 N
                                          LONGITUDE: 108 38 W

  TEMPERATURE IN F:       :PCPN:    SNOW:  WIND      :SUNSHINE: SKY     :PK WND
================================================================================
1   2   3   4   5  6A  6B    7    8   9   10  11  12  13   14  15   16   17  18
                                     12Z  AVG MX 2MIN
DY MAX MIN AVG DEP HDD CDD  WTR  SNW DPTH SPD SPD DIR MIN PSBL S-S WX    SPD DR
================================================================================

 1  61  23  42  13  23   0 0.00    M    M  6.5 18 360   M    M   3        25 360
 2  60  27  44  14  21   0 0.00    M    M  5.7 16 280   M    M   3        19 280
 3  58  22  40  10  25   0 0.00    M    M  9.4 23 330   M    M   0        29 330
 4  61  22  42  12  23   0 0.00    M    M  6.7 17 270   M    M   0        24 280
 5  59  23  41  11  24   0 0.00    M    M  6.4 17 300   M    M   2        26 230
 6  49  25  37   7  28   0 0.08    M    M  7.1 21 310   M    M   4 1      29 310
 7  50  16  33   3  32   0 0.00    M    M  6.9 16 280   M    M   0        19 290
 8  56  18  37   7  28   0 0.00    M    M  5.7 14 280   M    M   0        17 270
 9  60  20  40   9  25   0 0.00    M    M  6.6 17 310   M    M   0        23 210
10  53  23  38   7  27   0    T    M    M  7.5 29 300   M    M   4 1      38 310
11  42  13  28  -3  37   0 0.00    M    M  6.7 17 220   M    M   0        22 230
12  43  30  37   6  28   0 0.04    M    M 10.6 26 160   M    M   9 1      36 140
13  53  28  41   9  24   0 0.06    M    M  5.0 16 220   M    M   5 1      20 210
14  51  25  38   6  27   0 0.04    M    M  6.4 25 210   M    M   3        31 210
15  49  29  39   7  26   0 0.01    M    M  8.5 22 290   M    M   9 1      28 330
16  44  17  31  -1  34   0 0.00    M    M  5.4 14 210   M    M   0        16 220
17  52  13  33   1  32   0 0.00    M    M  4.8 16 210   M    M   0        19 210
18  58  17  38   5  27   0 0.00    M    M 10.4 29 200   M    M   1        36 200
19  49  18  34   1  31   0 0.05    M    M 19.6 41 220   M    M   9 128    56 210
20  32   5  19 -14  46   0 0.00    M    M  6.8 21 220   M    M   3        24 210
21  41   5  23 -10  42   0    T    M    M  5.7 20 140   M    M   6 1      26 130
22  40  20  30  -4  35   0    T    M    M  6.7 24 210   M    M   7 1      29 210
================================================================================
SM 1121  439       645   0  0.28    M    165.1          M       68
================================================================================
AV 51.0 20.0                               7.5 FASTST   M    M   3    MAX(MPH)
                                 MISC ---->  # 41 220               # 56  210
================================================================================
NOTES:
# LAST OF SEVERAL OCCURRENCES

COLUMN 17 PEAK WIND IN M.P.H.

PRELIMINARY LOCAL CLIMATOLOGICAL DATA (WS FORM: F-6) , PAGE 2

                                          STATION:  CORTEZ CO
                                          MONTH:    FEBRUARY
                                          YEAR:     2018
                                          LATITUDE:   37 17 N
                                          LONGITUDE: 108 38 W

[TEMPERATURE DATA]      [PRECIPITATION DATA]       SYMBOLS USED IN COLUMN 16

AVERAGE MONTHLY: 35.5   TOTAL FOR MONTH:   0.28    1 = FOG OR MIST
DPTR FM NORMAL:   4.1   DPTR FM NORMAL:   -0.42    2 = FOG REDUCING VISIBILITY
HIGHEST:    61 ON  4, 1 GRTST 24HR  0.08 ON  6- 6      TO 1/4 MILE OR LESS
LOWEST:      5 ON 21,20                            3 = THUNDER
                        SNOW, ICE PELLETS, HAIL    4 = ICE PELLETS
                        TOTAL MONTH:    M          5 = HAIL
                        GRTST 24HR    M  ON   M    6 = FREEZING RAIN OR DRIZZLE
                        GRTST DEPTH:  M  ON   M    7 = DUSTSTORM OR SANDSTORM:
                                                       VSBY 1/2 MILE OR LESS
                                                   8 = SMOKE OR HAZE
[NO. OF DAYS WITH]      [WEATHER - DAYS WITH]      9 = BLOWING SNOW
                                                   X = TORNADO
MAX 32 OR BELOW:   1    0.01 INCH OR MORE:   6
MAX 90 OR ABOVE:   0    0.10 INCH OR MORE:   0
MIN 32 OR BELOW:  22    0.50 INCH OR MORE:   0
MIN  0 OR BELOW:   0    1.00 INCH OR MORE:   0

[HDD (BASE 65) ]
TOTAL THIS MO.   645    CLEAR  (SCALE 0-3)  11
DPTR FM NORMAL   -96    PTCLDY (SCALE 4-7)   8
TOTAL FM JUL 1  3967    CLOUDY (SCALE 8-10)  3
DPTR FM NORMAL  -579

[CDD (BASE 65) ]
TOTAL THIS MO.     0
DPTR FM NORMAL     0    [PRESSURE DATA]
TOTAL FM JAN 1     0    HIGHEST SLP M ON M
DPTR FM NORMAL     0    LOWEST  SLP 29.12 ON 19

[REMARKS]
