000
CXUS55 KGJT 211000
CF6CEZ
PRELIMINARY LOCAL CLIMATOLOGICAL DATA (WS FORM: F-6)

                                          STATION:   CORTEZ CO
                                          MONTH:     JULY
                                          YEAR:      2017
                                          LATITUDE:   37 17 N
                                          LONGITUDE: 108 38 W

  TEMPERATURE IN F:       :PCPN:    SNOW:  WIND      :SUNSHINE: SKY     :PK WND
================================================================================
1   2   3   4   5  6A  6B    7    8   9   10  11  12  13   14  15   16   17  18
                                     12Z  AVG MX 2MIN
DY MAX MIN AVG DEP HDD CDD  WTR  SNW DPTH SPD SPD DIR MIN PSBL S-S WX    SPD DR
================================================================================

 1  93  42  68  -1   0   3 0.00    M    M  6.2 21 280   M    M   0        26 290
 2  91  50  71   2   0   6 0.00    M    M  6.5 22  20   M    M   0 3      29  20
 3  92  44  68  -2   0   3 0.00    M    M  6.8 21 300   M    M   0        26 290
 4  96  47  72   2   0   7 0.00    M    M  6.5 22 330   M    M   0        29 320
 5  98  51  75   5   0  10 0.00    M    M  4.5 26 110   M    M   0        32 100
 6  99  57  78   8   0  13 0.03    M    M  5.9 23  30   M    M   0 3      36  30
 7  96  51  74   4   0   9    T    M    M  5.8 29 150   M    M   0 3      39 160
 8  95  52  74   3   0   9 0.00    M    M  4.7 30 200   M    M   0 3      32 200
 9  96  62  79   8   0  14    T    M    M  5.8 29  60   M    M   1 3      40  40
10  95  63  79   8   0  14 0.00    M    M  4.5 30 330   M    M   1 3      31 330
11  91  59  75   4   0  10 0.00    M    M  5.6 16 200   M    M   3 3      28  90
12  88  59  74   3   0   9 0.04    M    M  6.4 25 300   M    M   3 3      33 290
13  89  55  72   0   0   7 0.00    M    M  6.0 21  10   M    M   0 3      28  10
14  91  57  74   2   0   9 0.03    M    M  6.2 17 120   M    M   3 3      20 130
15  92  56  74   2   0   9 0.05    M    M  6.5 25  80   M    M   0 3      32  70
16  93  52  73   1   0   8 0.14    M    M  6.1 41  10   M    M   1 3      54  20
17  92  52  72   0   0   7 0.11    M    M  4.9 30  80   M    M   0 3      36  80
18  93  56  75   3   0  10    T    M    M  4.8 23  70   M    M   0 3      29  50
19  94  65  80   8   0  15 0.01    M    M  8.5 29 140   M    M   1 3      39 150
20  92  58  75   3   0  10 0.02    M    M  7.7 24  30   M    M   2 3      32  40
================================================================================
SM 1866 1088         0 182  0.43    M    119.9          M       15
================================================================================
AV 93.3 54.4                               6.0 FASTST   M    M   1    MAX(MPH)
                                 MISC ---->  # 41  10               # 54   20
================================================================================
NOTES:
# LAST OF SEVERAL OCCURRENCES

COLUMN 17 PEAK WIND IN M.P.H.

PRELIMINARY LOCAL CLIMATOLOGICAL DATA (WS FORM: F-6) , PAGE 2

                                          STATION:  CORTEZ CO
                                          MONTH:    JULY
                                          YEAR:     2017
                                          LATITUDE:   37 17 N
                                          LONGITUDE: 108 38 W

[TEMPERATURE DATA]      [PRECIPITATION DATA]       SYMBOLS USED IN COLUMN 16

AVERAGE MONTHLY: 73.9   TOTAL FOR MONTH:   0.43    1 = FOG OR MIST
DPTR FM NORMAL:   2.9   DPTR FM NORMAL:   -0.08    2 = FOG REDUCING VISIBILITY
HIGHEST:    99 ON  6    GRTST 24HR  0.14 ON 16-16      TO 1/4 MILE OR LESS
LOWEST:     42 ON  1                               3 = THUNDER
                        SNOW, ICE PELLETS, HAIL    4 = ICE PELLETS
                        TOTAL MONTH:    M          5 = HAIL
                        GRTST 24HR    M  ON   M    6 = FREEZING RAIN OR DRIZZLE
                        GRTST DEPTH:  M  ON   M    7 = DUSTSTORM OR SANDSTORM:
                                                       VSBY 1/2 MILE OR LESS
                                                   8 = SMOKE OR HAZE
[NO. OF DAYS WITH]      [WEATHER - DAYS WITH]      9 = BLOWING SNOW
                                                   X = TORNADO
MAX 32 OR BELOW:   0    0.01 INCH OR MORE:   8
MAX 90 OR ABOVE:  18    0.10 INCH OR MORE:   2
MIN 32 OR BELOW:   0    0.50 INCH OR MORE:   0
MIN  0 OR BELOW:   0    1.00 INCH OR MORE:   0

[HDD (BASE 65) ]
TOTAL THIS MO.     0    CLEAR  (SCALE 0-3)  19
DPTR FM NORMAL     0    PTCLDY (SCALE 4-7)   1
TOTAL FM JUL 1     0    CLOUDY (SCALE 8-10)  0
DPTR FM NORMAL     0

[CDD (BASE 65) ]
TOTAL THIS MO.   182
DPTR FM NORMAL    61    [PRESSURE DATA]
TOTAL FM JAN 1   304    HIGHEST SLP M ON M
DPTR FM NORMAL   120    LOWEST  SLP 29.75 ON 10

[REMARKS]
