168
CXUS55 KPAH 160630
CF6CGI
PRELIMINARY LOCAL CLIMATOLOGICAL DATA (WS FORM: F-6)

                                          STATION:   CAPE GIRARDEAU MO
                                          MONTH:     DECEMBER
                                          YEAR:      2017
                                          LATITUDE:   37 13 N
                                          LONGITUDE:  89 35 W

  TEMPERATURE IN F:       :PCPN:    SNOW:  WIND      :SUNSHINE: SKY     :PK WND
================================================================================
1   2   3   4   5  6A  6B    7    8   9   10  11  12  13   14  15   16   17  18
                                     12Z  AVG MX 2MIN
DY MAX MIN AVG DEP HDD CDD  WTR  SNW DPTH SPD SPD DIR MIN PSBL S-S WX    SPD DR
================================================================================

 1  56  25  41   1  24   0 0.00  0.0    0  1.2  7 110   M    M   0         8 190
 2  61  34  48   8  17   0 0.00  0.0    0  1.9  9 170   M    M   1 8      12 180
 3  64  34  49  10  16   0 0.00  0.0    0  5.6 15 140   M    M   2 1      19 140
 4  67  51  59  20   6   0 0.30  0.0    0 15.0 31 190   M    M   7 13     43 190
 5  57  30  44   5  21   0 0.08  0.0    0  8.2 21 340   M    M   2 1      27 340
 6  52  28  40   2  25   0 0.00  0.0    0  5.2 12 320   M    M   1        16 310
 7  35  22  29  -9  36   0 0.00  0.0    0  8.0 21 320   M    M   3        28 340
 8  34  15  25 -13  40   0    M  0.0    0  3.3  9 260   M    M   0        13 260
 9  41  18  30  -7  35   0 0.00  0.0    0  9.2 24 340   M    M   3        36 300
10  49  18  34  -3  31   0 0.00    M    0  6.0 21 210   M    M   0        28 200
11  60  23  42   5  23   0 0.00    M    0  8.4 25 310   M    M   2        37 310
12  48  20  34  -2  31   0 0.00    M    0 11.6 24 330   M    M   4        32 330
13  52  19  36   0  29   0 0.00  0.0    0 10.9 29 230   M    M   0        41 230
14  42  31  37   1  28   0 0.00  0.0    0  7.8 18 350   M    M   9        27 360
15  46  28  37   1  28   0 0.00  0.0    0  7.0 15 250   M    M   5        21 250
================================================================================
SM  764  396       390   0  0.38     0.0 109.3          M       39
================================================================================
AV 50.9 26.4                               7.3 FASTST   M    M   3    MAX(MPH)
                                 MISC ---->  # 31 190               # 43  190
================================================================================
NOTES:
# LAST OF SEVERAL OCCURRENCES

COLUMN 17 PEAK WIND IN M.P.H.

PRELIMINARY LOCAL CLIMATOLOGICAL DATA (WS FORM: F-6) , PAGE 2

                                          STATION:  CAPE GIRARDEAU MO
                                          MONTH:    DECEMBER
                                          YEAR:     2017
                                          LATITUDE:   37 13 N
                                          LONGITUDE:  89 35 W

[TEMPERATURE DATA]      [PRECIPITATION DATA]       SYMBOLS USED IN COLUMN 16

AVERAGE MONTHLY: 38.7   TOTAL FOR MONTH:   0.38    1 = FOG OR MIST
DPTR FM NORMAL:   0.9   DPTR FM NORMAL:   -1.80    2 = FOG REDUCING VISIBILITY
HIGHEST:    67 ON  4    GRTST 24HR  0.30 ON  4- 4      TO 1/4 MILE OR LESS
LOWEST:     15 ON  8                               3 = THUNDER
                        SNOW, ICE PELLETS, HAIL    4 = ICE PELLETS
                        TOTAL MONTH:   0.0 INCH    5 = HAIL
                        GRTST 24HR     0.0         6 = FREEZING RAIN OR DRIZZLE
                        GRTST DEPTH:   0           7 = DUSTSTORM OR SANDSTORM:
                                                       VSBY 1/2 MILE OR LESS
                                                   8 = SMOKE OR HAZE
[NO. OF DAYS WITH]      [WEATHER - DAYS WITH]      9 = BLOWING SNOW
                                                   X = TORNADO
MAX 32 OR BELOW:   0    0.01 INCH OR MORE:   2
MAX 90 OR ABOVE:   0    0.10 INCH OR MORE:   1
MIN 32 OR BELOW:  12    0.50 INCH OR MORE:   0
MIN  0 OR BELOW:   0    1.00 INCH OR MORE:   0

[HDD (BASE 65) ]
TOTAL THIS MO.   390    CLEAR  (SCALE 0-3)  11
DPTR FM NORMAL   -18    PTCLDY (SCALE 4-7)   3
TOTAL FM JUL 1  1158    CLOUDY (SCALE 8-10)  1
DPTR FM NORMAL  -101

[CDD (BASE 65) ]
TOTAL THIS MO.     0
DPTR FM NORMAL     0    [PRESSURE DATA]
TOTAL FM JAN 1  1492    HIGHEST SLP M ON M
DPTR FM NORMAL    39    LOWEST  SLP 29.57 ON 13

[REMARKS]
