000
CXUS51 KLWX 280620
CF6CHO
PRELIMINARY LOCAL CLIMATOLOGICAL DATA (WS FORM: F-6)

                                          STATION:   CHARLOTTESVILLE VA
                                          MONTH:     AUGUST
                                          YEAR:      2016
                                          LATITUDE:   38  7 N
                                          LONGITUDE:  78 27 W

  TEMPERATURE IN F:       :PCPN:    SNOW:  WIND      :SUNSHINE: SKY     :PK WND
================================================================================
1   2   3   4   5  6A  6B    7    8   9   10  11  12  13   14  15   16   17  18
                                     12Z  AVG MX 2MIN
DY MAX MIN AVG DEP HDD CDD  WTR  SNW DPTH SPD SPD DIR MIN PSBL S-S WX    SPD DR
================================================================================

 1  90  72  81   6   0  16 0.00    M    M  2.1  7 210   M    M   1        11  20
 2  90  71  81   6   0  16 0.60    M    M  4.0 13 190   M    M   4 1      17  60
 3  80  71  76   1   0  11 0.46    M    M  3.8 13  60   M    M   8 1      16  50
 4  82  70  76   1   0  11 0.03    M    M  2.6  8  90   M    M   8 18     11  80
 5  82  71  77   2   0  12 0.29    M    M  2.6  9 170   M    M   9 1      13 160
 6  93  73  83   8   0  18 0.08    M    M  3.5 13 200   M    M   5 1238   20 310
 7  87  67  77   2   0  12 0.00    M    M  3.1 10  20   M    M   2 128    14  90
 8  73  64  69  -6   0   4 0.25    M    M  1.1  9 210   M    M   7 18     12 240
 9  77  68  73  -2   0   8    T    M    M  1.9  6 110   M    M  10 18      7 350
10  91  71  81   6   0  16 0.01    M    M  5.6 18 210   M    M   3 12     24 200
11  92  73  83   8   0  18 0.00    M    M  6.3 18 190   M    M   M        23 200
12  95  74  85  11   0  20 0.00    M    M  7.0 20 190   M    M   1 3      24 190
13  96  76  86  12   0  21 0.00    M    M  6.3 18 190   M    M   0        24 170
14  96  74  85  11   0  20 0.01    M    M  4.2 14 190   M    M   1 3      19 200
15  94  72  83   9   0  18 0.55    M    M  4.0 21 350   M    M   2 138    30 320
16  93  71  82   8   0  17 0.00    M    M  5.1 18 190   M    M   4 123    25 210
17  93  76  85  11   0  20    T    M    M  4.1 17 200   M    M   1 3      25 200
18  90  72  81   7   0  16    T    M    M  2.5 10 330   M    M   3 8      14 310
19  88  69  79   5   0  14 0.18    M    M  2.1  9 360   M    M   2 1      13 190
20  89  71  80   6   0  15 0.00    M    M  2.3 13 180   M    M   2 1      16 180
21  89  68  79   5   0  14 0.24    M    M  3.5 15 310   M    M   4 13     24 300
22  84  62  73  -1   0   8 0.00    M    M  2.8 12 360   M    M   2        14 280
23  84  64  74   1   0   9 0.00    M    M  2.2 10 190   M    M   4        14 140
24  87  63  75   2   0  10 0.00    M    M  5.4 13 170   M    M   2 1      18 170
25  92  69  81   8   0  16 0.00    M    M  5.3 13 190   M    M   1 1      15 190
26  95  73  84  11   0  19    T    M    M  2.3  9 210   M    M   1 138    12 200
27  93  72  83  10   0  18 0.00    M    M  3.3 12 130   M    M   1 1      15 140
================================================================================
SM 2395 1897         0 397  2.70    M     99.0          M       88
================================================================================
AV 88.7 70.3                               3.7 FASTST   M    M   3    MAX(MPH)
                                 MISC ---->  # 21 350               # 30  320
================================================================================
NOTES:
# LAST OF SEVERAL OCCURRENCES

COLUMN 17 PEAK WIND IN M.P.H.

PRELIMINARY LOCAL CLIMATOLOGICAL DATA (WS FORM: F-6) , PAGE 2

                                          STATION:  CHARLOTTESVILLE VA
                                          MONTH:    AUGUST
                                          YEAR:     2016
                                          LATITUDE:   38  7 N
                                          LONGITUDE:  78 27 W

[TEMPERATURE DATA]      [PRECIPITATION DATA]       SYMBOLS USED IN COLUMN 16

AVERAGE MONTHLY: 79.5   TOTAL FOR MONTH:   2.70    1 = FOG OR MIST
DPTR FM NORMAL:   5.3   DPTR FM NORMAL:   -0.57    2 = FOG REDUCING VISIBILITY
HIGHEST:    96 ON 14,13 GRTST 24HR  1.06 ON  2- 3      TO 1/4 MILE OR LESS
LOWEST:     62 ON 22                               3 = THUNDER
                        SNOW, ICE PELLETS, HAIL    4 = ICE PELLETS
                        TOTAL MONTH:    M          5 = HAIL
                        GRTST 24HR    M  ON   M    6 = FREEZING RAIN OR DRIZZLE
                        GRTST DEPTH:  M  ON   M    7 = DUSTSTORM OR SANDSTORM:
                                                       VSBY 1/2 MILE OR LESS
                                                   8 = SMOKE OR HAZE
[NO. OF DAYS WITH]      [WEATHER - DAYS WITH]      9 = BLOWING SNOW
                                                   X = TORNADO
MAX 32 OR BELOW:   0    0.01 INCH OR MORE:  11
MAX 90 OR ABOVE:  15    0.10 INCH OR MORE:   7
MIN 32 OR BELOW:   0    0.50 INCH OR MORE:   2
MIN  0 OR BELOW:   0    1.00 INCH OR MORE:   0

[HDD (BASE 65) ]
TOTAL THIS MO.     0    CLEAR  (SCALE 0-3)  16
DPTR FM NORMAL     0    PTCLDY (SCALE 4-7)   6
TOTAL FM JUL 1     0    CLOUDY (SCALE 8-10)  4
DPTR FM NORMAL    -1

[CDD (BASE 65) ]
TOTAL THIS MO.   397
DPTR FM NORMAL   147    [PRESSURE DATA]
TOTAL FM JAN 1  1283    HIGHEST SLP M ON M
DPTR FM NORMAL   403    LOWEST  SLP 29.74 ON 21

[REMARKS]
