000
CXUS52 KCHS 250715
CF6CHS
PRELIMINARY LOCAL CLIMATOLOGICAL DATA (WS FORM: F-6)

                                          STATION:   NORTH CHARLESTON SC
                                          MONTH:     FEBRUARY
                                          YEAR:      2017
                                          LATITUDE:   32 54 N
                                          LONGITUDE:  80  2 W

  TEMPERATURE IN F:       :PCPN:    SNOW:  WIND      :SUNSHINE: SKY     :PK WND
================================================================================
1   2   3   4   5  6A  6B    7    8   9   10  11  12  13   14  15   16   17  18
                                     12Z  AVG MX 2MIN
DY MAX MIN AVG DEP HDD CDD  WTR  SNW DPTH SPD SPD DIR MIN PSBL S-S WX    SPD DR
================================================================================

 1  75  48  62  13   3   0 0.00  0.0    0  9.6 20 240   M    M   1        23 250
 2  76  52  64  14   1   0 0.00  0.0    0  8.4 16 210   M    M   1        20 210
 3  72  49  61  11   4   0    T    M    0  8.7 20  20   M    M   7        25  20
 4  51  36  44  -6  21   0 0.00  0.0    0 11.4 24  10   M    M   6        33  20
 5  62  39  51   1  14   0 0.00  0.0    0  6.3 15 280   M    M   6        18 300
 6  68  39  54   4  11   0 0.00  0.0    0  4.3 12 150   M    M   2 1      14 140
 7  77  48  63  13   2   0 0.00  0.0    0  9.7 25 200   M    M   6 1      30 210
 8  72  59  66  16   0   1 0.31  0.0    0  9.8 24 220   M    M   7 1      32 210
 9  68  40  54   3  11   0 0.05  0.0    0 15.3 30 300   M    M   4 13     42 320
10  54  33  44  -7  21   0 0.00  0.0    0  7.2 15 150   M    M   2        20  70
11  77  41  59   8   6   0 0.00  0.0    0  9.1 20 250   M    M   1        24 250
12  79  57  68  17   0   3 0.00  0.0    0 10.6 18 260   M    M   4        24 270
13  69  46  58   7   7   0 0.00  0.0    0  8.8 22 360   M    M   2        28  10
14  72  38  55   3  10   0 0.00  0.0    0  6.4 20 200   M    M   2 18     26 210
15  71  49  60   8   5   0 0.04  0.0    0 11.3 30 230   M    M   7 13     40 220
16  65  39  52   0  13   0 0.00  0.0    0  7.4 17 280   M    M   0        23 270
17  74  39  57   5   8   0 0.00  0.0    0  7.9 20 200   M    M   1        23 190
18  71  45  58   6   7   0 0.00  0.0    0  4.7 18 230   M    M   5        23 240
19  76  47  62  10   3   0 0.00  0.0    0  6.9 18 340   M    M   2        22 350
20  77  47  62   9   3   0 0.00  0.0    0  4.6 14 150   M    M   3        16 150
21  71  50  61   8   4   0 0.00  0.0    0  8.6 20 120   M    M   7 12     26 110
22  76  58  67  14   0   2    T  0.0    0 10.8 24 140   M    M   7 1      31 110
23  79  59  69  16   0   4    T  0.0    0 10.4 22 110   M    M   5        27 120
24  81  55  68  14   0   3 0.00  0.0    0  6.8 15 130   M    M   1 1      18 130
================================================================================
SM 1713 1113       154  13  0.40     0.0 205.0          M       89
================================================================================
AV 71.4 46.4                               8.5 FASTST   M    M   4    MAX(MPH)
                                 MISC ---->  # 30 300               # 42  320
================================================================================
NOTES:
# LAST OF SEVERAL OCCURRENCES

COLUMN 17 PEAK WIND IN M.P.H.

PRELIMINARY LOCAL CLIMATOLOGICAL DATA (WS FORM: F-6) , PAGE 2

                                          STATION:  NORTH CHARLESTON SC
                                          MONTH:    FEBRUARY
                                          YEAR:     2017
                                          LATITUDE:   32 54 N
                                          LONGITUDE:  80  2 W

[TEMPERATURE DATA]      [PRECIPITATION DATA]       SYMBOLS USED IN COLUMN 16

AVERAGE MONTHLY: 58.9   TOTAL FOR MONTH:   0.40    1 = FOG OR MIST
DPTR FM NORMAL:   7.5   DPTR FM NORMAL:   -2.14    2 = FOG REDUCING VISIBILITY
HIGHEST:    81 ON 24    GRTST 24HR  0.31 ON  8- 8      TO 1/4 MILE OR LESS
LOWEST:     33 ON 10                               3 = THUNDER
                        SNOW, ICE PELLETS, HAIL    4 = ICE PELLETS
                        TOTAL MONTH:   0.0 INCH    5 = HAIL
                        GRTST 24HR     0.0         6 = FREEZING RAIN OR DRIZZLE
                        GRTST DEPTH:   0           7 = DUSTSTORM OR SANDSTORM:
                                                       VSBY 1/2 MILE OR LESS
                                                   8 = SMOKE OR HAZE
[NO. OF DAYS WITH]      [WEATHER - DAYS WITH]      9 = BLOWING SNOW
                                                   X = TORNADO
MAX 32 OR BELOW:   0    0.01 INCH OR MORE:   3
MAX 90 OR ABOVE:   0    0.10 INCH OR MORE:   1
MIN 32 OR BELOW:   0    0.50 INCH OR MORE:   0
MIN  0 OR BELOW:   0    1.00 INCH OR MORE:   0

[HDD (BASE 65) ]
TOTAL THIS MO.   154    CLEAR  (SCALE 0-3)  12
DPTR FM NORMAL  -179    PTCLDY (SCALE 4-7)  12
TOTAL FM JUL 1   952    CLOUDY (SCALE 8-10)  0
DPTR FM NORMAL  -640

[CDD (BASE 65) ]
TOTAL THIS MO.    13
DPTR FM NORMAL    13    [PRESSURE DATA]
TOTAL FM JAN 1    28    HIGHEST SLP M ON M
DPTR FM NORMAL    26    LOWEST  SLP 29.52 ON 15

[REMARKS]
