593
CXUS54 KHGX 201415
CF6CLL
PRELIMINARY LOCAL CLIMATOLOGICAL DATA (WS FORM: F-6)

                                          STATION:   COLLEGE STATION
                                          MONTH:     FEBRUARY
                                          YEAR:      2018
                                          LATITUDE:   30 34 N
                                          LONGITUDE:  96 22 W

  TEMPERATURE IN F:       :PCPN:    SNOW:  WIND      :SUNSHINE: SKY     :PK WND
================================================================================
1   2   3   4   5  6A  6B    7    8   9   10  11  12  13   14  15   16   17  18
                                     12Z  AVG MX 2MIN
DY MAX MIN AVG DEP HDD CDD  WTR  SNW DPTH SPD SPD DIR MIN PSBL S-S WX    SPD DR
================================================================================

 1  72  53  63  11   2   0 0.00  0.0    0  9.5 20 360   M    M   0        25 350
 2  58  47  53   1  12   0 0.00  0.0    0 11.5 23  30   M    M   7        27  30
 3  54  42  48  -4  17   0 0.08  0.0    0  6.3 13 190   M    M  10 12     15 190
 4  62  49  56   3   9   0 0.00  0.0    0  6.7 16 360   M    M   9 12     20 350
 5  56  39  48  -5  17   0    T  0.0    0  5.8 18  10   M    M  10        23 360
 6  55  40  48  -5  17   0 0.06  0.0    0  9.0 16 330   M    M  10 128    22 330
 7  42  36  39 -14  26   0 0.25  0.0    0 13.1 22 350   M    M  10 13     26 360
 8  61  34  48  -5  17   0 0.00  0.0    0  6.6 14 160   M    M   3 1      18  30
 9  61  51  56   3   9   0 0.03  0.0    0  6.1 13 160   M    M  10 1      15 170
10  64  38  51  -3  14   0 0.09  0.0    0  8.5 17 290   M    M   8 1      21 330
11  38  31  35 -19  30   0    T  0.0    0 14.6 23 350   M    M   8 1      31  10
12  46  30  38 -16  27   0 0.00  0.0    0  8.6 17  20   M    M   6        22  30
13  47  40  44 -10  21   0 0.08  0.0    0  5.9 12  50   M    M  10 1      14  30
14  69  47  58   4   7   0 0.07  0.0    0  5.3 16 180   M    M   9 12     22 170
15  79  65  72  18   0   7 0.00  0.0    0 12.1 22 180   M    M   9 1      28 170
16  74  56  65  10   0   0    T  0.0    0  9.3 16  10   M    M   9 1      21  20
17  62  49  56   1   9   0 0.05  0.0    0  7.2 17 360   M    M   9 18     21 360
18  78  52  65  10   0   0 0.01  0.0    0 11.1 24 150   M    M   7 12     33 160
19  79  67  73  18   0   8    T  0.0    0 19.0 33 160   M    M  10        41 170
================================================================================
SM 1157  866       234  15  0.72     0.0 176.2          M      154
================================================================================
AV 60.9 45.6                               9.3 FASTST   M    M   8    MAX(MPH)
                                 MISC ---->  # 33 160               # 41  170
================================================================================
NOTES:
# LAST OF SEVERAL OCCURRENCES

COLUMN 17 PEAK WIND IN M.P.H.

PRELIMINARY LOCAL CLIMATOLOGICAL DATA (WS FORM: F-6) , PAGE 2

                                          STATION:  COLLEGE STATION
                                          MONTH:    FEBRUARY
                                          YEAR:     2018
                                          LATITUDE:   30 34 N
                                          LONGITUDE:  96 22 W

[TEMPERATURE DATA]      [PRECIPITATION DATA]       SYMBOLS USED IN COLUMN 16

AVERAGE MONTHLY: 53.2   TOTAL FOR MONTH:   0.72    1 = FOG OR MIST
DPTR FM NORMAL:  -0.3   DPTR FM NORMAL:   -1.27    2 = FOG REDUCING VISIBILITY
HIGHEST:    79 ON 19,15 GRTST 24HR  0.25 ON  7- 7      TO 1/4 MILE OR LESS
LOWEST:     30 ON 12                               3 = THUNDER
                        SNOW, ICE PELLETS, HAIL    4 = ICE PELLETS
                        TOTAL MONTH:   0.0 INCH    5 = HAIL
                        GRTST 24HR     0.0         6 = FREEZING RAIN OR DRIZZLE
                        GRTST DEPTH:   0           7 = DUSTSTORM OR SANDSTORM:
                                                       VSBY 1/2 MILE OR LESS
                                                   8 = SMOKE OR HAZE
[NO. OF DAYS WITH]      [WEATHER - DAYS WITH]      9 = BLOWING SNOW
                                                   X = TORNADO
MAX 32 OR BELOW:   0    0.01 INCH OR MORE:   9
MAX 90 OR ABOVE:   0    0.10 INCH OR MORE:   1
MIN 32 OR BELOW:   2    0.50 INCH OR MORE:   0
MIN  0 OR BELOW:   0    1.00 INCH OR MORE:   0

[HDD (BASE 65) ]
TOTAL THIS MO.   234    CLEAR  (SCALE 0-3)   2
DPTR FM NORMAL     9    PTCLDY (SCALE 4-7)   4
TOTAL FM JUL 1  1319    CLOUDY (SCALE 8-10) 13
DPTR FM NORMAL    16

[CDD (BASE 65) ]
TOTAL THIS MO.    15
DPTR FM NORMAL    -1    [PRESSURE DATA]
TOTAL FM JAN 1    18    HIGHEST SLP M ON M
DPTR FM NORMAL    -9    LOWEST  SLP 29.80 ON 10

[REMARKS]
