000
CXUS55 KLOX 211655
CF6CMA
PRELIMINARY LOCAL CLIMATOLOGICAL DATA (WS FORM: F-6)

                                          STATION:   CAMARILLO AIRPORT CA
                                          MONTH:     FEBRUARY
                                          YEAR:      2018
                                          LATITUDE:   34 12 N
                                          LONGITUDE: 119  6 W

  TEMPERATURE IN F:       :PCPN:    SNOW:  WIND      :SUNSHINE: SKY     :PK WND
================================================================================
1   2   3   4   5  6A  6B    7    8   9   10  11  12  13   14  15   16   17  18
                                     12Z  AVG MX 2MIN
DY MAX MIN AVG DEP HDD CDD  WTR  SNW DPTH SPD SPD DIR MIN PSBL S-S WX    SPD DR
================================================================================

 1  77  45  61   7   4   0 0.00  0.0    0  2.8 10 210   M    M   0        13 190
 2  77  46  62   8   3   0 0.00  0.0    0  2.7 12 210   M    M   0        14 210
 3  76  47  62   8   3   0 0.00  0.0    0  3.3 13 220   M    M   0 8      16 220
 4  75  45  60   6   5   0 0.00  0.0    0  3.0 10 230   M    M   0        13 240
 5  68  45  57   3   8   0 0.00  0.0    0  3.4 13 200   M    M   3 128    16 200
 6  66  50  58   4   7   0 0.00  0.0    0  2.7 10 240   M    M   5 128    15 240
 7  85  43  64  10   1   0 0.00  0.0    0  4.8 16  90   M    M   1 128    23 100
 8  90  46  68  14   0   3 0.00  0.0    0  3.7 16  70   M    M   0        22  60
 9  72  46  59   5   6   0 0.00  0.0    0  4.2 16 260   M    M   3 18     20 260
10  65  51  58   4   7   0 0.00  0.0    0  4.3 15 270   M    M   7 18     16 270
11  76  46  61   7   4   0 0.00  0.0    0 11.7 26  70   M    M   0 18     34  70
12  64  45  55   1  10   0 0.00  0.0    0  8.4 23 270   M    M   1        26 260
13  66  49  58   4   7   0    T    M    0  7.5 18 170   M    M   7        27 170
14  68  52  60   6   5   0 0.12  0.0    0  5.2 14 270   M    M   5        18 260
15  77  44  61   7   4   0 0.00  0.0    0  7.1 26  70   M    M   0        35  60
16  76  48  62   8   3   0 0.00  0.0    0  9.2 22 270   M    M   0        26  70
17  73  42  58   4   7   0 0.00  0.0    0  2.9 14 230   M    M   0        18 200
18  65  42  54   0  11   0 0.00  0.0    0  7.7 20 280   M    M   1 8      23 260
19  60  41  51  -3  14   0 0.00  0.0    0 12.0 33 270   M    M   1        39 270
20  61  35  48  -6  17   0 0.00  0.0    0  8.3 20  70   M    M   0        23  50
================================================================================
SM 1437  908       126   3  0.12     0.0 114.9          M       34
================================================================================
AV 71.9 45.4                               5.7 FASTST   M    M   2    MAX(MPH)
                                 MISC ---->  # 33 270               # 39  270
================================================================================
NOTES:
# LAST OF SEVERAL OCCURRENCES

COLUMN 17 PEAK WIND IN M.P.H.

PRELIMINARY LOCAL CLIMATOLOGICAL DATA (WS FORM: F-6) , PAGE 2

                                          STATION:  CAMARILLO AIRPORT CA
                                          MONTH:    FEBRUARY
                                          YEAR:     2018
                                          LATITUDE:   34 12 N
                                          LONGITUDE: 119  6 W

[TEMPERATURE DATA]      [PRECIPITATION DATA]       SYMBOLS USED IN COLUMN 16

AVERAGE MONTHLY: 58.6   TOTAL FOR MONTH:   0.12    1 = FOG OR MIST
DPTR FM NORMAL:   4.6   DPTR FM NORMAL:   -2.45    2 = FOG REDUCING VISIBILITY
HIGHEST:    90 ON  8    GRTST 24HR  0.12 ON 14-14      TO 1/4 MILE OR LESS
LOWEST:     35 ON 20                               3 = THUNDER
                        SNOW, ICE PELLETS, HAIL    4 = ICE PELLETS
                        TOTAL MONTH:   0.0 INCH    5 = HAIL
                        GRTST 24HR     0.0         6 = FREEZING RAIN OR DRIZZLE
                        GRTST DEPTH:   0           7 = DUSTSTORM OR SANDSTORM:
                                                       VSBY 1/2 MILE OR LESS
                                                   8 = SMOKE OR HAZE
[NO. OF DAYS WITH]      [WEATHER - DAYS WITH]      9 = BLOWING SNOW
                                                   X = TORNADO
MAX 32 OR BELOW:   0    0.01 INCH OR MORE:   1
MAX 90 OR ABOVE:   1    0.10 INCH OR MORE:   1
MIN 32 OR BELOW:   0    0.50 INCH OR MORE:   0
MIN  0 OR BELOW:   0    1.00 INCH OR MORE:   0

[HDD (BASE 65) ]
TOTAL THIS MO.   126    CLEAR  (SCALE 0-3)  16
DPTR FM NORMAL  -104    PTCLDY (SCALE 4-7)   4
TOTAL FM JUL 1   552    CLOUDY (SCALE 8-10)  0
DPTR FM NORMAL  -697

[CDD (BASE 65) ]
TOTAL THIS MO.     3
DPTR FM NORMAL     3    [PRESSURE DATA]
TOTAL FM JAN 1    42    HIGHEST SLP M ON M
DPTR FM NORMAL    35    LOWEST  SLP 29.77 ON M

[REMARKS]
