000
CXUS53 KARX 220930
CF6CMY
PRELIMINARY LOCAL CLIMATOLOGICAL DATA (WS FORM: F-6)

                                          STATION:   SPARTA - FORT MCCOY WI
                                          MONTH:     JUNE
                                          YEAR:      2017
                                          LATITUDE:   43 58 N
                                          LONGITUDE:  90 44 W

  TEMPERATURE IN F:       :PCPN:    SNOW:  WIND      :SUNSHINE: SKY     :PK WND
================================================================================
1   2   3   4   5  6A  6B    7    8   9   10  11  12  13   14  15   16   17  18
                                     12Z  AVG MX 2MIN
DY MAX MIN AVG DEP HDD CDD  WTR  SNW DPTH SPD SPD DIR MIN PSBL S-S WX    SPD DR
================================================================================

 1  77  33  55   M  10   0 0.00  0.0    0  2.6 12 270   M    M   0         9 340
 2  86  37  62   M   3   0 0.00  0.0    0  2.9 10 260   M    M   1        16 260
 3  90  59  75   M   0  10 0.10  0.0    0  4.2 12 230   M    M   2 3      18 190
 4  86  51  69   M   0   4 0.00  0.0    0  4.0 14 300   M    M   0 1      21 280
 5  79  49  64   M   1   0 0.00  0.0    0  5.0 14  60   M    M   1        18  60
 6  80  40  60   M   5   0 0.00  0.0    0  2.3 10 120   M    M   1         M  M
 7  82  42  62   M   3   0 0.00  0.0    0  1.4  8  40   M    M   0         M  M
 8  85  47  66   M   0   1 0.00  0.0    0  4.2 10 220   M    M   3        23 220
 9  84  49  67   M   0   2 0.00  0.0    0  2.2  6 350   M    M   1         M  M
10  91  61  76   M   0  11 0.00  0.0    0  8.9 20 200   M    M   1        32 200
11  91  73  82   M   0  17 0.08  0.0    0  8.3 17 160   M    M   3 3      27 170
12  84  61  73   M   0   8    M  0.0    0  4.4 10 320   M    M   6 13     18 320
13  84  62  73   M   0   8 0.00  0.0    0  8.2 16 110   M    M   3        24 110
14  84  60  72   M   0   7 0.05  0.0    0  4.8 13 360   M    M   2 3      20 210
15  86  56  71   M   0   6 0.00  0.0    0  4.8 16 290   M    M   2 12     25 290
16  85  52  69   M   0   4 0.32  0.0    0  3.2  9 210   M    M   2 3      23 230
17  83  55  69   M   0   4 0.00  0.0    0  2.3 10 280   M    M   5 1       M  M
18  73  53  63   M   2   0 0.29  0.0    0  8.2 16 280   M    M   8        23 280
19  73  49  61   M   4   0 0.21    M    0  5.1 17 310   M    M   6 3      28 310
20  73  43  58   M   7   0 0.31    M    0  3.1 10 310   M    M   4 3       M  M
21  77  44  61   M   4   0 0.00  0.0    0  3.7 13 140   M    M   3 12     18 150
================================================================================
SM 1733 1076        39  82  1.36     0.0  93.8          M       54
================================================================================
AV 82.5 51.2                               4.5 FASTST   M    M   3    MAX(MPH)
                                 MISC ---->  # 20 200               # 32  200
================================================================================
NOTES:
# LAST OF SEVERAL OCCURRENCES

COLUMN 17 PEAK WIND IN M.P.H.

PRELIMINARY LOCAL CLIMATOLOGICAL DATA (WS FORM: F-6) , PAGE 2

                                          STATION:  SPARTA - FORT MCCOY WI
                                          MONTH:    JUNE
                                          YEAR:     2017
                                          LATITUDE:   43 58 N
                                          LONGITUDE:  90 44 W

[TEMPERATURE DATA]      [PRECIPITATION DATA]       SYMBOLS USED IN COLUMN 16

AVERAGE MONTHLY: 66.9   TOTAL FOR MONTH:   1.36    1 = FOG OR MIST
DPTR FM NORMAL:     M   DPTR FM NORMAL:       M    2 = FOG REDUCING VISIBILITY
HIGHEST:    91 ON 11,10 GRTST 24HR  0.32 ON 16-16      TO 1/4 MILE OR LESS
LOWEST:     33 ON  1                               3 = THUNDER
                        SNOW, ICE PELLETS, HAIL    4 = ICE PELLETS
                        TOTAL MONTH:   0.0 INCH    5 = HAIL
                        GRTST 24HR     0.0         6 = FREEZING RAIN OR DRIZZLE
                        GRTST DEPTH:   0           7 = DUSTSTORM OR SANDSTORM:
                                                       VSBY 1/2 MILE OR LESS
                                                   8 = SMOKE OR HAZE
[NO. OF DAYS WITH]      [WEATHER - DAYS WITH]      9 = BLOWING SNOW
                                                   X = TORNADO
MAX 32 OR BELOW:   0    0.01 INCH OR MORE:   7
MAX 90 OR ABOVE:   3    0.10 INCH OR MORE:   5
MIN 32 OR BELOW:   0    0.50 INCH OR MORE:   0
MIN  0 OR BELOW:   0    1.00 INCH OR MORE:   0

[HDD (BASE 65) ]
TOTAL THIS MO.    39    CLEAR  (SCALE 0-3)  14
DPTR FM NORMAL     M    PTCLDY (SCALE 4-7)   7
TOTAL FM JUL 1  6946    CLOUDY (SCALE 8-10)  0
DPTR FM NORMAL     M

[CDD (BASE 65) ]
TOTAL THIS MO.    82
DPTR FM NORMAL     M    [PRESSURE DATA]
TOTAL FM JAN 1    90    HIGHEST SLP M ON M
DPTR FM NORMAL     M    LOWEST  SLP M ON M

[REMARKS]
