000
CXUS53 KARX 190900
CF6CMY
PRELIMINARY LOCAL CLIMATOLOGICAL DATA (WS FORM: F-6)
STATION: SPARTA - FORT MCCOY WI
MONTH: APRIL
YEAR: 2024
LATITUDE: 43 58 N
LONGITUDE: 90 44 W
TEMPERATURE IN F: :PCPN: SNOW: WIND :SUNSHINE: SKY :PK WND
================================================================================
1 2 3 4 5 6A 6B 7 8 9 10 11 12 13 14 15 16 17 18
12Z AVG MX 2MIN
DY MAX MIN AVG DEP HDD CDD WTR SNW DPTH SPD SPD DIR MIN PSBL S-S WX SPD DR
================================================================================
1 40 24 32 M 33 0 0.44 0.0 0 3.0 8 70 M M 7 1 M M
2 34 33 34 M 31 0 M 0.0 0 6.7 15 340 M M 10 16 22 340
3 34 32 33 M 32 0 0.20 M M 13.1 20 340 M M 10 18 32 340
4 41 33 37 M 28 0 M M M 4.4 14 320 M M 10 20 330
5 54 21 38 M 27 0 0.00 0.0 M 0.6 10 30 M M 2 M M
6 57 19 38 M 27 0 0.00 0.0 M 5.3 15 150 M M 0 22 150
7 45 37 41 M 24 0 0.18 0.0 0 8.0 16 90 M M 8 1 22 120
8 55 38 47 M 18 0 T 0.0 0 6.8 16 240 M M 8 32 240
9 61 35 48 M 17 0 0.00 0.0 0 4.3 13 300 M M 5 20 270
10 71 28 50 M 15 0 0.00 0.0 0 1.2 15 270 M M 4 M M
11 67 34 51 M 14 0 0.16 0.0 0 2.3 14 310 M M 7 27 360
12 62 32 47 M 18 0 0.00 0.0 0 8.7 17 320 M M 3 3 31 330
13 75 24 50 M 15 0 0.00 0.0 0 5.1 17 190 M M 0 24 190
14 79 39 59 M 6 0 0.00 0.0 0 5.4 20 290 M M 0 27 330
15 74 29 52 M 13 0 0.00 0.0 0 1.0 8 10 M M 3 M M
16 66 46 56 M 9 0 0.38 0.0 0 13.5 25 90 M M 4 138 41 80
17 58 44 51 M 14 0 0.20 0.0 0 9.4 20 270 M M 10 1 31 270
18 52 32 42 M 23 0 0.09 0.0 0 4.0 14 290 M M 5 1 M M
================================================================================
SM 1025 580 364 0 1.65 0.0 102.8 M 96
================================================================================
AV 56.9 32.2 5.7 FASTST M M 5 MAX(MPH)
MISC ----> 25 90 41 80
================================================================================
NOTES:
# LAST OF SEVERAL OCCURRENCES
COLUMN 17 PEAK WIND IN M.P.H.
PRELIMINARY LOCAL CLIMATOLOGICAL DATA (WS FORM: F-6) , PAGE 2
STATION: SPARTA - FORT MCCOY WI
MONTH: APRIL
YEAR: 2024
LATITUDE: 43 58 N
LONGITUDE: 90 44 W
[TEMPERATURE DATA] [PRECIPITATION DATA] SYMBOLS USED IN COLUMN 16
AVERAGE MONTHLY: 44.6 TOTAL FOR MONTH: 1.65 1 = FOG OR MIST
DPTR FM NORMAL: 0.0 DPTR FM NORMAL: 1.65 2 = FOG REDUCING VISIBILITY
HIGHEST: 79 ON 14 GRTST 24HR 0.44 ON 1- 1 TO 1/4 MILE OR LESS
LOWEST: 19 ON 6 3 = THUNDER
SNOW, ICE PELLETS, HAIL 4 = ICE PELLETS
TOTAL MONTH: 0.0 INCH 5 = HAIL
GRTST 24HR 0.0 6 = FREEZING RAIN OR DRIZZLE
GRTST DEPTH: 0 7 = DUSTSTORM OR SANDSTORM:
VSBY 1/2 MILE OR LESS
8 = SMOKE OR HAZE
[NO. OF DAYS WITH] [WEATHER - DAYS WITH] 9 = BLOWING SNOW
X = TORNADO
MAX 32 OR BELOW: 0 0.01 INCH OR MORE: 7
MAX 90 OR ABOVE: 0 0.10 INCH OR MORE: 6
MIN 32 OR BELOW: 9 0.50 INCH OR MORE: 0
MIN 0 OR BELOW: 0 1.00 INCH OR MORE: 0
[HDD (BASE 65) ]
TOTAL THIS MO. 364 CLEAR (SCALE 0-3) 6
DPTR FM NORMAL M PTCLDY (SCALE 4-7) 6
TOTAL FM JUL 1 5911 CLOUDY (SCALE 8-10) 6
DPTR FM NORMAL M
[CDD (BASE 65) ]
TOTAL THIS MO. 0
DPTR FM NORMAL M [PRESSURE DATA]
TOTAL FM JAN 1 0 HIGHEST SLP M ON M
DPTR FM NORMAL M LOWEST SLP M ON M
[REMARKS]