000
CXUS54 KMAF 191100
CF6CNM
PRELIMINARY LOCAL CLIMATOLOGICAL DATA (WS FORM: F-6)

                                          STATION:   Carlsbad
                                          MONTH:     JANUARY
                                          YEAR:      2017
                                          LATITUDE:   32 20 N
                                          LONGITUDE: 104 15 W

  TEMPERATURE IN F:       :PCPN:    SNOW:  WIND      :SUNSHINE: SKY     :PK WND
================================================================================
1   2   3   4   5  6A  6B    7    8   9   10  11  12  13   14  15   16   17  18
                                     12Z  AVG MX 2MIN
DY MAX MIN AVG DEP HDD CDD  WTR  SNW DPTH SPD SPD DIR MIN PSBL S-S WX    SPD DR
================================================================================

 1  68  37  53  11  12   0 0.30    M    0  8.3 49 280   M    M   3 1      60 280
 2  61  40  51   9  14   0 0.00  0.0    0 17.6 32 250   M    M   0        40 250
 3  66  45  56  14   9   0 0.00  0.0    0 15.3 26 250   M    M   0        32 250
 4  61  36  49   7  16   0 0.00  0.0    0 10.4 22 240   M    M   3        27 250
 5  65  24  45   3  20   0 0.00  0.0    0 11.5 23 250   M    M   0        27 250
 6  25  14  20 -22  45   0    T    M    0  7.6 14 330   M    M   5        17  10
 7  40  10  25 -17  40   0 0.00  0.0    0  6.7 16 140   M    M   0        21 140
 8  64  21  43   1  22   0 0.00  0.0    0  5.6 12 240   M    M   0        23 100
 9  81  34  58  16   7   0 0.00  0.0    0  9.1 23 240   M    M   0        31 240
10  76  45  61  19   4   0 0.00  0.0    0 13.9 31 260   M    M   0        40 250
11  79  50  65  22   0   0    T  0.0    0 15.3 39 240   M    M   0        47 240
12  73  43  58  15   7   0 0.00  0.0    0  5.6 15 130   M    M   0        20 130
13  54  44  49   6  16   0 0.00  0.0    0  5.2 12  80   M    M  10        14 120
14  45  39  42  -1  23   0 0.01    M    0  3.7 12 110   M    M  10 1      14 110
15  49  35  42  -1  23   0 0.30    M    0  6.9 22 250   M    M   8 1      24 250
16  62  31  47   4  18   0 0.00  0.0    0  7.5 18 270   M    M   3 12     27 270
17  47  36  42  -1  23   0    T    M    0  4.5 13 340   M    M   8        15 330
18  62  34  48   5  17   0 0.00  0.0    0  8.7 23 250   M    M   2        28 260
================================================================================
SM 1078  618       316   0  0.61     0.0 163.4          M       52
================================================================================
AV 59.9 34.3                               9.1 FASTST   M    M   3    MAX(MPH)
                                 MISC ---->  # 49 280               # 60  280
================================================================================
NOTES:
# LAST OF SEVERAL OCCURRENCES

COLUMN 17 PEAK WIND IN M.P.H.

PRELIMINARY LOCAL CLIMATOLOGICAL DATA (WS FORM: F-6) , PAGE 2

                                          STATION:  Carlsbad
                                          MONTH:    JANUARY
                                          YEAR:     2017
                                          LATITUDE:   32 20 N
                                          LONGITUDE: 104 15 W

[TEMPERATURE DATA]      [PRECIPITATION DATA]       SYMBOLS USED IN COLUMN 16

AVERAGE MONTHLY: 47.1   TOTAL FOR MONTH:   0.61    1 = FOG OR MIST
DPTR FM NORMAL:   4.7   DPTR FM NORMAL:    0.39    2 = FOG REDUCING VISIBILITY
HIGHEST:    81 ON  9    GRTST 24HR  0.31 ON 14-15      TO 1/4 MILE OR LESS
LOWEST:     10 ON  7                               3 = THUNDER
                        SNOW, ICE PELLETS, HAIL    4 = ICE PELLETS
                        TOTAL MONTH:   0.0 INCH    5 = HAIL
                        GRTST 24HR     0.0         6 = FREEZING RAIN OR DRIZZLE
                        GRTST DEPTH:   0           7 = DUSTSTORM OR SANDSTORM:
                                                       VSBY 1/2 MILE OR LESS
                                                   8 = SMOKE OR HAZE
[NO. OF DAYS WITH]      [WEATHER - DAYS WITH]      9 = BLOWING SNOW
                                                   X = TORNADO
MAX 32 OR BELOW:   1    0.01 INCH OR MORE:   3
MAX 90 OR ABOVE:   0    0.10 INCH OR MORE:   2
MIN 32 OR BELOW:   5    0.50 INCH OR MORE:   0
MIN  0 OR BELOW:   0    1.00 INCH OR MORE:   0

[HDD (BASE 65) ]
TOTAL THIS MO.   316    CLEAR  (SCALE 0-3)  13
DPTR FM NORMAL   -89    PTCLDY (SCALE 4-7)   2
TOTAL FM JUL 1  1266    CLOUDY (SCALE 8-10)  3
DPTR FM NORMAL  -348

[CDD (BASE 65) ]
TOTAL THIS MO.     0
DPTR FM NORMAL     0    [PRESSURE DATA]
TOTAL FM JAN 1     0    HIGHEST SLP M ON M
DPTR FM NORMAL     0    LOWEST  SLP 29.62 ON  1

[REMARKS]
