506
CXUS56 KSGX 281545
CF6CNO
PRELIMINARY LOCAL CLIMATOLOGICAL DATA (WS FORM: F-6)

                                          STATION:   CHINO AIRPORT CA
                                          MONTH:     APRIL
                                          YEAR:      2016
                                          LATITUDE:   33 58 N
                                          LONGITUDE: 117 38 W

  TEMPERATURE IN F:       :PCPN:    SNOW:  WIND      :SUNSHINE: SKY     :PK WND
================================================================================
1   2   3   4   5  6A  6B    7    8   9   10  11  12  13   14  15   16   17  18
                                     12Z  AVG MX 2MIN
DY MAX MIN AVG DEP HDD CDD  WTR  SNW DPTH SPD SPD DIR MIN PSBL S-S WX    SPD DR
================================================================================

 1  79  45  62   4   3   0 0.00  0.0    0  4.3 17 260   M    M   1 18     25 270
 2  88  48  68  10   0   3 0.00  0.0    0  3.7 16 250   M    M   1 18     20 220
 3  89  50  70  12   0   5 0.00  0.0    0  4.5 18 240   M    M   3 8      24 250
 4  88  50  69  11   0   4 0.00  0.0    0  3.8 18 240   M    M   1 18     23 220
 5  94  49  72  14   0   7 0.00  0.0    0  4.7 16 240   M    M   3 8      20 230
 6  99  52  76  17   0  11 0.00  0.0    0  7.7 26 250   M    M   3 8      31 260
 7  71  58  65   6   0   0 0.02  0.0    0  4.1 13 260   M    M   7 18     17 280
 8  64  57  61   2   4   0 0.05  0.0    0  4.9 10 280   M    M  10 18     13 250
 9  68  56  62   3   3   0    T  0.0    0  3.6 15 240   M    M   9 18     18 250
10  74  55  65   6   0   0    T  0.0    0  6.9 17 250   M    M   8 1      21 240
11  77  55  66   7   0   1 0.00  0.0    0  4.7 14 240   M    M   6        17 230
12  79  50  65   6   0   0 0.00  0.0    0  6.1 17 240   M    M   1 18     23 250
13  79  50  65   5   0   0 0.00  0.0    0  5.9 16 240   M    M   2 18     23 250
14  76  53  65   5   0   0 0.00  0.0    0  7.2 17 240   M    M   5 18     22 230
15  81  49  65   5   0   0 0.00  0.0    0  5.1 21  90   M    M   3 18     30  30
16  87  55  71  11   0   6 0.00  0.0    0 10.3 24  90   M    M   0 8      34  80
17  93  49  71  11   0   6 0.00  0.0    0 10.6 35  60   M    M   0 8      51  60
18  94  50  72  12   0   7 0.00  0.0    0  4.8 18 260   M    M   1 8      23 230
19  95  53  74  13   0   9 0.00  0.0    0  4.8 18 250   M    M   4 8      24 240
20  93  50  72  11   0   7 0.00  0.0    0  4.2 17 250   M    M   3 8      21 220
21  89  49  69   8   0   4 0.00  0.0    0  6.9 20 230   M    M   4 8      24 220
22  81  51  66   5   0   1 0.00  0.0    0  8.1 22 230   M    M   2 8      27 250
23  82  53  68   6   0   3 0.00  0.0    0  6.8 21 240   M    M   3 8      24 210
24  81  49  65   3   0   0 0.00  0.0    0  8.4 21 250   M    M   3 8      25 250
25  72  48  60  -2   5   0 0.06    M    0 11.2 29 230   M    M   5 138    39 210
26  75  44  60  -2   5   0 0.00  0.0    0  5.3 18 250   M    M   2 18     22 250
27  76  48  62   0   3   0 0.00  0.0    0  7.6 22 240   M    M   4 8      28 240
================================================================================
SM 2224 1376        23  74  0.13     0.0 166.2          M       94
================================================================================
AV 82.4 51.0                               6.2 FASTST   M    M   3    MAX(MPH)
                                 MISC ---->  # 35  60               # 51   60
================================================================================
NOTES:
# LAST OF SEVERAL OCCURRENCES

COLUMN 17 PEAK WIND IN M.P.H.

PRELIMINARY LOCAL CLIMATOLOGICAL DATA (WS FORM: F-6) , PAGE 2

                                          STATION:  CHINO AIRPORT CA
                                          MONTH:    APRIL
                                          YEAR:     2016
                                          LATITUDE:   33 58 N
                                          LONGITUDE: 117 38 W

[TEMPERATURE DATA]      [PRECIPITATION DATA]       SYMBOLS USED IN COLUMN 16

AVERAGE MONTHLY: 66.7   TOTAL FOR MONTH:   0.13    1 = FOG OR MIST
DPTR FM NORMAL:   6.8   DPTR FM NORMAL:   -0.82    2 = FOG REDUCING VISIBILITY
HIGHEST:    99 ON  6    GRTST 24HR  0.07 ON  7- 8      TO 1/4 MILE OR LESS
LOWEST:     44 ON 26                               3 = THUNDER
                        SNOW, ICE PELLETS, HAIL    4 = ICE PELLETS
                        TOTAL MONTH:   0.0 INCH    5 = HAIL
                        GRTST 24HR     0.0         6 = FREEZING RAIN OR DRIZZLE
                        GRTST DEPTH:   0           7 = DUSTSTORM OR SANDSTORM:
                                                       VSBY 1/2 MILE OR LESS
                                                   8 = SMOKE OR HAZE
[NO. OF DAYS WITH]      [WEATHER - DAYS WITH]      9 = BLOWING SNOW
                                                   X = TORNADO
MAX 32 OR BELOW:   0    0.01 INCH OR MORE:   3
MAX 90 OR ABOVE:   6    0.10 INCH OR MORE:   0
MIN 32 OR BELOW:   0    0.50 INCH OR MORE:   0
MIN  0 OR BELOW:   0    1.00 INCH OR MORE:   0

[HDD (BASE 65) ]
TOTAL THIS MO.    23    CLEAR  (SCALE 0-3)  15
DPTR FM NORMAL  -130    PTCLDY (SCALE 4-7)   9
TOTAL FM JUL 1  1105    CLOUDY (SCALE 8-10)  3
DPTR FM NORMAL  -657

[CDD (BASE 65) ]
TOTAL THIS MO.    74
DPTR FM NORMAL    60    [PRESSURE DATA]
TOTAL FM JAN 1   118    HIGHEST SLP M ON M
DPTR FM NORMAL    97    LOWEST  SLP 29.72 ON 27

[REMARKS]
