000
CXUS53 KICT 290800
CF6CNU
PRELIMINARY LOCAL CLIMATOLOGICAL DATA (WS FORM: F-6)

                                          STATION:   CHANUTE KS
                                          MONTH:     JUNE
                                          YEAR:      2017
                                          LATITUDE:   37 40 N
                                          LONGITUDE:  95 29 W

  TEMPERATURE IN F:       :PCPN:    SNOW:  WIND      :SUNSHINE: SKY     :PK WND
================================================================================
1   2   3   4   5  6A  6B    7    8   9   10  11  12  13   14  15   16   17  18
                                     12Z  AVG MX 2MIN
DY MAX MIN AVG DEP HDD CDD  WTR  SNW DPTH SPD SPD DIR MIN PSBL S-S WX    SPD DR
================================================================================

 1  82  60  71   1   0   6 0.00    M    M  8.6 18 130   M    M   1        22 350
 2  84  57  71   0   0   6 0.00    M    M  6.6 14 130   M    M   0 1      22 170
 3  83  66  75   4   0  10 0.09    M    M  4.8 16 180   M    M   5 13     24 120
 4  81  67  74   3   0   9    T    M    M  2.8  9 140   M    M   6 1      15  90
 5  91  63  77   5   0  12 0.00    M    M  4.6 17  70   M    M   1        27  20
 6  87  63  75   3   0  10 0.00    M    M  9.8 15  40   M    M   0        24  40
 7  83  55  69  -3   0   4 0.00    M    M  4.7 13 100   M    M   0        20  20
 8  82  49  66  -6   0   1 0.00    M    M  4.2 13 190   M    M   0        19 170
 9  85  56  71  -2   0   6 0.00    M    M  9.4 18 200   M    M   0        26 160
10  88  66  77   4   0  12 0.00    M    M 17.2 29 170   M    M   2        36 180
11  91  70  81   8   0  16 0.00    M    M 18.2 30 180   M    M   0        38 180
12  91  69  80   6   0  15 0.00    M    M 15.6 25 160   M    M   1        33 180
13  91  74  83   9   0  18 0.00    M    M 18.0 29 170   M    M   2        36 180
14  92  68  80   6   0  15 0.05    M    M 13.5 22 290   M    M   5 3      31 170
15  93  66  80   5   0  15 0.23    M    M 11.8 36 310   M    M   1 13     49 300
16  92  63  78   3   0  13 0.00    M    M  9.5 18 180   M    M   0        26 180
17  90  70  80   5   0  15 0.61    M    M 11.8 20 150   M    M   2 13     30 360
18   M   M   M   M   M   M 0.17    M    M   M  12 280   M    M   0 3       M  M
19  80   M   M   M   M   M 0.00    M    M  4.3  7 150   0    0   0         M  M
20  91  58  75  -1   0  10 0.00    M    M  8.0 16 210   M    M   0 1      21 200
21  91  65  78   2   0  13 0.00    M    M 11.4 22 170   M    M   0        28 190
22  89  65  77   1   0  12 0.00    M    M  8.6 17 190   M    M   3        24 190
23  88  67  78   1   0  13    T    M    M 10.1 24  40   M    M   1 3      31  30
24  83  53  68  -9   0   3 0.00    M    M  5.9 16 320   M    M   1        21  10
25  86  58  72  -5   0   7    T    M    M  6.2 21  20   M    M   5        27  20
26  85  64  75  -2   0  10 0.03    M    M 11.5 15 360   M    M   2 3      20  70
27  87  62  75  -3   0  10 0.00    M    M 10.2 21 160   M    M   4 1      28 170
28  91  79  85   7   0  20 0.00    M    M 18.7 25 180   M    M   1        36 180
================================================================================
SM 2357 1653         0 281  1.18    M    266.0            0     43
================================================================================
AV 87.3 63.6                               9.9 FASTST    0   0   2    MAX(MPH)
                                 MISC ---->  # 36 310               # 49  300
================================================================================
NOTES:
# LAST OF SEVERAL OCCURRENCES

COLUMN 17 PEAK WIND IN M.P.H.

PRELIMINARY LOCAL CLIMATOLOGICAL DATA (WS FORM: F-6) , PAGE 2

                                          STATION:  CHANUTE KS
                                          MONTH:    JUNE
                                          YEAR:     2017
                                          LATITUDE:   37 40 N
                                          LONGITUDE:  95 29 W

[TEMPERATURE DATA]      [PRECIPITATION DATA]       SYMBOLS USED IN COLUMN 16

AVERAGE MONTHLY: 75.4   TOTAL FOR MONTH:   1.18    1 = FOG OR MIST
DPTR FM NORMAL:   1.2   DPTR FM NORMAL:   -4.53    2 = FOG REDUCING VISIBILITY
HIGHEST:    93 ON 15    GRTST 24HR  0.61 ON 17-17      TO 1/4 MILE OR LESS
LOWEST:     49 ON  8                               3 = THUNDER
                        SNOW, ICE PELLETS, HAIL    4 = ICE PELLETS
                        TOTAL MONTH:    M          5 = HAIL
                        GRTST 24HR    M  ON   M    6 = FREEZING RAIN OR DRIZZLE
                        GRTST DEPTH:  M  ON   M    7 = DUSTSTORM OR SANDSTORM:
                                                       VSBY 1/2 MILE OR LESS
                                                   8 = SMOKE OR HAZE
[NO. OF DAYS WITH]      [WEATHER - DAYS WITH]      9 = BLOWING SNOW
                                                   X = TORNADO
MAX 32 OR BELOW:   0    0.01 INCH OR MORE:   6
MAX 90 OR ABOVE:  11    0.10 INCH OR MORE:   3
MIN 32 OR BELOW:   0    0.50 INCH OR MORE:   1
MIN  0 OR BELOW:   0    1.00 INCH OR MORE:   0

[HDD (BASE 65) ]
TOTAL THIS MO.     0    CLEAR  (SCALE 0-3)  23
DPTR FM NORMAL    -4    PTCLDY (SCALE 4-7)   5
TOTAL FM JUL 1  3452    CLOUDY (SCALE 8-10)  0
DPTR FM NORMAL -1029

[CDD (BASE 65) ]
TOTAL THIS MO.   281
DPTR FM NORMAL    14    [PRESSURE DATA]
TOTAL FM JAN 1   448    HIGHEST SLP  0.00 ON  6
DPTR FM NORMAL    48    LOWEST  SLP  0.00 ON  6

[REMARKS]
