000
CXUS55 KRIW 192203
CF6COD
PRELIMINARY LOCAL CLIMATOLOGICAL DATA (WS FORM: F-6)

                                          STATION:   CODY WY
                                          MONTH:     JANUARY
                                          YEAR:      2018
                                          LATITUDE:   44 31 N
                                          LONGITUDE: 109  1 W

  TEMPERATURE IN F:       :PCPN:    SNOW:  WIND      :SUNSHINE: SKY     :PK WND
================================================================================
1   2   3   4   5  6A  6B    7    8   9   10  11  12  13   14  15   16   17  18
                                     12Z  AVG MX 2MIN
DY MAX MIN AVG DEP HDD CDD  WTR  SNW DPTH SPD SPD DIR MIN PSBL S-S WX    SPD DR
================================================================================

 1  19  -9   5 -21  60   0 0.00  0.0    M  3.6 13 200   M    M   2         M  M
 2  23 -14   5 -21  60   0 0.00    M    M  1.9  6 170   M    M   0         M  M
 3  32   0  16 -10  49   0 0.00  0.0    M  2.6  7 220   M    M   2         M  M
 4  34  11  23  -3  42   0 0.01    M    M  2.6  8 170   M    M   1         M  M
 5  49  19  34   8  31   0 0.00  0.0    M  4.5 12 240   M    M   2        23  10
 6  50  31  41  14  24   0 0.00  0.0    M  7.7 15 130   M    M   2        25 230
 7  46  37  42  15  23   0 0.00  0.0    M 12.2 22 270   M    M   2        36 270
 8  53  28  41  14  24   0 0.00    M    M  6.7 18 260   M    M   0        36 270
 9  49  27  38  11  27   0 0.00    M    M  6.8 18 220   M    M   1        23 220
10  45   8  27   0  38   0    T    M    M  9.0 25  20   M    M   9 12     36  20
11  26   1  14 -13  51   0    T    M    M  4.3 12 140   M    M   4 12      M  M
12  24   4  14 -13  51   0    T    M    M  6.0 14  50   M    M   3         M  M
13  45  10  28   1  37   0 0.02    M    M  7.5 16 260   M    M   4        30 260
14  48  18  33   6  32   0    T    M    M  6.5 16  10   M    M   3         M  M
15  31  12  22  -5  43   0    T    M    M  7.6 15 360   M    M   8 1      18  20
16  34   5  20  -7  45   0    T    M    M  2.3  6 190   M    M   2 12      M  M
17  45  14  30   3  35   0 0.00    M    M  3.5 12  30   M    M   0         M  M
18  53  27  40  13  25   0 0.00    M    M  8.9 23 220   M    M   0        36 230
================================================================================
SM  706  229       697   0  0.03     0.0 104.2          M       45
================================================================================
AV 39.2 12.7                               5.8 FASTST   M    M   3    MAX(MPH)
                                 MISC ---->  # 25  20               # 36  270
================================================================================
NOTES:
# LAST OF SEVERAL OCCURRENCES

COLUMN 17 PEAK WIND IN M.P.H.

PRELIMINARY LOCAL CLIMATOLOGICAL DATA (WS FORM: F-6) , PAGE 2

                                          STATION:  CODY WY
                                          MONTH:    JANUARY
                                          YEAR:     2018
                                          LATITUDE:   44 31 N
                                          LONGITUDE: 109  1 W

[TEMPERATURE DATA]      [PRECIPITATION DATA]       SYMBOLS USED IN COLUMN 16

AVERAGE MONTHLY: 26.0   TOTAL FOR MONTH:   0.03    1 = FOG OR MIST
DPTR FM NORMAL:  -0.8   DPTR FM NORMAL:   -0.18    2 = FOG REDUCING VISIBILITY
HIGHEST:    53 ON 18, 8 GRTST 24HR  0.02 ON 13-13      TO 1/4 MILE OR LESS
LOWEST:    -14 ON  2                               3 = THUNDER
                        SNOW, ICE PELLETS, HAIL    4 = ICE PELLETS
                        TOTAL MONTH:   0.0 INCH    5 = HAIL
                        GRTST 24HR     0.0         6 = FREEZING RAIN OR DRIZZLE
                        GRTST DEPTH:  M  ON   M    7 = DUSTSTORM OR SANDSTORM:
                                                       VSBY 1/2 MILE OR LESS
                                                   8 = SMOKE OR HAZE
[NO. OF DAYS WITH]      [WEATHER - DAYS WITH]      9 = BLOWING SNOW
                                                   X = TORNADO
MAX 32 OR BELOW:   6    0.01 INCH OR MORE:   2
MAX 90 OR ABOVE:   0    0.10 INCH OR MORE:   0
MIN 32 OR BELOW:  17    0.50 INCH OR MORE:   0
MIN  0 OR BELOW:   3    1.00 INCH OR MORE:   0

[HDD (BASE 65) ]
TOTAL THIS MO.   697    CLEAR  (SCALE 0-3)  14
DPTR FM NORMAL     M    PTCLDY (SCALE 4-7)   2
TOTAL FM JUL 1  3760    CLOUDY (SCALE 8-10)  2
DPTR FM NORMAL     M

[CDD (BASE 65) ]
TOTAL THIS MO.     0
DPTR FM NORMAL     0    [PRESSURE DATA]
TOTAL FM JAN 1     0    HIGHEST SLP M ON M
DPTR FM NORMAL     0    LOWEST  SLP M ON M

[REMARKS]
