000
CXUS55 KRIW 230945
CF6COD
PRELIMINARY LOCAL CLIMATOLOGICAL DATA (WS FORM: F-6)

                                          STATION:   CODY WY
                                          MONTH:     APRIL
                                          YEAR:      2017
                                          LATITUDE:   44 31 N
                                          LONGITUDE: 109  1 W

  TEMPERATURE IN F:       :PCPN:    SNOW:  WIND      :SUNSHINE: SKY     :PK WND
================================================================================
1   2   3   4   5  6A  6B    7    8   9   10  11  12  13   14  15   16   17  18
                                     12Z  AVG MX 2MIN
DY MAX MIN AVG DEP HDD CDD  WTR  SNW DPTH SPD SPD DIR MIN PSBL S-S WX    SPD DR
================================================================================

 1  59  28  44   2  21   0    M    M    M  8.2 16 140   M    M   1        21 210
 2  52  33  43   1  22   0    M    M    M  8.1 16  20   M    M   7 1      21 220
 3  42  28  35  -7  30   0 0.05    M    M  7.4 15  10   M    M   7 1       M  M
 4  43  23  33  -9  32   0    T    M    M  4.3 13  50   M    M   3         M  M
 5  56  33  45   3  20   0 0.00  0.0    M 11.5 20 250   M    M   2        31 260
 6  65  39  52   9  13   0 0.00  0.0    M 11.7 21 150   M    M   0        30 130
 7  67  39  53  10  12   0 0.00  0.0    M 11.8 28 220   M    M   1        44 220
 8  59  43  51   8  14   0    T    M    M  8.7 18 230   M    M   3        36 230
 9  44  29  37  -6  28   0    M    M    M  9.7 21  10   M    M   7 12     21 360
10  50  21  36  -8  29   0 0.00  0.0    M  8.4 21 120   M    M   2        22 130
11  53  27  40  -4  25   0 0.00  0.0    M  5.8 13 130   M    M   2        18 130
12  64  35  50   6  15   0 0.00  0.0    M  9.3 24 120   M    M   1        28 120
13  75  38  57  13   8   0 0.00  0.0    M  9.1 24 260   M    M   0        35 270
14  60  41  51   7  14   0    M    M    M 12.5 21 270   M    M   1        33 250
15  50  36  43  -2  22   0    M    M    M 15.0 24 230   M    M   0        37 230
16  56  27  42  -3  23   0    M    M    M  6.0 16 240   M    M   0        22 240
17  64  32  48   3  17   0    M    M    M  7.7 18 320   M    M   0        39 340
18  59  40  50   4  15   0    M    M    M  6.7 14 160   M    M   4        17 210
19  57  38  48   2  17   0    M    M    M  7.9 21  10   M    M   1        28  10
20  61  36  49   3  16   0    T    M    M 11.1 20 210   M    M   2        29 210
21  48  33  41  -5  24   0 0.87    M    M 10.1 18 260   M    M  10 1      30 240
22  56  32  44  -3  21   0    T    M    M  6.5 18 140   M    M   5        22 140
================================================================================
SM 1240  731       438   0  0.92     0.0 197.5          M       59
================================================================================
AV 56.4 33.2                               9.0 FASTST   M    M   3    MAX(MPH)
                                 MISC ---->    28   M                 44    M
================================================================================
NOTES:
# LAST OF SEVERAL OCCURRENCES

COLUMN 17 PEAK WIND IN M.P.H.

PRELIMINARY LOCAL CLIMATOLOGICAL DATA (WS FORM: F-6) , PAGE 2

                                          STATION:  CODY WY
                                          MONTH:    APRIL
                                          YEAR:     2017
                                          LATITUDE:   44 31 N
                                          LONGITUDE: 109  1 W

[TEMPERATURE DATA]      [PRECIPITATION DATA]       SYMBOLS USED IN COLUMN 16

AVERAGE MONTHLY: 44.8   TOTAL FOR MONTH:   0.92    1 = FOG OR MIST
DPTR FM NORMAL:   0.8   DPTR FM NORMAL:    0.23    2 = FOG REDUCING VISIBILITY
HIGHEST:    75 ON 13    GRTST 24HR  0.87 ON 21-21      TO 1/4 MILE OR LESS
LOWEST:     21 ON 10                               3 = THUNDER
                        SNOW, ICE PELLETS, HAIL    4 = ICE PELLETS
                        TOTAL MONTH:   0.0 INCH    5 = HAIL
                        GRTST 24HR     0.0         6 = FREEZING RAIN OR DRIZZLE
                        GRTST DEPTH:  M  ON   M    7 = DUSTSTORM OR SANDSTORM:
                                                       VSBY 1/2 MILE OR LESS
                                                   8 = SMOKE OR HAZE
[NO. OF DAYS WITH]      [WEATHER - DAYS WITH]      9 = BLOWING SNOW
                                                   X = TORNADO
MAX 32 OR BELOW:   0    0.01 INCH OR MORE:   2
MAX 90 OR ABOVE:   0    0.10 INCH OR MORE:   1
MIN 32 OR BELOW:   9    0.50 INCH OR MORE:   1
MIN  0 OR BELOW:   0    1.00 INCH OR MORE:   0

[HDD (BASE 65) ]
TOTAL THIS MO.   438    CLEAR  (SCALE 0-3)  15
DPTR FM NORMAL     M    PTCLDY (SCALE 4-7)   6
TOTAL FM JUL 1  6499    CLOUDY (SCALE 8-10)  1
DPTR FM NORMAL     M

[CDD (BASE 65) ]
TOTAL THIS MO.     0
DPTR FM NORMAL     0    [PRESSURE DATA]
TOTAL FM JAN 1     0    HIGHEST SLP M ON M
DPTR FM NORMAL     0    LOWEST  SLP M ON M

[REMARKS]
