000
CXUS55 KRIW 160945
CF6COD
PRELIMINARY LOCAL CLIMATOLOGICAL DATA (WS FORM: F-6)

                                          STATION:   CODY WY
                                          MONTH:     JANUARY
                                          YEAR:      2017
                                          LATITUDE:   44 31 N
                                          LONGITUDE: 109  1 W

  TEMPERATURE IN F:       :PCPN:    SNOW:  WIND      :SUNSHINE: SKY     :PK WND
================================================================================
1   2   3   4   5  6A  6B    7    8   9   10  11  12  13   14  15   16   17  18
                                     12Z  AVG MX 2MIN
DY MAX MIN AVG DEP HDD CDD  WTR  SNW DPTH SPD SPD DIR MIN PSBL S-S WX    SPD DR
================================================================================

 1  25   6  16 -10  49   0    T    M    M  8.2 18 360   M    M   4 1      27 360
 2   6 -12  -3 -29  68   0    T    M    M  9.3 15  20   M    M   4 1       M  M
 3   9 -13  -2 -28  67   0    T    M    M  2.8 10 160   M    M   3 1       M  M
 4   7 -14  -3 -29  68   0    M    M    M  3.8  7 200   M    M   4 1       M  M
 5   8 -16  -4 -30  69   0    M    M    M  2.6  8 180   M    M   0 1       M  M
 6   5 -16  -5 -32  70   0    M    M    M  3.6  8  40   M    M   2         M  M
 7  25  -7   9 -18  56   0    M    M    M  3.3 17 230   M    M   1        27 230
 8  42   6  24  -3  41   0    M    M    M  5.2 15 270   M    M   1        31 280
 9  49  20  35   8  30   0    M    M    M 11.6 29 260   M    M   1        45 260
10  36  -2  17 -10  48   0    T    M    M 11.9 27  40   M    M   5 12     36 260
11   8  -9   0 -27  65   0    T    M    M  5.9 20 360   M    M   8 12     27 360
12  21  -7   7 -20  58   0 0.00  0.0    M  3.2  8 330   M    M   2 8      16  99
13  31  -2  15 -12  50   0 0.00  0.0    M  4.7 16 210   M    M   0        16 240
14  29   1  15 -12  50   0 0.00  0.0    M  2.6 16 220   M    M   0         M  M
15  32   0  16 -11  49   0 0.00  0.0    M  4.8 13 240   M    M   0        18 240
================================================================================
SM  333  -65       838   0    T      0.0  83.5          M       35
================================================================================
AV 22.2 -4.3                               5.6 FASTST   M    M   2    MAX(MPH)
                                 MISC ---->    29   M                 45    M
================================================================================
NOTES:
# LAST OF SEVERAL OCCURRENCES

COLUMN 17 PEAK WIND IN M.P.H.

PRELIMINARY LOCAL CLIMATOLOGICAL DATA (WS FORM: F-6) , PAGE 2

                                          STATION:  CODY WY
                                          MONTH:    JANUARY
                                          YEAR:     2017
                                          LATITUDE:   44 31 N
                                          LONGITUDE: 109  1 W

[TEMPERATURE DATA]      [PRECIPITATION DATA]       SYMBOLS USED IN COLUMN 16

AVERAGE MONTHLY:  8.9   TOTAL FOR MONTH:      T    1 = FOG OR MIST
DPTR FM NORMAL: -17.7   DPTR FM NORMAL:   -0.18    2 = FOG REDUCING VISIBILITY
HIGHEST:    49 ON  9    GRTST 24HR    T  ON 11-11      TO 1/4 MILE OR LESS
LOWEST:    -16 ON  6, 5                            3 = THUNDER
                        SNOW, ICE PELLETS, HAIL    4 = ICE PELLETS
                        TOTAL MONTH:   0.0 INCH    5 = HAIL
                        GRTST 24HR     0.0         6 = FREEZING RAIN OR DRIZZLE
                        GRTST DEPTH:  M  ON   M    7 = DUSTSTORM OR SANDSTORM:
                                                       VSBY 1/2 MILE OR LESS
                                                   8 = SMOKE OR HAZE
[NO. OF DAYS WITH]      [WEATHER - DAYS WITH]      9 = BLOWING SNOW
                                                   X = TORNADO
MAX 32 OR BELOW:  12    0.01 INCH OR MORE:   0
MAX 90 OR ABOVE:   0    0.10 INCH OR MORE:   0
MIN 32 OR BELOW:  15    0.50 INCH OR MORE:   0
MIN  0 OR BELOW:  11    1.00 INCH OR MORE:   0

[HDD (BASE 65) ]
TOTAL THIS MO.   838    CLEAR  (SCALE 0-3)   9
DPTR FM NORMAL     M    PTCLDY (SCALE 4-7)   6
TOTAL FM JUL 1  3775    CLOUDY (SCALE 8-10)  0
DPTR FM NORMAL     M

[CDD (BASE 65) ]
TOTAL THIS MO.     0
DPTR FM NORMAL     0    [PRESSURE DATA]
TOTAL FM JAN 1     0    HIGHEST SLP M ON M
DPTR FM NORMAL     0    LOWEST  SLP M ON M

[REMARKS]
