000
CXUS51 KGYX 230900
CF6CON
PRELIMINARY LOCAL CLIMATOLOGICAL DATA (WS FORM: F-6)

                                          STATION:   CONCORD NH
                                          MONTH:     JUNE
                                          YEAR:      2017
                                          LATITUDE:   43 12 N
                                          LONGITUDE:  71 30 W

  TEMPERATURE IN F:       :PCPN:    SNOW:  WIND      :SUNSHINE: SKY     :PK WND
================================================================================
1   2   3   4   5  6A  6B    7    8   9   10  11  12  13   14  15   16   17  18
                                     12Z  AVG MX 2MIN
DY MAX MIN AVG DEP HDD CDD  WTR  SNW DPTH SPD SPD DIR MIN PSBL S-S WX    SPD DR
================================================================================

 1  76  50  63   2   2   0 0.00  0.0    0  7.2 21 280   M    M   5 12     31 300
 2  69  42  56  -5   9   0    T  0.0    0  8.0 23 340   M    M   4        30 320
 3  67  41  54  -7  11   0    T  0.0    0  8.2 21 320   M    M   8        31 330
 4  73  41  57  -5   8   0 0.01  0.0    0  4.0 15 250   M    M   4        25 240
 5  57  50  54  -8  11   0 0.42  0.0    0  6.7 15  50   M    M  10 1      21  40
 6  50  48  49 -13  16   0 1.98  0.0    0  5.2 13  30   M    M  10 1      17  30
 7  78  48  63   0   2   0 0.19  0.0    0  4.1 14 340   M    M   4 1      20 350
 8  83  46  65   2   0   0 0.00  0.0    0  3.6 15 180   M    M   0 18     19 190
 9  76  51  64   1   1   0 0.01  0.0    0  4.0 17 260   M    M   3        26 290
10  85  50  68   4   0   3 0.00  0.0    0  4.6 16 190   M    M   1        22 220
11  94  58  76  12   0  11 0.00  0.0    0  6.0 18 260   M    M   0 1      26 270
12  97  60  79  15   0  14 0.00  0.0    0  4.8 17 240   M    M   0        23 260
13  93  62  78  14   0  13 0.00  0.0    0  7.6 18 330   M    M   2 1      26 320
14  80  54  67   2   0   2 0.00  0.0    0  6.1 16 300   M    M   0        22 300
15  79  45  62  -3   3   0 0.00  0.0    0  5.5 15 120   M    M   1        20 140
16  67  55  61  -4   4   0 0.40  0.0    0  4.7 13 160   M    M  10 1      16 160
17  72  57  65  -1   0   0    T  0.0    0  2.7  9 180   M    M  10 1      10 160
18  87  66  77  11   0  12 0.00  0.0    0  8.5 15 180   M    M   7 1      23 180
19  88  69  79  13   0  14 0.54  0.0    0  8.2 20 260   M    M   6 13     29 270
20  84  60  72   6   0   7 0.03  0.0    0  8.2 20 230   M    M   5        28 280
21  81  57  69   2   0   4 0.00  0.0    0  7.4 21 250   M    M   3        26 270
22  82  51  67   0   0   2 0.00  0.0    0  4.8 15 290   M    M   2        21 310
================================================================================
SM 1718 1161        67  82  3.58     0.0 130.1          M       95
================================================================================
AV 78.1 52.8                               5.9 FASTST   M    M   4    MAX(MPH)
                                 MISC ---->  # 23 340               # 31  300
================================================================================
NOTES:
# LAST OF SEVERAL OCCURRENCES

COLUMN 17 PEAK WIND IN M.P.H.

PRELIMINARY LOCAL CLIMATOLOGICAL DATA (WS FORM: F-6) , PAGE 2

                                          STATION:  CONCORD NH
                                          MONTH:    JUNE
                                          YEAR:     2017
                                          LATITUDE:   43 12 N
                                          LONGITUDE:  71 30 W

[TEMPERATURE DATA]      [PRECIPITATION DATA]       SYMBOLS USED IN COLUMN 16

AVERAGE MONTHLY: 65.4   TOTAL FOR MONTH:   3.58    1 = FOG OR MIST
DPTR FM NORMAL:   1.5   DPTR FM NORMAL:    0.78    2 = FOG REDUCING VISIBILITY
HIGHEST:    97 ON 12    GRTST 24HR  1.98 ON  6- 6      TO 1/4 MILE OR LESS
LOWEST:     41 ON  4, 3                            3 = THUNDER
                        SNOW, ICE PELLETS, HAIL    4 = ICE PELLETS
                        TOTAL MONTH:   0.0 INCH    5 = HAIL
                        GRTST 24HR     0.0         6 = FREEZING RAIN OR DRIZZLE
                        GRTST DEPTH:   0           7 = DUSTSTORM OR SANDSTORM:
                                                       VSBY 1/2 MILE OR LESS
                                                   8 = SMOKE OR HAZE
[NO. OF DAYS WITH]      [WEATHER - DAYS WITH]      9 = BLOWING SNOW
                                                   X = TORNADO
MAX 32 OR BELOW:   0    0.01 INCH OR MORE:   8
MAX 90 OR ABOVE:   3    0.10 INCH OR MORE:   5
MIN 32 OR BELOW:   0    0.50 INCH OR MORE:   2
MIN  0 OR BELOW:   0    1.00 INCH OR MORE:   1

[HDD (BASE 65) ]
TOTAL THIS MO.    67    CLEAR  (SCALE 0-3)  10
DPTR FM NORMAL    -8    PTCLDY (SCALE 4-7)   8
TOTAL FM JUL 1  6464    CLOUDY (SCALE 8-10)  4
DPTR FM NORMAL  -761

[CDD (BASE 65) ]
TOTAL THIS MO.    82
DPTR FM NORMAL    32    [PRESSURE DATA]
TOTAL FM JAN 1   114    HIGHEST SLP M ON M
DPTR FM NORMAL    46    LOWEST  SLP 29.62 ON  9

[REMARKS]
