310
CXUS55 KPUB 282121
CF6COS
PRELIMINARY LOCAL CLIMATOLOGICAL DATA (WS FORM: F-6)

                                          STATION:   COLORADO SPRINGS CO
                                          MONTH:     MAY
                                          YEAR:      2017
                                          LATITUDE:   38 49 N
                                          LONGITUDE: 104 43 W

  TEMPERATURE IN F:       :PCPN:    SNOW:  WIND      :SUNSHINE: SKY     :PK WND
================================================================================
1   2   3   4   5  6A  6B    7    8   9   10  11  12  13   14  15   16   17  18
                                     12Z  AVG MX 2MIN
DY MAX MIN AVG DEP HDD CDD  WTR  SNW DPTH SPD SPD DIR MIN PSBL S-S WX    SPD DR
================================================================================

 1  65  33  49  -2  16   0 0.00  0.0    0  8.6 20  40   M    M   4        24 150
 2  50  36  43  -9  22   0 0.14  0.0    0  7.9 20 160   M    M   7 1      24 150
 3  54  37  46  -6  19   0    T  0.0    0 15.1 33 360   M    M   6        40  10
 4  71  31  51  -1  14   0 0.00  0.0    0  8.4 23  10   M    M   2        36 350
 5  74  41  58   5   7   0 0.00  0.0    0  6.2 17 140   M    M   2        22 140
 6  81  47  64  11   1   0 0.22    T    0  7.6 21 310   M    M   5 35     44  30
 7  77  51  64  11   1   0    T  0.0    0  7.0 30 220   M    M   8 3      37 230
 8  74  47  61   7   4   0 0.43  0.0    0  8.5 29 180   M    M   7 13     40 200
 9  59  48  54   0  11   0 0.11  0.0    0 11.0 31 240   M    M   9 12     36 240
10  65  43  54   0  11   0 0.27  0.0    0 15.0 32  10   M    M   8 1      39 360
11  65  46  56   2   9   0 0.00  0.0    0 14.8 26 190   M    M   7        32  10
12  70  47  59   4   6   0 0.00  0.0    0  9.8 24 160   M    M   5        29 160
13  81  43  62   7   3   0 0.00  0.0    0 13.8 29 230   M    M   4        42 200
14  76  51  64   9   1   0 0.00  0.0    0 11.5 22 160   M    M   6        30 150
15  80  50  65   9   0   0 0.00  0.0    0 13.4 32 160   M    M   6        39 160
16  73  50  62   6   3   0    T  0.0    0 13.7 38 240   M    M   4        51 240
17  71  44  58   2   7   0 0.01  0.0    0 12.5 38 360   M    M   6        46 360
18  50  34  42 -14  23   0 1.15  0.1    0 15.6 36 350   M    M   9 134    43 340
19  46  34  40 -17  25   0    T    T    0 19.4 32 340   M    M   8        39 330
20  62  32  47 -10  18   0 0.00  0.0    0  6.0 15 360   M    M   5        24 160
21  66  45  56  -1   9   0    T  0.0    0  8.3 25 350   M    M   7 1      30  20
22  65  40  53  -5  12   0 0.21  0.0    0 11.6 35  20   M    M   7 1      40 360
23  63  40  52  -6  13   0 0.00  0.0    0 12.8 29  10   M    M   4        38 310
24  82  39  61   3   4   0 0.00  0.0    0  7.3 20 170   M    M   2        24 170
25  81  52  67   9   0   2    T  0.0    0 12.7 41 250   M    M   6 13     49 260
26  73  45  59   0   6   0 0.44    T    0 12.8 35 340   M    M   5 135    46 340
27  61  44  53  -6  12   0 0.15    T    0 12.3 29 350   M    M   5 35     36 340
================================================================================
SM 1835 1150       257   2  3.13     0.1 303.6          M      154
================================================================================
AV 68.0 42.6                              11.2 FASTST   M    M   6    MAX(MPH)
                                 MISC ---->  # 41 250               # 51  240
================================================================================
NOTES:
# LAST OF SEVERAL OCCURRENCES

COLUMN 17 PEAK WIND IN M.P.H.

PRELIMINARY LOCAL CLIMATOLOGICAL DATA (WS FORM: F-6) , PAGE 2

                                          STATION:  COLORADO SPRINGS CO
                                          MONTH:    MAY
                                          YEAR:     2017
                                          LATITUDE:   38 49 N
                                          LONGITUDE: 104 43 W

[TEMPERATURE DATA]      [PRECIPITATION DATA]       SYMBOLS USED IN COLUMN 16

AVERAGE MONTHLY: 55.3   TOTAL FOR MONTH:   3.13    1 = FOG OR MIST
DPTR FM NORMAL:   0.0   DPTR FM NORMAL:    1.42    2 = FOG REDUCING VISIBILITY
HIGHEST:    82 ON 24    GRTST 24HR  1.15 ON 18-18      TO 1/4 MILE OR LESS
LOWEST:     31 ON  4                               3 = THUNDER
                        SNOW, ICE PELLETS, HAIL    4 = ICE PELLETS
                        TOTAL MONTH:   0.1 INCH    5 = HAIL
                        GRTST 24HR   0.1 ON 18-18  6 = FREEZING RAIN OR DRIZZLE
                        GRTST DEPTH:   0           7 = DUSTSTORM OR SANDSTORM:
                                                       VSBY 1/2 MILE OR LESS
                                                   8 = SMOKE OR HAZE
[NO. OF DAYS WITH]      [WEATHER - DAYS WITH]      9 = BLOWING SNOW
                                                   X = TORNADO
MAX 32 OR BELOW:   0    0.01 INCH OR MORE:  10
MAX 90 OR ABOVE:   0    0.10 INCH OR MORE:   9
MIN 32 OR BELOW:   2    0.50 INCH OR MORE:   1
MIN  0 OR BELOW:   0    1.00 INCH OR MORE:   1

[HDD (BASE 65) ]
TOTAL THIS MO.   257    CLEAR  (SCALE 0-3)   3
DPTR FM NORMAL   -10    PTCLDY (SCALE 4-7)  22
TOTAL FM JUL 1  5051    CLOUDY (SCALE 8-10)  2
DPTR FM NORMAL -1138

[CDD (BASE 65) ]
TOTAL THIS MO.     2
DPTR FM NORMAL    -1    [PRESSURE DATA]
TOTAL FM JAN 1     2    HIGHEST SLP M ON M
DPTR FM NORMAL    -2    LOWEST  SLP 29.33 ON 25

[REMARKS]
