000
CXUS54 KCRP 281300
CF6COT
PRELIMINARY LOCAL CLIMATOLOGICAL DATA (WS FORM: F-6)

                                          STATION:   COTULLA
                                          MONTH:     NOVEMBER
                                          YEAR:      2014
                                          LATITUDE:   28 27 N
                                          LONGITUDE:  99 13 W

  TEMPERATURE IN F:       :PCPN:    SNOW:  WIND      :SUNSHINE: SKY     :PK WND
================================================================================
1   2   3   4   5  6A  6B    7    8   9   10  11  12  13   14  15   16   17  18
                                     12Z  AVG MX 2MIN
DY MAX MIN AVG DEP HDD CDD  WTR  SNW DPTH SPD SPD DIR MIN PSBL S-S WX    SPD DR
================================================================================

 1  75  51  63  -6   2   0 0.00  0.0    0  8.9 14 120   M    M   0        23 190
 2  78  56  67  -2   0   2 0.00  0.0    0 12.0 23 140   M    M   5        26 150
 3  82  69  76   7   0  11 0.00  0.0    0 11.4 22 150   M    M  10        33 140
 4  81  63  72   4   0   7 0.23  0.0    0  8.5 24  10   M    M   8 1      31  10
 5  63  60  62  -6   3   0 0.73  0.0    0 11.9 23  30   M    M   8 1      30  50
 6   M   M   M   M   M   M 0.69    M    0  8.0 12  40   M    M  10 18      M  M
 7  68  56  62  -5   3   0 0.01  0.0    0  3.1 10 320   M    M   8        13 320
 8  77  52  65  -2   0   0 0.00  0.0    0  4.4 14 330   M    M   1        20  40
 9  77  49  63  -3   2   0 0.00  0.0    0  4.6  9 220   M    M   0        12 210
10  83  52  68   2   0   3 0.00  0.0    0  6.1 13 180   M    M   0        18 190
11  73  52  63  -3   2   0 0.00  0.0    0  8.4 24  20   M    M   5 18     30  20
12  52  46  49 -16  16   0 0.00  0.0    0 10.6 17 350   M    M   9 8      23  30
13  49  40  45 -20  20   0 0.00  0.0    0 10.2 18  20   M    M   9 8      24  10
14  53  40  47 -17  18   0 0.00  0.0    0  7.0 13 120   M    M   8        15  70
15  49  43  46 -18  19   0 0.03    M    0  4.4 10 110   M    M  10 18     12 120
16  56  43  50 -13  15   0 0.01    M    0  5.9 28 360   M    M  10 18     36  10
17  57  36  47 -16  18   0 0.00  0.0    0 10.1 20 340   M    M   0        23 340
18  60  37  49 -13  16   0 0.00  0.0    0  7.3 15 110   M    M   6        20 140
19  71  37  54  -8  11   0 0.00  0.0    0  3.9 13 180   M    M   1        19 200
20  72  50  61  -1   4   0 0.06  0.0    0  3.5  8  90   M    M   6 1      10 100
21  79  64  72  11   0   7    T  0.0    0 10.1 22 140   M    M   9 1      28 140
22  82  57  70   9   0   5 0.14  0.0    0  9.9 30 330   M    M   7 13     42 320
23  87  50  69   9   0   4 0.00  0.0    0  4.5 14 280   M    M   0        20 280
24  70  48  59  -1   6   0 0.00  0.0    0  8.0 18  30   M    M   0        24  30
25  70  43  57  -3   8   0 0.00  0.0    0  3.5 10 270   M    M   0        15 230
26  78  39  59   0   6   0 0.00  0.0    0  3.8 10 220   M    M   0        14 240
27  72  48  60   1   5   0 0.00  0.0    0 10.2 20  80   M    M   0        25  90
================================================================================
SM 1814 1281       174  39  1.90     0.0 200.2          M      130
================================================================================
AV 69.8 49.3                               7.4 FASTST   M    M   5    MAX(MPH)
                                 MISC ---->  # 30 330               # 42  320
================================================================================
NOTES:
# LAST OF SEVERAL OCCURRENCES

COLUMN 17 PEAK WIND IN M.P.H.

PRELIMINARY LOCAL CLIMATOLOGICAL DATA (WS FORM: F-6) , PAGE 2

                                          STATION:  COTULLA
                                          MONTH:    NOVEMBER
                                          YEAR:     2014
                                          LATITUDE:   28 27 N
                                          LONGITUDE:  99 13 W

[TEMPERATURE DATA]      [PRECIPITATION DATA]       SYMBOLS USED IN COLUMN 16

AVERAGE MONTHLY: 59.5   TOTAL FOR MONTH:   1.90    1 = FOG OR MIST
DPTR FM NORMAL:  -4.7   DPTR FM NORMAL:    0.54    2 = FOG REDUCING VISIBILITY
HIGHEST:    87 ON 23    GRTST 24HR  0.73 ON  5- 5      TO 1/4 MILE OR LESS
LOWEST:     36 ON 17                               3 = THUNDER
                        SNOW, ICE PELLETS, HAIL    4 = ICE PELLETS
                        TOTAL MONTH:   0.0 INCH    5 = HAIL
                        GRTST 24HR     0.0         6 = FREEZING RAIN OR DRIZZLE
                        GRTST DEPTH:   0           7 = DUSTSTORM OR SANDSTORM:
                                                       VSBY 1/2 MILE OR LESS
                                                   8 = SMOKE OR HAZE
[NO. OF DAYS WITH]      [WEATHER - DAYS WITH]      9 = BLOWING SNOW
                                                   X = TORNADO
MAX 32 OR BELOW:   0    0.01 INCH OR MORE:   8
MAX 90 OR ABOVE:   0    0.10 INCH OR MORE:   4
MIN 32 OR BELOW:   0    0.50 INCH OR MORE:   2
MIN  0 OR BELOW:   0    1.00 INCH OR MORE:   0

[HDD (BASE 65) ]
TOTAL THIS MO.   174    CLEAR  (SCALE 0-3)  11
DPTR FM NORMAL    76    PTCLDY (SCALE 4-7)   7
TOTAL FM JUL 1   174    CLOUDY (SCALE 8-10)  9
DPTR FM NORMAL    63

[CDD (BASE 65) ]
TOTAL THIS MO.    39
DPTR FM NORMAL   -40    [PRESSURE DATA]
TOTAL FM JAN 1  3984    HIGHEST SLP M ON M
DPTR FM NORMAL   319    LOWEST  SLP 29.57 ON 23

[REMARKS]
