000
CXUS52 KILM 241000
CF6CRE
PRELIMINARY LOCAL CLIMATOLOGICAL DATA (WS FORM: F-6)

                                          STATION:   N.MYRTLE BEACH SOUTH CAROLINA
                                          MONTH:     SEPTEMBER
                                          YEAR:      2016
                                          LATITUDE:   33 49 N
                                          LONGITUDE:  78 43 W

  TEMPERATURE IN F:       :PCPN:    SNOW:  WIND      :SUNSHINE: SKY     :PK WND
================================================================================
1   2   3   4   5  6A  6B    7    8   9   10  11  12  13   14  15   16   17  18
                                     12Z  AVG MX 2MIN
DY MAX MIN AVG DEP HDD CDD  WTR  SNW DPTH SPD SPD DIR MIN PSBL S-S WX    SPD DR
================================================================================

 1  87  72  80   2   0  15 0.01    M    M  7.5 24 220   M    M   2 1      30 220
 2  82  68  75  -3   0  10 8.90    M    M 11.0 44 190   M    M  10 138    56 190
 3  84  66  75  -3   0  10    T    M    M  8.5 20 320   M    M   5 1      31 320
 4  84  64  74  -4   0   9 0.00    M    M  5.0 14  30   M    M   0        17  30
 5  83  61  72  -6   0   7 0.00    M    M  4.6 14  50   M    M   0        19  20
 6  89  63  76  -1   0  11 0.00    M    M  6.9 18 210   M    M   0        22 220
 7  92  69  81   4   0  16 0.00    M    M  9.0 17 220   M    M   0        21 230
 8  86  73  80   3   0  15 0.00    M    M  9.4 16 210   M    M   M        21 200
 9  86  73  80   3   0  15 0.00    M    M  9.9 17 190   M    M   0        22 210
10  86  71  79   2   0  14 0.00    M    M  9.9 17 190   M    M   0        22 200
11  88  74  81   5   0  16 0.63    M    M  9.3 22 250   M    M   1 138    30 250
12  84  72  78   2   0  13 1.26    M    M  3.6 16 230   M    M   5 13     26 220
13  86  72  79   3   0  14 0.09    M    M  7.2 21 100   M    M   4 13     26 110
14  80  72  76   0   0  11 0.68    M    M  6.9 17  50   M    M   2 1      22 100
15  84  72  78   2   0  13    T    M    M 10.4 24  50   M    M   6 1      36  50
16  85  70  78   3   0  13    T    M    M  9.8 20  40   M    M   5        27  30
17  85  71  78   3   0  13    T    M    M  8.9 16  90   M    M   4        22  80
18  89  74  82   7   0  17 0.62    M    M  9.2 17  90   M    M   3 1      23  90
19  85  72  79   4   0  14 3.00    M    M  5.0 16  10   M    M   6 123    22  20
20  79  71  75   1   0  10 0.02    M    M  6.2 13  20   M    M   9 1      18  10
21  79  71  75   1   0  10    T    M    M  5.0 10  20   M    M   8 1      13  10
22  82  72  77   3   0  12 2.15    M    M  9.0 18 170   M    M   8 13     26 160
23  84  72  78   5   0  13 0.29    M    M  5.1 12 130   M    M   6 13     14 120
================================================================================
SM 1949 1615         0 291 17.65    M    177.3          M       84
================================================================================
AV 84.7 70.2                               7.7 FASTST   M    M   4    MAX(MPH)
                                 MISC ---->  # 44 190               # 56  190
================================================================================
NOTES:
# LAST OF SEVERAL OCCURRENCES

COLUMN 17 PEAK WIND IN M.P.H.

PRELIMINARY LOCAL CLIMATOLOGICAL DATA (WS FORM: F-6) , PAGE 2

                                          STATION:  N.MYRTLE BEACH SOUTH CAROLINA
                                          MONTH:    SEPTEMBER
                                          YEAR:     2016
                                          LATITUDE:   33 49 N
                                          LONGITUDE:  78 43 W

[TEMPERATURE DATA]      [PRECIPITATION DATA]       SYMBOLS USED IN COLUMN 16

AVERAGE MONTHLY: 77.5   TOTAL FOR MONTH:  17.65    1 = FOG OR MIST
DPTR FM NORMAL:   1.4   DPTR FM NORMAL:   12.71    2 = FOG REDUCING VISIBILITY
HIGHEST:    92 ON  7    GRTST 24HR  8.90 ON  1- 2      TO 1/4 MILE OR LESS
LOWEST:     61 ON  5                               3 = THUNDER
                        SNOW, ICE PELLETS, HAIL    4 = ICE PELLETS
                        TOTAL MONTH:    M          5 = HAIL
                        GRTST 24HR    M  ON   M    6 = FREEZING RAIN OR DRIZZLE
                        GRTST DEPTH:  M  ON   M    7 = DUSTSTORM OR SANDSTORM:
                                                       VSBY 1/2 MILE OR LESS
                                                   8 = SMOKE OR HAZE
[NO. OF DAYS WITH]      [WEATHER - DAYS WITH]      9 = BLOWING SNOW
                                                   X = TORNADO
MAX 32 OR BELOW:   0    0.01 INCH OR MORE:  11
MAX 90 OR ABOVE:   1    0.10 INCH OR MORE:   8
MIN 32 OR BELOW:   0    0.50 INCH OR MORE:   7
MIN  0 OR BELOW:   0    1.00 INCH OR MORE:   4

[HDD (BASE 65) ]
TOTAL THIS MO.     0    CLEAR  (SCALE 0-3)   9
DPTR FM NORMAL     0    PTCLDY (SCALE 4-7)  10
TOTAL FM JUL 1     0    CLOUDY (SCALE 8-10)  3
DPTR FM NORMAL     0

[CDD (BASE 65) ]
TOTAL THIS MO.   291
DPTR FM NORMAL    35    [PRESSURE DATA]
TOTAL FM JAN 1  2147    HIGHEST SLP  0.00 ON  3
DPTR FM NORMAL   415    LOWEST  SLP 29.50 ON  2

[REMARKS]
