000
CXUS51 KRLX 291400
CF6CRW
PRELIMINARY LOCAL CLIMATOLOGICAL DATA (WS FORM: F-6)

                                          STATION:   CHARLESTON WV
                                          MONTH:     AUGUST
                                          YEAR:      2014
                                          LATITUDE:   38 22 N
                                          LONGITUDE:  81 36 W

  TEMPERATURE IN F:       :PCPN:    SNOW:  WIND      :SUNSHINE: SKY     :PK WND
================================================================================
1   2   3   4   5  6A  6B    7    8   9   10  11  12  13   14  15   16   17  18
                                     12Z  AVG MX 2MIN
DY MAX MIN AVG DEP HDD CDD  WTR  SNW DPTH SPD SPD DIR MIN PSBL S-S WX    SPD DR
================================================================================

 1  83  61  72  -3   0   7 0.00  0.0    0  3.7 14 170   M    M   6 1      20 170
 2  82  59  71  -4   0   6 0.06  0.0    0  2.1  7 110   M    M   6 13     33 280
 3  80  61  71  -4   0   6 0.00  0.0    0  2.5  7 290   M    M   7 18     13 150
 4  85  60  73  -2   0   8 0.00  0.0    0  1.9  9  60   M    M   4 12     14  80
 5  86  60  73  -2   0   8 0.00  0.0    0  2.2 12 320   M    M   5 1      15 310
 6  84  64  74  -1   0   9 0.00  0.0    0  2.4 13 290   M    M   7 1      17 310
 7  81  61  71  -4   0   6 0.00  0.0    0  2.0  9  20   M    M   6 12     19  60
 8  76  59  68  -7   0   3 0.11  0.0    0  1.4  6  70   M    M   9 18      8  70
 9  82  66  74  -1   0   9 0.00  0.0    0  4.4 14 110   M    M   7 1      20 140
10  81  64  73  -2   0   8 0.02  0.0    0  4.7 15 140   M    M   6 1      21 150
11  81  72  77   2   0  12 0.01  0.0    0  8.5 17 150   M    M   8 3      26 140
12  85  65  75   0   0  10 0.65  0.0    0  6.7 26 310   M    M   8 13     41 310
13  76  60  68  -7   0   3    T  0.0    0  5.3 14 280   M    M   6 1      20 280
14  79  59  69  -6   0   4    T  0.0    0  3.0 13 250   M    M   4 1      18 240
15  79  58  69  -6   0   4 0.00  0.0    0  2.1 12 300   M    M   6 12     17 300
16  82  53  68  -7   0   3 0.00  0.0    0  4.0 17 230   M    M   5 1      22 240
17  81  67  74  -1   0   9 0.01  0.0    0  1.1  9 230   M    M   9 1      12 230
18  78  68  73  -1   0   8 0.34  0.0    0  2.5  9 240   M    M   9 1      11 130
19  86  70  78   4   0  13 0.00  0.0    0  3.0 10 310   M    M   6 128    14 300
20  87  66  77   3   0  12 0.13  0.0    0  3.2 12 230   M    M   6 123    16 280
21  82  67  75   1   0  10 1.00  0.0    0  3.9 20 340   M    M   6 13     29 350
22  82  69  76   2   0  11 0.57  0.0    0  2.6 10 290   M    M   8 13     18  40
23  86  71  79   5   0  14    T  0.0    0  2.2 12  70   M    M   8 18     15 270
24  86  68  77   3   0  12 0.00  0.0    0  4.4 12 110   M    M   7 12     17 150
25  84  62  73  -1   0   8 0.00  0.0    0  2.4 12  70   M    M   4 1      13  90
26  84  59  72  -1   0   7 0.00  0.0    0  1.5  8  80   M    M   4 12     11  80
27  88  59  74   1   0   9 0.49  0.0    0  1.9 15 330   M    M   3 13     20 340
28  84  65  75   2   0  10    T  0.0    0  1.6  9 290   M    M   5 1238   14 320
================================================================================
SM 2310 1773         0 229  3.39     0.0  87.2          M      175
================================================================================
AV 82.5 63.3                               3.1 FASTST   M    M   6    MAX(MPH)
                                 MISC ---->  # 26 310               # 41  310
================================================================================
NOTES:
# LAST OF SEVERAL OCCURRENCES

COLUMN 17 PEAK WIND IN M.P.H.

PRELIMINARY LOCAL CLIMATOLOGICAL DATA (WS FORM: F-6) , PAGE 2

                                          STATION:  CHARLESTON WV
                                          MONTH:    AUGUST
                                          YEAR:     2014
                                          LATITUDE:   38 22 N
                                          LONGITUDE:  81 36 W

[TEMPERATURE DATA]      [PRECIPITATION DATA]       SYMBOLS USED IN COLUMN 16

AVERAGE MONTHLY: 72.9   TOTAL FOR MONTH:   3.39    1 = FOG OR MIST
DPTR FM NORMAL:  -1.6   DPTR FM NORMAL:   -0.02    2 = FOG REDUCING VISIBILITY
HIGHEST:    88 ON 27    GRTST 24HR  1.29 ON 21-22      TO 1/4 MILE OR LESS
LOWEST:     53 ON 16                               3 = THUNDER
                        SNOW, ICE PELLETS, HAIL    4 = ICE PELLETS
                        TOTAL MONTH:   0.0 INCH    5 = HAIL
                        GRTST 24HR     0.0         6 = FREEZING RAIN OR DRIZZLE
                        GRTST DEPTH:   0           7 = DUSTSTORM OR SANDSTORM:
                                                       VSBY 1/2 MILE OR LESS
                                                   8 = SMOKE OR HAZE
[NO. OF DAYS WITH]      [WEATHER - DAYS WITH]      9 = BLOWING SNOW
                                                   X = TORNADO
MAX 32 OR BELOW:   0    0.01 INCH OR MORE:  11
MAX 90 OR ABOVE:   0    0.10 INCH OR MORE:   7
MIN 32 OR BELOW:   0    0.50 INCH OR MORE:   3
MIN  0 OR BELOW:   0    1.00 INCH OR MORE:   1

[HDD (BASE 65) ]
TOTAL THIS MO.     0    CLEAR  (SCALE 0-3)   1
DPTR FM NORMAL     0    PTCLDY (SCALE 4-7)  21
TOTAL FM JUL 1     0    CLOUDY (SCALE 8-10)  6
DPTR FM NORMAL     0

[CDD (BASE 65) ]
TOTAL THIS MO.   229
DPTR FM NORMAL   -38    [PRESSURE DATA]
TOTAL FM JAN 1   872    HIGHEST SLP M ON M
DPTR FM NORMAL   -49    LOWEST  SLP 29.75 ON 12

[REMARKS]
