000
CXUS56 KTFX 211205
CF6CTB
PRELIMINARY LOCAL CLIMATOLOGICAL DATA (WS FORM: F-6)

                                          STATION:   CUT BANK MT
                                          MONTH:     FEBRUARY
                                          YEAR:      2017
                                          LATITUDE:   48 37 N
                                          LONGITUDE: 112 23 W

  TEMPERATURE IN F:       :PCPN:    SNOW:  WIND      :SUNSHINE: SKY     :PK WND
================================================================================
1   2   3   4   5  6A  6B    7    8   9   10  11  12  13   14  15   16   17  18
                                     12Z  AVG MX 2MIN
DY MAX MIN AVG DEP HDD CDD  WTR  SNW DPTH SPD SPD DIR MIN PSBL S-S WX    SPD DR
================================================================================

 1  17  -5   6 -17  59   0    T    M    2  9.3 21 350   M    M   7 18     24 350
 2  14  -7   4 -19  61   0    T    M    2  4.2 14 190   M    M   2 1      18 180
 3  14 -11   2 -21  63   0    T    M    1  9.7 26 340   M    M   6 18     31 340
 4   9  -2   4 -19  61   0    T    M    3  7.7 18 340   M    M   9 18     22 330
 5   6  -2   2 -21  63   0    T    M    4  9.7 20 350   M    M  10 12     23 350
 6   2 -17  -7 -30  72   0    T    M    7  7.6 20 330   M    M   7 18     22 340
 7  -7 -25 -16 -39  81   0    T    M    7 10.8 20 330   M    M   2 18     24 330
 8   0 -27 -13 -36  78   0 0.00    M    7  4.7 12 310   M    M   2        12 310
 9  41  -4  19  -4  46   0 0.00    M    7 16.3 39 260   M    M   1        45 250
10  39  28  34  11  31   0 0.00    M    2 27.5 48 240   M    M   0        58 240
11  33  26  30   6  35   0 0.00    M    1 22.4 38 250   M    M   1        43 260
12  38  27  33   9  32   0 0.00    M    1 26.9 41 260   M    M   0        50 250
13  43  30  37  13  28   0 0.00    M    T 12.5 29 260   M    M   0        37 250
14  50  25  38  14  27   0 0.00    M    T  8.9 30 250   M    M   0        36 250
15  54  41  48  24  17   0 0.00    M    T 16.8 38 240   M    M   0        47 250
16  55  37  46  22  19   0 0.00    M    0 16.3 35 240   M    M   1        45 230
17  46  26  36  12  29   0 0.00    M    0 17.2 36 250   M    M   0        44 250
18  41  24  33   9  32   0 0.00    M    0  4.2 10 290   M    M   6        11 150
19  47  27  37  12  28   0 0.00    M    0 12.6 32 250   M    M   3        37 250
20  48  29  39  14  26   0 0.00    M    0 11.3 35 240   M    M   4        40 240
================================================================================
SM  590  220       888   0    T     M    256.6          M       61
================================================================================
AV 29.5 11.0                              12.8 FASTST   M    M   3    MAX(MPH)
                                 MISC ---->  # 48 240               # 58  240
================================================================================
NOTES:
# LAST OF SEVERAL OCCURRENCES

COLUMN 17 PEAK WIND IN M.P.H.

PRELIMINARY LOCAL CLIMATOLOGICAL DATA (WS FORM: F-6) , PAGE 2

                                          STATION:  CUT BANK MT
                                          MONTH:    FEBRUARY
                                          YEAR:     2017
                                          LATITUDE:   48 37 N
                                          LONGITUDE: 112 23 W

[TEMPERATURE DATA]      [PRECIPITATION DATA]       SYMBOLS USED IN COLUMN 16

AVERAGE MONTHLY: 20.3   TOTAL FOR MONTH:      T    1 = FOG OR MIST
DPTR FM NORMAL:  -3.4   DPTR FM NORMAL:   -0.14    2 = FOG REDUCING VISIBILITY
HIGHEST:    55 ON 16    GRTST 24HR    T  ON  7- 7      TO 1/4 MILE OR LESS
LOWEST:    -27 ON  8                               3 = THUNDER
                        SNOW, ICE PELLETS, HAIL    4 = ICE PELLETS
                        TOTAL MONTH:    M          5 = HAIL
                        GRTST 24HR    M  ON   M    6 = FREEZING RAIN OR DRIZZLE
                        GRTST DEPTH:   7 ON  9, 8  7 = DUSTSTORM OR SANDSTORM:
                                                       VSBY 1/2 MILE OR LESS
                                                   8 = SMOKE OR HAZE
[NO. OF DAYS WITH]      [WEATHER - DAYS WITH]      9 = BLOWING SNOW
                                                   X = TORNADO
MAX 32 OR BELOW:   8    0.01 INCH OR MORE:   0
MAX 90 OR ABOVE:   0    0.10 INCH OR MORE:   0
MIN 32 OR BELOW:  18    0.50 INCH OR MORE:   0
MIN  0 OR BELOW:   9    1.00 INCH OR MORE:   0

[HDD (BASE 65) ]
TOTAL THIS MO.   888    CLEAR  (SCALE 0-3)  13
DPTR FM NORMAL    60    PTCLDY (SCALE 4-7)   5
TOTAL FM JUL 1  5995    CLOUDY (SCALE 8-10)  2
DPTR FM NORMAL   249

[CDD (BASE 65) ]
TOTAL THIS MO.     0
DPTR FM NORMAL     0    [PRESSURE DATA]
TOTAL FM JAN 1     0    HIGHEST SLP M ON M
DPTR FM NORMAL     0    LOWEST  SLP 29.33 ON  6

[REMARKS]
