543
CXUS56 KTFX 201205
CF6CTB
PRELIMINARY LOCAL CLIMATOLOGICAL DATA (WS FORM: F-6)

                                          STATION:   CUT BANK MT
                                          MONTH:     NOVEMBER
                                          YEAR:      2017
                                          LATITUDE:   48 37 N
                                          LONGITUDE: 112 23 W

  TEMPERATURE IN F:       :PCPN:    SNOW:  WIND      :SUNSHINE: SKY     :PK WND
================================================================================
1   2   3   4   5  6A  6B    7    8   9   10  11  12  13   14  15   16   17  18
                                     12Z  AVG MX 2MIN
DY MAX MIN AVG DEP HDD CDD  WTR  SNW DPTH SPD SPD DIR MIN PSBL S-S WX    SPD DR
================================================================================

 1  32  24  28  -8  37   0 0.03    M    1 13.3 30 350   M    M  10 12     36 350
 2  24  12  18 -18  47   0    T    M    1 14.2 25 340   M    M  10 12     29 340
 3  12  -5   4 -32  61   0    T    M    3 18.0 25 340   M    M   8 1      29 340
 4  11  -8   2 -33  63   0    T    M    4  6.6 12  30   M    M   7 1      13  30
 5  10   2   6 -29  59   0    T    M    4  9.4 16 350   M    M  10 1      17 340
 6  10  -1   5 -29  60   0    T    M    6  7.1 15 340   M    M   4 1      17 340
 7  30  -5  13 -21  52   0 0.00    M    5  8.0 25 260   M    M   0        28 270
 8  30   8  19 -14  46   0    T    M    6  8.4 22 260   M    M   6 1      26 260
 9  23  12  18 -15  47   0    T    M    6 10.8 16 140   M    M  10 12     21 130
10  40  17  29  -3  36   0 0.00    M    5 13.9 33 250   M    M   1 1      41 250
11  38  15  27  -5  38   0 0.00    M    2  7.7 23 260   M    M   0        28 260
12  44  23  34   2  31   0 0.00    M    2  4.8 15 210   M    M   0        18 230
13  48  27  38   7  27   0 0.00    M    2 11.6 40 250   M    M   1        50 250
14  39  22  31   0  34   0 0.00    M    1 17.8 44 260   M    M   1 1      53 250
15  31  14  23  -7  42   0 0.00    M    1  6.1 14 140   M    M   3 12     15 140
16  39  19  29  -1  36   0 0.01    M    1 17.9 39 250   M    M   1 1      47 250
17  38  27  33   3  32   0 0.00    M    T 19.2 40 250   M    M   0        47 250
18  38  27  33   4  32   0 0.00    M    T 24.0 41 260   M    M   1        49 250
19  45  30  38   9  27   0 0.00    M    T 29.0 55 250   M    M   0        67 250
================================================================================
SM  582  260       807   0  0.04    M    247.8          M       73
================================================================================
AV 30.6 13.7                              13.0 FASTST   M    M   4    MAX(MPH)
                                 MISC ---->  # 55 250               # 67  250
================================================================================
NOTES:
# LAST OF SEVERAL OCCURRENCES

COLUMN 17 PEAK WIND IN M.P.H.

PRELIMINARY LOCAL CLIMATOLOGICAL DATA (WS FORM: F-6) , PAGE 2

                                          STATION:  CUT BANK MT
                                          MONTH:    NOVEMBER
                                          YEAR:     2017
                                          LATITUDE:   48 37 N
                                          LONGITUDE: 112 23 W

[TEMPERATURE DATA]      [PRECIPITATION DATA]       SYMBOLS USED IN COLUMN 16

AVERAGE MONTHLY: 22.2   TOTAL FOR MONTH:   0.04    1 = FOG OR MIST
DPTR FM NORMAL: -10.4   DPTR FM NORMAL:   -0.20    2 = FOG REDUCING VISIBILITY
HIGHEST:    48 ON 13    GRTST 24HR  0.05 ON 31- 1      TO 1/4 MILE OR LESS
LOWEST:     -8 ON  4                               3 = THUNDER
                        SNOW, ICE PELLETS, HAIL    4 = ICE PELLETS
                        TOTAL MONTH:    M          5 = HAIL
                        GRTST 24HR    M  ON   M    6 = FREEZING RAIN OR DRIZZLE
                        GRTST DEPTH:   6 ON  9, 8  7 = DUSTSTORM OR SANDSTORM:
                                                       VSBY 1/2 MILE OR LESS
                                                   8 = SMOKE OR HAZE
[NO. OF DAYS WITH]      [WEATHER - DAYS WITH]      9 = BLOWING SNOW
                                                   X = TORNADO
MAX 32 OR BELOW:  10    0.01 INCH OR MORE:   2
MAX 90 OR ABOVE:   0    0.10 INCH OR MORE:   0
MIN 32 OR BELOW:  19    0.50 INCH OR MORE:   0
MIN  0 OR BELOW:   4    1.00 INCH OR MORE:   0

[HDD (BASE 65) ]
TOTAL THIS MO.   807    CLEAR  (SCALE 0-3)  11
DPTR FM NORMAL   190    PTCLDY (SCALE 4-7)   3
TOTAL FM JUL 1  1938    CLOUDY (SCALE 8-10)  5
DPTR FM NORMAL    97

[CDD (BASE 65) ]
TOTAL THIS MO.     0
DPTR FM NORMAL     0    [PRESSURE DATA]
TOTAL FM JAN 1   250    HIGHEST SLP M ON M
DPTR FM NORMAL    88    LOWEST  SLP 29.50 ON  1

[REMARKS]
