000
CXUS56 KTFX 301205
CF6CTB
PRELIMINARY LOCAL CLIMATOLOGICAL DATA (WS FORM: F-6)

                                          STATION:   CUT BANK MT
                                          MONTH:     AUGUST
                                          YEAR:      2016
                                          LATITUDE:   48 37 N
                                          LONGITUDE: 112 23 W

  TEMPERATURE IN F:       :PCPN:    SNOW:  WIND      :SUNSHINE: SKY     :PK WND
================================================================================
1   2   3   4   5  6A  6B    7    8   9   10  11  12  13   14  15   16   17  18
                                     12Z  AVG MX 2MIN
DY MAX MIN AVG DEP HDD CDD  WTR  SNW DPTH SPD SPD DIR MIN PSBL S-S WX    SPD DR
================================================================================

 1  81  43  62  -4   3   0 0.00    M    0  7.7 18 240   M    M   0        23 260
 2  87  44  66   0   0   1 0.00    M    0  8.0 22 310   M    M   0 8      26 310
 3  70  49  60  -6   5   0 0.00    M    0 18.0 35 250   M    M   4        43 260
 4  80  47  64  -2   1   0 0.00    M    0  6.1 17  70   M    M   0        22  70
 5  87  47  67   1   0   2    T    M    0 10.4 22 130   M    M   1        30 130
 6  81  59  70   4   0   5    T    M    0 10.0 23 120   M    M   0        29 130
 7  80  53  67   1   0   2 0.05    M    0 10.3 24 300   M    M   0 13     29 300
 8  81  45  63  -3   2   0    T    M    0  7.7 24 160   M    M   0        32 160
 9  73  50  62  -4   3   0 0.33    M    0  8.9 32 260   M    M   0 13     39 270
10  67  49  58  -7   7   0 0.04    M    0 16.6 29 260   M    M   7        35 250
11  77  51  64  -1   1   0 0.00    M    0  8.2 17 280   M    M   0        20 280
12  73  51  62  -3   3   0 0.49    M    0  7.2 29 280   M    M   3 12     33 290
13  84  48  66   1   0   1 0.00    M    0  6.2 17 260   M    M   1 1      23 250
14  81  52  67   3   0   2 0.04    M    0  8.2 35 300   M    M   1 3      42 310
15  85  48  67   3   0   2 0.00    M    0  4.8 12 360   M    M   2        15 360
16  90  49  70   6   0   5 0.00    M    0  7.1 15 190   M    M   0        20 270
17  78  55  67   3   0   2 0.00    M    0 15.2 25 330   M    M   1        30 340
18  60  43  52 -12  13   0 0.22    M    0  9.2 31  10   M    M   9 138    36  20
19  68  38  53 -10  12   0 0.00    M    0  5.4 14 190   M    M   1        17 180
20  83  43  63   0   2   0 0.00    M    0  7.1 17 250   M    M   0        22 250
21  87  49  68   5   0   3 0.00    M    0 11.2 29 240   M    M   1 8      35 250
22  71  55  63   1   2   0 0.00    M    0 23.0 41 240   M    M   6 8      49 240
23  66  48  57  -5   8   0 0.00    M    0 14.8 36 340   M    M   8        44 340
24  67  44  56  -6   9   0 0.00    M    0 10.0 21 340   M    M   6        27 330
25  70  36  53  -8  12   0 0.00    M    0  8.2 23 360   M    M   3        28 350
26  72  41  57  -4   8   0 0.00    M    0  6.1 13 300   M    M   1        15 210
27  80  51  66   5   0   1 0.00    M    0 13.8 36 250   M    M   4 8      41 240
28  69  47  58  -2   7   0 0.00    M    0 10.9 23 350   M    M   2        26 350
29  85  42  64   4   1   0    T    M    0  7.8 24 270   M    M   1 3      30 270
================================================================================
SM 2233 1377        99  26  1.17    M    288.1          M       62
================================================================================
AV 77.0 47.5                               9.9 FASTST   M    M   2    MAX(MPH)
                                 MISC ---->  # 41 240               # 49  240
================================================================================
NOTES:
# LAST OF SEVERAL OCCURRENCES

COLUMN 17 PEAK WIND IN M.P.H.

PRELIMINARY LOCAL CLIMATOLOGICAL DATA (WS FORM: F-6) , PAGE 2

                                          STATION:  CUT BANK MT
                                          MONTH:    AUGUST
                                          YEAR:     2016
                                          LATITUDE:   48 37 N
                                          LONGITUDE: 112 23 W

[TEMPERATURE DATA]      [PRECIPITATION DATA]       SYMBOLS USED IN COLUMN 16

AVERAGE MONTHLY: 62.2   TOTAL FOR MONTH:   1.17    1 = FOG OR MIST
DPTR FM NORMAL:  -1.6   DPTR FM NORMAL:    0.06    2 = FOG REDUCING VISIBILITY
HIGHEST:    90 ON 16    GRTST 24HR  0.49 ON 12-12      TO 1/4 MILE OR LESS
LOWEST:     36 ON 25                               3 = THUNDER
                        SNOW, ICE PELLETS, HAIL    4 = ICE PELLETS
                        TOTAL MONTH:    M          5 = HAIL
                        GRTST 24HR    M  ON   M    6 = FREEZING RAIN OR DRIZZLE
                        GRTST DEPTH:   0           7 = DUSTSTORM OR SANDSTORM:
                                                       VSBY 1/2 MILE OR LESS
                                                   8 = SMOKE OR HAZE
[NO. OF DAYS WITH]      [WEATHER - DAYS WITH]      9 = BLOWING SNOW
                                                   X = TORNADO
MAX 32 OR BELOW:   0    0.01 INCH OR MORE:   6
MAX 90 OR ABOVE:   1    0.10 INCH OR MORE:   3
MIN 32 OR BELOW:   0    0.50 INCH OR MORE:   0
MIN  0 OR BELOW:   0    1.00 INCH OR MORE:   0

[HDD (BASE 65) ]
TOTAL THIS MO.    99    CLEAR  (SCALE 0-3)  21
DPTR FM NORMAL     3    PTCLDY (SCALE 4-7)   6
TOTAL FM JUL 1   173    CLOUDY (SCALE 8-10)  2
DPTR FM NORMAL    -9

[CDD (BASE 65) ]
TOTAL THIS MO.    26
DPTR FM NORMAL   -37    [PRESSURE DATA]
TOTAL FM JAN 1    99    HIGHEST SLP M ON M
DPTR FM NORMAL   -53    LOWEST  SLP 29.61 ON  9

[REMARKS]
