000
CXUS52 KTAE 240800
CF6CTY
PRELIMINARY LOCAL CLIMATOLOGICAL DATA (WS FORM: F-6)

                                          STATION:   CROSS CITY
                                          MONTH:     MAY
                                          YEAR:      2015
                                          LATITUDE:   29 37 N
                                          LONGITUDE:  83  6 W

  TEMPERATURE IN F:       :PCPN:    SNOW:  WIND      :SUNSHINE: SKY     :PK WND
================================================================================
1   2   3   4   5  6A  6B    7    8   9   10  11  12  13   14  15   16   17  18
                                     12Z  AVG MX 2MIN
DY MAX MIN AVG DEP HDD CDD  WTR  SNW DPTH SPD SPD DIR MIN PSBL S-S WX    SPD DR
================================================================================

 1  83  52  68  -2   0   3 0.00  0.0    0  5.9 16 310   M    M   0        21 310
 2  83  45  64  -6   1   0 0.00  0.0    0  3.7 13 260   M    M   0        17  30
 3  85  55  70  -1   0   5 0.00  0.0    0  3.9 13  30   M    M   0        18  20
 4  85  50  68  -3   0   3 0.02  0.0    0  4.6 15  80   M    M   0        22 110
 5  83  57  70  -1   0   5 0.00    M    M  5.2 15  60   M    M   M        22  60
 6  89  59  74   2   0   9 0.00  0.0    0  5.4 15  30   M    M   0        21  70
 7  89  57  73   1   0   8 0.00  0.0    0  4.0 14 360   M    M   0        20 350
 8  91  56  74   2   0   9 0.00  0.0    0  4.4 16 270   M    M   0        19 360
 9  94  62  78   5   0  13 0.00  0.0    0  4.0 16 250   M    M   0        22 330
10  92  63  78   5   0  13 0.00  0.0    0  3.8 15 220   M    M   0        20 220
11  94  60  77   4   0  12 0.00  0.0    0  3.7 16 280   M    M   0        20 290
12  94  65  80   6   0  15 0.00  0.0    0  2.8 16 170   M    M   0        21 170
13  94  67  81   7   0  16 1.06  0.0    0  2.2 20 240   M    M   0        24 240
14  92  67  80   6   0  15 0.73  0.0    0  4.3 18  10   M    M   0        32  10
15  91  70  81   7   0  16 1.09  0.0    0  3.9 12  40   M    M   0        19  50
16  90  67  79   4   0  14 0.00  0.0    0  4.3  9 110   M    M   0        16 110
17  94  67  81   6   0  16 0.00  0.0    0  3.6 15 280   M    M   0        19 180
18  90  70  80   5   0  15 0.18  0.0    0  3.7 16 310   M    M   0        20 310
19  92  71  82   6   0  17 0.01  0.0    0  4.1 14 280   M    M   0        17 250
20  91  70  81   5   0  16 0.00  0.0    0  6.2 16 270   M    M   0        21 260
21  92  71  82   6   0  17 0.00  0.0    0  7.0 16 260   M    M   0        20 270
22  91  66  79   3   0  14 0.00  0.0    0  4.3 13 340   M    M   0        16  20
23  93  69  81   4   0  16 0.00  0.0    0  6.2 13  50   M    M   0        19  50
================================================================================
SM 2072 1436         1 267  3.09     0.0 101.2          M        0
================================================================================
AV 90.1 62.4                               4.4 FASTST   M    M   0    MAX(MPH)
                                 MISC ---->  # 20 240               # 32   10
================================================================================
NOTES:
# LAST OF SEVERAL OCCURRENCES

COLUMN 17 PEAK WIND IN M.P.H.

PRELIMINARY LOCAL CLIMATOLOGICAL DATA (WS FORM: F-6) , PAGE 2

                                          STATION:  CROSS CITY
                                          MONTH:    MAY
                                          YEAR:     2015
                                          LATITUDE:   29 37 N
                                          LONGITUDE:  83  6 W

[TEMPERATURE DATA]      [PRECIPITATION DATA]       SYMBOLS USED IN COLUMN 16

AVERAGE MONTHLY: 76.3   TOTAL FOR MONTH:   3.09    1 = FOG OR MIST
DPTR FM NORMAL:   2.8   DPTR FM NORMAL:    1.44    2 = FOG REDUCING VISIBILITY
HIGHEST:    94 ON 17,13 GRTST 24HR  1.58 ON 14-15      TO 1/4 MILE OR LESS
LOWEST:     45 ON  2                               3 = THUNDER
                        SNOW, ICE PELLETS, HAIL    4 = ICE PELLETS
                        TOTAL MONTH:   0.0 INCH    5 = HAIL
                        GRTST 24HR     0.0         6 = FREEZING RAIN OR DRIZZLE
                        GRTST DEPTH:   0           7 = DUSTSTORM OR SANDSTORM:
                                                       VSBY 1/2 MILE OR LESS
                                                   8 = SMOKE OR HAZE
[NO. OF DAYS WITH]      [WEATHER - DAYS WITH]      9 = BLOWING SNOW
                                                   X = TORNADO
MAX 32 OR BELOW:   0    0.01 INCH OR MORE:   6
MAX 90 OR ABOVE:  16    0.10 INCH OR MORE:   4
MIN 32 OR BELOW:   0    0.50 INCH OR MORE:   3
MIN  0 OR BELOW:   0    1.00 INCH OR MORE:   2

[HDD (BASE 65) ]
TOTAL THIS MO.     1    CLEAR  (SCALE 0-3)  22
DPTR FM NORMAL     1    PTCLDY (SCALE 4-7)   0
TOTAL FM JUL 1  1213    CLOUDY (SCALE 8-10)  0
DPTR FM NORMAL   -90

[CDD (BASE 65) ]
TOTAL THIS MO.   267
DPTR FM NORMAL    69    [PRESSURE DATA]
TOTAL FM JAN 1   715    HIGHEST SLP M ON M
DPTR FM NORMAL   335    LOWEST  SLP 29.94 ON 20

[REMARKS]
