000
CXUS52 KTAE 270800
CF6CTY
PRELIMINARY LOCAL CLIMATOLOGICAL DATA (WS FORM: F-6)

                                          STATION:   CROSS CITY
                                          MONTH:     JULY
                                          YEAR:      2016
                                          LATITUDE:   29 37 N
                                          LONGITUDE:  83  6 W

  TEMPERATURE IN F:       :PCPN:    SNOW:  WIND      :SUNSHINE: SKY     :PK WND
================================================================================
1   2   3   4   5  6A  6B    7    8   9   10  11  12  13   14  15   16   17  18
                                     12Z  AVG MX 2MIN
DY MAX MIN AVG DEP HDD CDD  WTR  SNW DPTH SPD SPD DIR MIN PSBL S-S WX    SPD DR
================================================================================

 1  90  74  82   1   0  17 0.14  0.0    0  3.5 17 300   M    M   0        23 270
 2  89  76  83   2   0  18 2.06  0.0    0  4.8 15 210   M    M   0        20 220
 3  90  76  83   2   0  18 0.47  0.0    0  5.5 16 200   M    M   0        24 260
 4  94  73  84   3   0  19 0.10  0.0    0  4.3 15 200   M    M   0        20 200
 5  96  74  85   4   0  20 0.10  0.0    0  5.5 15 270   M    M   0        21 290
 6  96  74  85   4   0  20 0.14  0.0    0  4.2 14 240   M    M   0        21 230
 7  96  74  85   4   0  20 0.00  0.0    0  4.6 15 260   M    M   0        22 260
 8  97  74  86   5   0  21 0.00  0.0    0  5.5 15 260   M    M   0        20 310
 9  96  73  85   4   0  20 0.00  0.0    0  4.8 14 210   M    M   0        18 250
10  96  72  84   3   0  19 0.05  0.0    0  3.9 15 220   M    M   0        20 250
11  98  72  85   4   0  20 0.00  0.0    0  3.5 15 250   M    M   0        20 240
12 100  73  87   6   0  22 0.13  0.0    0  2.5 17  40   M    M   0        24  30
13 100  70  85   4   0  20 0.12  0.0    0  3.5 14 320   M    M   0        19 330
14  93  73  83   2   0  18 1.07  0.0    0  1.6 16 190   M    M   0        21 190
15  91  74  83   2   0  18 0.14  0.0    0  3.0 14 200   M    M   0        19 200
16  93  71  82   0   0  17 0.18  0.0    M  2.3 24 260   M    M   0        34 260
17  95  72  84   2   0  19 0.12  0.0    0  3.8 15  80   M    M   0        23  60
18  96  72  84   2   0  19 0.16  0.0    0  2.9 22 200   M    M   0        33 190
19  97  71  84   2   0  19 0.00  0.0    0  3.1 14 150   M    M   0        21 150
20  96  73  85   3   0  20 0.13  0.0    0  3.7 10 240   M    M   0        13 260
21  96  74  85   3   0  20 0.38  0.0    0  3.4 20 160   M    M   0        30 160
22  93  74  84   2   0  19 0.12  0.0    0  3.6 15 230   M    M   0        21 220
23  95  74  85   3   0  20 0.14  0.0    0  3.4 13 230   M    M   0        16 230
24  96  74  85   3   0  20 0.09  0.0    0  4.5 16 170   M    M   0        27 170
25  94  72  83   1   0  18 0.13  0.0    0  4.3 14 220   M    M   0        20 180
26  94  75  85   3   0  20 0.15  0.0    0  4.8 24 170   M    M   0        30 160
================================================================================
SM 2467 1904         0 501  6.12     0.0 100.5          M        0
================================================================================
AV 94.9 73.2                               3.9 FASTST   M    M   0    MAX(MPH)
                                 MISC ---->  # 24 260               # 34  260
================================================================================
NOTES:
# LAST OF SEVERAL OCCURRENCES

COLUMN 17 PEAK WIND IN M.P.H.

PRELIMINARY LOCAL CLIMATOLOGICAL DATA (WS FORM: F-6) , PAGE 2

                                          STATION:  CROSS CITY
                                          MONTH:    JULY
                                          YEAR:     2016
                                          LATITUDE:   29 37 N
                                          LONGITUDE:  83  6 W

[TEMPERATURE DATA]      [PRECIPITATION DATA]       SYMBOLS USED IN COLUMN 16

AVERAGE MONTHLY: 84.1   TOTAL FOR MONTH:   6.12    1 = FOG OR MIST
DPTR FM NORMAL:   2.6   DPTR FM NORMAL:    1.47    2 = FOG REDUCING VISIBILITY
HIGHEST:   100 ON 13,12 GRTST 24HR  2.11 ON  1- 2      TO 1/4 MILE OR LESS
LOWEST:     70 ON 13                               3 = THUNDER
                        SNOW, ICE PELLETS, HAIL    4 = ICE PELLETS
                        TOTAL MONTH:   0.0 INCH    5 = HAIL
                        GRTST 24HR     0.0         6 = FREEZING RAIN OR DRIZZLE
                        GRTST DEPTH:   0           7 = DUSTSTORM OR SANDSTORM:
                                                       VSBY 1/2 MILE OR LESS
                                                   8 = SMOKE OR HAZE
[NO. OF DAYS WITH]      [WEATHER - DAYS WITH]      9 = BLOWING SNOW
                                                   X = TORNADO
MAX 32 OR BELOW:   0    0.01 INCH OR MORE:  21
MAX 90 OR ABOVE:  25    0.10 INCH OR MORE:  19
MIN 32 OR BELOW:   0    0.50 INCH OR MORE:   2
MIN  0 OR BELOW:   0    1.00 INCH OR MORE:   2

[HDD (BASE 65) ]
TOTAL THIS MO.     0    CLEAR  (SCALE 0-3)  26
DPTR FM NORMAL     0    PTCLDY (SCALE 4-7)   0
TOTAL FM JUL 1     0    CLOUDY (SCALE 8-10)  0
DPTR FM NORMAL     0

[CDD (BASE 65) ]
TOTAL THIS MO.   501
DPTR FM NORMAL    75    [PRESSURE DATA]
TOTAL FM JAN 1  1711    HIGHEST SLP M ON M
DPTR FM NORMAL   359    LOWEST  SLP 29.96 ON 23

[REMARKS]
