000
CXUS55 KCAE 221400
CF6CUB
PRELIMINARY LOCAL CLIMATOLOGICAL DATA (WS FORM: F-6)

                                          STATION:   HAMILTON - OWENS AIRPORT SC
                                          MONTH:     MAY
                                          YEAR:      2017
                                          LATITUDE:   33 58 N
                                          LONGITUDE:  80 59 W

  TEMPERATURE IN F:       :PCPN:    SNOW:  WIND      :SUNSHINE: SKY     :PK WND
================================================================================
1   2   3   4   5  6A  6B    7    8   9   10  11  12  13   14  15   16   17  18
                                     12Z  AVG MX 2MIN
DY MAX MIN AVG DEP HDD CDD  WTR  SNW DPTH SPD SPD DIR MIN PSBL S-S WX    SPD DR
================================================================================

 1  87  67  77   9   0  12 0.12    M    M 10.0 25 280   M    M   8 13     34 270
 2  82  61  72   4   0   7 0.00    M    M  5.9 16 270   M    M   0 8      22 290
 3  86  55  71   2   0   6 0.00    M    M  2.7 10 190   M    M   0        17 290
 4  81  62  72   3   0   7 1.88    M    M  5.8 21 210   M    M   3 13     37 210
 5  69  53  61  -8   4   0 0.06    M    M 10.3 21 230   M    M   7 13     29 240
 6  73  52  63  -6   2   0 0.30    M    M  9.6 20 260   M    M   6 1      27 270
 7  74  48  61  -9   4   0 0.00    M    M  4.6 15 320   M    M   0        26 280
 8  80  49  65  -5   0   0 0.00    M    M  4.0 17 270   M    M   0        22 270
 9  89  56  73   3   0   8 0.00    M    M  4.3 18 260   M    M   1        23 270
10  93  60  77   7   0  12 0.00    M    M  3.6 14 270   M    M   0        20 270
11  92  66  79   8   0  14 0.00    M    M  4.7 18 280   M    M   0        25 270
12  82  66  74   3   0   9 0.05    M    M  4.6 13 310   M    M   3 13     20 310
13  69  62  66  -5   0   1 0.08    M    M  1.9  8  70   M    M   9 1      11  60
14  84  58  71  -1   0   6 0.00    M    M  2.4  9 310   M    M   0 1      15 270
15  92  58  75   3   0  10 0.00    M    M  2.9 12 300   M    M   0 8      16 290
16  94  63  79   7   0  14 0.00    M    M  3.0 12 170   M    M   0        17 160
17  91  67  79   7   0  14 0.00    M    M  5.9 15 170   M    M   1 8      19 180
18  90  67  79   6   0  14 0.00    M    M  4.8 14 170   M    M   1 1      17 170
19  91  67  79   6   0  14 0.00    M    M  3.2 13 170   M    M   0        17 180
20  92  68  80   7   0  15 0.00    M    M  3.1 12 180   M    M   4        17 180
21  87  72  80   6   0  15 0.16    M    M  5.0 12 180   M    M   5 1      16 120
================================================================================
SM 1778 1277        10 178  2.65    M    102.3          M       48
================================================================================
AV 84.7 60.8                               4.9 FASTST   M    M   2    MAX(MPH)
                                 MISC ---->  # 25 280               # 37  210
================================================================================
NOTES:
# LAST OF SEVERAL OCCURRENCES

COLUMN 17 PEAK WIND IN M.P.H.

PRELIMINARY LOCAL CLIMATOLOGICAL DATA (WS FORM: F-6) , PAGE 2

                                          STATION:  HAMILTON - OWENS AIRPORT SC
                                          MONTH:    MAY
                                          YEAR:     2017
                                          LATITUDE:   33 58 N
                                          LONGITUDE:  80 59 W

[TEMPERATURE DATA]      [PRECIPITATION DATA]       SYMBOLS USED IN COLUMN 16

AVERAGE MONTHLY: 72.7   TOTAL FOR MONTH:   2.65    1 = FOG OR MIST
DPTR FM NORMAL:   2.0   DPTR FM NORMAL:    0.80    2 = FOG REDUCING VISIBILITY
HIGHEST:    94 ON 16    GRTST 24HR  1.88 ON  4- 4      TO 1/4 MILE OR LESS
LOWEST:     48 ON  7                               3 = THUNDER
                        SNOW, ICE PELLETS, HAIL    4 = ICE PELLETS
                        TOTAL MONTH:    M          5 = HAIL
                        GRTST 24HR    M  ON   M    6 = FREEZING RAIN OR DRIZZLE
                        GRTST DEPTH:  M  ON   M    7 = DUSTSTORM OR SANDSTORM:
                                                       VSBY 1/2 MILE OR LESS
                                                   8 = SMOKE OR HAZE
[NO. OF DAYS WITH]      [WEATHER - DAYS WITH]      9 = BLOWING SNOW
                                                   X = TORNADO
MAX 32 OR BELOW:   0    0.01 INCH OR MORE:   7
MAX 90 OR ABOVE:   8    0.10 INCH OR MORE:   4
MIN 32 OR BELOW:   0    0.50 INCH OR MORE:   1
MIN  0 OR BELOW:   0    1.00 INCH OR MORE:   1

[HDD (BASE 65) ]
TOTAL THIS MO.    10    CLEAR  (SCALE 0-3)  14
DPTR FM NORMAL    -1    PTCLDY (SCALE 4-7)   6
TOTAL FM JUL 1  1573    CLOUDY (SCALE 8-10)  1
DPTR FM NORMAL  -739

[CDD (BASE 65) ]
TOTAL THIS MO.   178
DPTR FM NORMAL    41    [PRESSURE DATA]
TOTAL FM JAN 1   422    HIGHEST SLP M ON M
DPTR FM NORMAL   186    LOWEST  SLP 29.51 ON  5

[REMARKS]
