000
CXUS52 KCAE 181400
CF6CUB
PRELIMINARY LOCAL CLIMATOLOGICAL DATA (WS FORM: F-6)
STATION: HAMILTON - OWENS AIRPORT SC
MONTH: APRIL
YEAR: 2024
LATITUDE: 33 58 N
LONGITUDE: 80 59 W
TEMPERATURE IN F: :PCPN: SNOW: WIND :SUNSHINE: SKY :PK WND
================================================================================
1 2 3 4 5 6A 6B 7 8 9 10 11 12 13 14 15 16 17 18
12Z AVG MX 2MIN
DY MAX MIN AVG DEP HDD CDD WTR SNW DPTH SPD SPD DIR MIN PSBL S-S WX SPD DR
================================================================================
1 81 63 72 10 0 7 0.00 M M 7.7 18 270 M M 1 26 240
2 84 67 76 14 0 11 0.00 M M 7.9 17 260 M M 1 29 230
3 75 56 66 4 0 1 1.07 M M 11.4 29 190 M M 4 13 49 180
4 64 49 57 -5 8 0 0.00 M M 10.4 25 270 M M 3 37 260
5 66 44 55 -8 10 0 0.00 M M 4.9 16 290 M M 2 24 300
6 65 39 52 -11 13 0 0.00 M M 2.6 15 280 M M 0 8 23 270
7 72 40 56 -7 9 0 0.00 M M 2.0 8 270 M M 0 8 15 60
8 76 50 63 0 2 0 0.00 M M 4.4 13 180 M M 2 1 21 180
9 67 56 62 -2 3 0 0.01 M M 0.6 7 270 M M 3 10 180
10 79 57 68 4 0 3 0.02 M M 4.4 17 170 M M 6 1 28 160
11 80 64 72 8 0 7 0.45 M M 11.3 24 220 M M 7 1 40 200
12 73 56 65 1 0 0 0.00 M M 15.0 30 270 M M 1 46 300
13 76 46 61 -4 4 0 0.00 M M 5.2 17 270 M M 0 26 280
14 85 45 65 0 0 0 0.00 M M 3.8 16 260 M M 0 24 270
15 88 58 73 8 0 8 0.00 M M 6.8 16 270 M M 0 26 280
16 87 58 73 7 0 8 0.00 M M 3.2 13 250 M M 0 20 220
17 83 58 71 5 0 6 0.00 M M 4.0 14 180 M M 0 20 210
================================================================================
SM 1301 906 49 51 1.55 M 105.6 M 30
================================================================================
AV 76.5 53.3 6.2 FASTST M M 2 MAX(MPH)
MISC ----> 30 270 49 180
================================================================================
NOTES:
# LAST OF SEVERAL OCCURRENCES
COLUMN 17 PEAK WIND IN M.P.H.
PRELIMINARY LOCAL CLIMATOLOGICAL DATA (WS FORM: F-6) , PAGE 2
STATION: HAMILTON - OWENS AIRPORT SC
MONTH: APRIL
YEAR: 2024
LATITUDE: 33 58 N
LONGITUDE: 80 59 W
[TEMPERATURE DATA] [PRECIPITATION DATA] SYMBOLS USED IN COLUMN 16
AVERAGE MONTHLY: 64.9 TOTAL FOR MONTH: 1.55 1 = FOG OR MIST
DPTR FM NORMAL: 1.2 DPTR FM NORMAL: -0.00 2 = FOG REDUCING VISIBILITY
HIGHEST: 88 ON 15 GRTST 24HR 1.07 ON 3- 3 TO 1/4 MILE OR LESS
LOWEST: 39 ON 6 3 = THUNDER
SNOW, ICE PELLETS, HAIL 4 = ICE PELLETS
TOTAL MONTH: M 5 = HAIL
GRTST 24HR M ON M 6 = FREEZING RAIN OR DRIZZLE
GRTST DEPTH: M ON M 7 = DUSTSTORM OR SANDSTORM:
VSBY 1/2 MILE OR LESS
8 = SMOKE OR HAZE
[NO. OF DAYS WITH] [WEATHER - DAYS WITH] 9 = BLOWING SNOW
X = TORNADO
MAX 32 OR BELOW: 0 0.01 INCH OR MORE: 4
MAX 90 OR ABOVE: 0 0.10 INCH OR MORE: 2
MIN 32 OR BELOW: 0 0.50 INCH OR MORE: 1
MIN 0 OR BELOW: 0 1.00 INCH OR MORE: 1
[HDD (BASE 65) ]
TOTAL THIS MO. 49 CLEAR (SCALE 0-3) 13
DPTR FM NORMAL -16 PTCLDY (SCALE 4-7) 4
TOTAL FM JUL 1 1927 CLOUDY (SCALE 8-10) 0
DPTR FM NORMAL -249
[CDD (BASE 65) ]
TOTAL THIS MO. 51
DPTR FM NORMAL 10 [PRESSURE DATA]
TOTAL FM JAN 1 65 HIGHEST SLP M ON M
DPTR FM NORMAL -9 LOWEST SLP 29.40 ON 3
[REMARKS]