000
CXUS53 KUNR 260945
CF6CUT
PRELIMINARY LOCAL CLIMATOLOGICAL DATA (WS FORM: F-6)

                                          STATION:   CUSTER COUNTY AIRPORT SD
                                          MONTH:     MARCH
                                          YEAR:      2015
                                          LATITUDE:   43 43 N
                                          LONGITUDE: 103 37 W

  TEMPERATURE IN F:       :PCPN:    SNOW:  WIND      :SUNSHINE: SKY     :PK WND
================================================================================
1   2   3   4   5  6A  6B    7    8   9   10  11  12  13   14  15   16   17  18
                                     12Z  AVG MX 2MIN
DY MAX MIN AVG DEP HDD CDD  WTR  SNW DPTH SPD SPD DIR MIN PSBL S-S WX    SPD DR
================================================================================

 1  25   3  14 -14  51   0    T    M    M  6.6 22 280   M    M   1 1      30 290
 2  40   5  23  -5  42   0 0.15    M    M  7.7 15 250   M    M   4 1      22  50
 3  22  -4   9 -20  56   0 0.02    M    M  8.6 24 350   M    M   8 18     33 340
 4  13  -5   4 -25  61   0 0.00    M    M  9.4 21 290   M    M   0        34 290
 5  37  -2  18 -11  47   0 0.00    M    M  8.3 22 280   M    M   0        32 270
 6  47  25  36   7  29   0 0.00    M    M 12.5 29 280   M    M   0        40 290
 7  51  30  41  11  24   0 0.00    M    M  8.1 20 280   M    M   3        28 280
 8  50  24  37   7  28   0 0.00    M    M  5.2 18 270   M    M   1        24 260
 9  54  27  41  11  24   0 0.00    M    M  5.4 20 270   M    M   0        28 300
10  57  27  42  12  23   0 0.00    M    M  4.9 16 110   M    M   0        20 120
11  61  28  45  15  20   0 0.00    M    M  8.8 17 240   M    M   0        27 270
12  59  40  50  19  15   0 0.00    M    M  6.4 14 280   M    M   2        20 260
13  59  28  44  13  21   0 0.00    M    M  4.4 15 330   M    M   0        23 320
14  61  27  44  13  21   0 0.00    M    M 11.6 22 270   M    M   0        36 260
15  71  46  59  28   6   0 0.00    M    M  8.6 23 270   M    M   0        32 280
16  61  26  44  12  21   0 0.00    M    M  7.8 21  80   M    M   3 12     27  50
17  29  20  25  -7  40   0 0.02    M    M  5.6 10  80   M    M   8 12     15 190
18  55  25  40   8  25   0 0.00    M    M  5.5 18  80   M    M   2        23  80
19  50  29  40   8  25   0 0.00    M    M  8.9 23 290   M    M   0        36 300
20  61  31  46  14  19   0 0.00    M    M  7.1 21 290   M    M   0        30 310
21  67  28  48  16  17   0 0.00    M    M  5.8 16 270   M    M   1        21 270
22  55  29  42   9  23   0 0.00    M    M  5.6 15 280   M    M   4        22 270
23  50  28  39   6  26   0 0.08    M    M  6.8 16 190   M    M   6        26 180
24  47  27  37   4  28   0    T    M    M 12.0 25 270   M    M   3        36 270
25  43  25  34   1  31   0 0.00    M    M  4.8 15 290   M    M   6        23 310
================================================================================
SM 1225  567       723   0  0.27    M    186.4          M       52
================================================================================
AV 49.0 22.7                               7.5 FASTST   M    M   2    MAX(MPH)
                                 MISC ---->  # 29 280               # 40  290
================================================================================
NOTES:
# LAST OF SEVERAL OCCURRENCES

COLUMN 17 PEAK WIND IN M.P.H.

PRELIMINARY LOCAL CLIMATOLOGICAL DATA (WS FORM: F-6) , PAGE 2

                                          STATION:  CUSTER COUNTY AIRPORT SD
                                          MONTH:    MARCH
                                          YEAR:     2015
                                          LATITUDE:   43 43 N
                                          LONGITUDE: 103 37 W

[TEMPERATURE DATA]      [PRECIPITATION DATA]       SYMBOLS USED IN COLUMN 16

AVERAGE MONTHLY: 35.8   TOTAL FOR MONTH:   0.27    1 = FOG OR MIST
DPTR FM NORMAL:   5.0   DPTR FM NORMAL:   -0.47    2 = FOG REDUCING VISIBILITY
HIGHEST:    71 ON 15    GRTST 24HR  0.15 ON  2- 2      TO 1/4 MILE OR LESS
LOWEST:     -5 ON  4                               3 = THUNDER
                        SNOW, ICE PELLETS, HAIL    4 = ICE PELLETS
                        TOTAL MONTH:    M          5 = HAIL
                        GRTST 24HR    M  ON   M    6 = FREEZING RAIN OR DRIZZLE
                        GRTST DEPTH:  M  ON   M    7 = DUSTSTORM OR SANDSTORM:
                                                       VSBY 1/2 MILE OR LESS
                                                   8 = SMOKE OR HAZE
[NO. OF DAYS WITH]      [WEATHER - DAYS WITH]      9 = BLOWING SNOW
                                                   X = TORNADO
MAX 32 OR BELOW:   4    0.01 INCH OR MORE:   4
MAX 90 OR ABOVE:   0    0.10 INCH OR MORE:   1
MIN 32 OR BELOW:  23    0.50 INCH OR MORE:   0
MIN  0 OR BELOW:   3    1.00 INCH OR MORE:   0

[HDD (BASE 65) ]
TOTAL THIS MO.   723    CLEAR  (SCALE 0-3)  19
DPTR FM NORMAL  -132    PTCLDY (SCALE 4-7)   6
TOTAL FM JUL 1  6172    CLOUDY (SCALE 8-10)  0
DPTR FM NORMAL  -518

[CDD (BASE 65) ]
TOTAL THIS MO.     0
DPTR FM NORMAL     0    [PRESSURE DATA]
TOTAL FM JAN 1     0    HIGHEST SLP M ON M
DPTR FM NORMAL     0    LOWEST  SLP 29.40 ON 24

[REMARKS]
