000
CXUS52 KCHS 280715
CF6CXM
PRELIMINARY LOCAL CLIMATOLOGICAL DATA (WS FORM: F-6)

                                          STATION:   DOWNTOWN CHARLESTON SC
                                          MONTH:     MARCH
                                          YEAR:      2015
                                          LATITUDE:   32 46 N
                                          LONGITUDE:  79 56 W

  TEMPERATURE IN F:       :PCPN:    SNOW:  WIND      :SUNSHINE: SKY     :PK WND
================================================================================
1   2   3   4   5  6A  6B    7    8   9   10  11  12  13   14  15   16   17  18
                                     12Z  AVG MX 2MIN
DY MAX MIN AVG DEP HDD CDD  WTR  SNW DPTH SPD SPD DIR MIN PSBL S-S WX    SPD DR
================================================================================

 1  46  41  44 -11  21   0 0.44    M    M 14.2 16  20   M    M   M        23  40
 2  72  43  58   3   7   0 0.00    M    M  7.0 15  70   M    M   M        20  80
 3  61  49  55   0  10   0 0.00    M    M   M  16  55   M    M   M        21  60
 4  72  49  61   5   4   0 0.00    M    M  6.1 21 210   M    M   M        26 210
 5  69  47  58   2   7   0 0.16    M    M   M  32  15   M    M   M         M  M
 6  54  39  47  -9  18   0 0.00    M    M   M  40  23   M    M   M         M  M
 7  54  37  46 -10  19   0 0.00    M    M   M  12 117   M    M   M        14  25
 8  67  44  56  -1   9   0 0.00    M    M   M  14 182   M    M   M        19 180
 9  66  50  58   1   7   0 0.00    M    M   M  14 121   M    M   M        16 122
10  74  54  64   7   1   0 0.00    M    M   M  16 190   M    M   M        20 192
11  74  57  66   9   0   1 0.00    M    M   M  14 215   M    M   M        20 214
12  66  57  62   5   3   0 0.00    M    M   M   M   M   M    M   M         M  M
13  62  53  58   0   7   0 0.00    M    M   M   M   M   M    M   M         M  M
14  72  58  65   7   0   0 0.00    M    M   M  21 190   M    M   M        28 200
15  79  58  69  11   0   4 0.00    M    M  9.2 12 350   M    M   M        17 340
16  72  55  64   6   1   0 0.00    M    M   M  13 190   M    M   M        19 210
17  84  58  71  12   0   6 0.00    M    M   M  14 270   M    M   M        25 260
18  72  55  64   5   1   0 0.00    M    M   M   M   M   M    M   M         M  M
19  63  55  59   0   6   0 0.99    M    M   M  18 100   M    M   M        20  40
20  72  55  64   5   1   0 0.48    M    M 11.0 12  80   M    M   M        15 340
21  64  59  62   3   3   0 0.00    M    M  5.4 16  70   M    M   M        20  70
22  62  56  59  -1   6   0 0.26    M    M   M  16  60   M    M   M        23  60
23  59  52  56  -4   9   0 0.40    M    M   M  25  60   M    M   M         M  M
24  66  51  59  -1   6   0 0.00    M    M 13.5 17  30   M    M   M        21  30
25  75  58  67   7   0   2 0.01    M    M   M  22  60   M    M   M         M  M
26  73  59  66   5   0   1 0.00    M    M   M  16 180   M    M   M        20 179
27  70  50  60  -1   5   0 0.18    M    M  9.2 21  13   M    M   M        25 210
================================================================================
SM 1820 1399       151  14  2.92    M     75.6          M        M
================================================================================
AV 67.4 51.8                               9.4 FASTST   M    M   7    MAX(MPH)
                                 MISC ---->    40   M               # 28  200
================================================================================
NOTES:
# LAST OF SEVERAL OCCURRENCES

COLUMN 17 PEAK WIND IN M.P.H.

PRELIMINARY LOCAL CLIMATOLOGICAL DATA (WS FORM: F-6) , PAGE 2

                                          STATION:  DOWNTOWN CHARLESTON SC
                                          MONTH:    MARCH
                                          YEAR:     2015
                                          LATITUDE:   32 46 N
                                          LONGITUDE:  79 56 W

[TEMPERATURE DATA]      [PRECIPITATION DATA]       SYMBOLS USED IN COLUMN 16

AVERAGE MONTHLY: 59.6   TOTAL FOR MONTH:   2.92    1 = FOG OR MIST
DPTR FM NORMAL:   1.7   DPTR FM NORMAL:    0.06    2 = FOG REDUCING VISIBILITY
HIGHEST:    84 ON 17    GRTST 24HR  0.99 ON 19-19      TO 1/4 MILE OR LESS
LOWEST:     37 ON  7                               3 = THUNDER
                        SNOW, ICE PELLETS, HAIL    4 = ICE PELLETS
                        TOTAL MONTH:    M          5 = HAIL
                        GRTST 24HR    M  ON   M    6 = FREEZING RAIN OR DRIZZLE
                        GRTST DEPTH:  M  ON   M    7 = DUSTSTORM OR SANDSTORM:
                                                       VSBY 1/2 MILE OR LESS
                                                   8 = SMOKE OR HAZE
[NO. OF DAYS WITH]      [WEATHER - DAYS WITH]      9 = BLOWING SNOW
                                                   X = TORNADO
MAX 32 OR BELOW:   0    0.01 INCH OR MORE:   8
MAX 90 OR ABOVE:   0    0.10 INCH OR MORE:   7
MIN 32 OR BELOW:   0    0.50 INCH OR MORE:   1
MIN  0 OR BELOW:   0    1.00 INCH OR MORE:   0

[HDD (BASE 65) ]
TOTAL THIS MO.   151    CLEAR  (SCALE 0-3)   0
DPTR FM NORMAL   -57    PTCLDY (SCALE 4-7)   0
TOTAL FM JUL 1  1632    CLOUDY (SCALE 8-10)  0
DPTR FM NORMAL    -6

[CDD (BASE 65) ]
TOTAL THIS MO.    14
DPTR FM NORMAL     0    [PRESSURE DATA]
TOTAL FM JAN 1    17    HIGHEST SLP M ON M
DPTR FM NORMAL    -1    LOWEST  SLP M ON M

[REMARKS]
