000
CXUS52 KCHS 301323
CF6CXM
PRELIMINARY LOCAL CLIMATOLOGICAL DATA (WS FORM: F-6)

                                          STATION:   DOWNTOWN CHARLESTON SC
                                          MONTH:     APRIL
                                          YEAR:      2017
                                          LATITUDE:   32 46 N
                                          LONGITUDE:  79 56 W

  TEMPERATURE IN F:       :PCPN:    SNOW:  WIND      :SUNSHINE: SKY     :PK WND
================================================================================
1   2   3   4   5  6A  6B    7    8   9   10  11  12  13   14  15   16   17  18
                                     12Z  AVG MX 2MIN
DY MAX MIN AVG DEP HDD CDD  WTR  SNW DPTH SPD SPD DIR MIN PSBL S-S WX    SPD DR
================================================================================

 1  72  60  66   4   0   1 0.00    M    M  5.7 14 190   M    M   M        17 190
 2  67  59  63   1   2   0 0.00    M    M 10.4 19  80   M    M   M        23  80
 3  73  64  69   7   0   4 0.68    M    M 11.3 26 160   M    M   M        29 180
 4  78  66  72   9   0   7 0.00    M    M  8.0 17 210   M    M   M        24 220
 5  75  65  70   7   0   5 1.01    M    M  6.7 20 300   M    M   M        28 300
 6  69  56  63   0   2   0 0.80    M    M 11.4 18 260   M    M   M        27 270
 7  67  51  59  -4   6   0 0.00    M    M  8.0 14 280   M    M   M        23 310
 8  64  52  58  -6   7   0 0.00    M    M  7.3 14  30   M    M   M        18  30
 9  69  55  62  -2   3   0 0.00    M    M  5.5 12 130   M    M   M        14 140
10  73  60  67   3   0   2 0.00    M    M  5.1 11 110   M    M   M        12 110
11  76  61  69   5   0   4 0.00    M    M  4.6 11 130   M    M   M        13 130
12  76  62  69   4   0   4 0.00    M    M  3.5 10 140   M    M   M        11 140
13  78  63  71   6   0   6 0.00    M    M  4.9 12 120   M    M   M        13 120
14  74  64  69   4   0   4 0.00    M    M  7.0 12 130   M    M   M        15  70
15  77  66  72   7   0   7 0.00    M    M  4.9 12 170   M    M   M        14 170
16  74  66  70   4   0   5 0.00    M    M  6.2 13 190   M    M   M        17 190
17  77  65  71   5   0   6 0.00    M    M  6.3 14 180   M    M   M        18 180
18  78  68  73   7   0   8 0.00    M    M  6.4 14  80   M    M   M        17  70
19  80  67  74   8   0   9 0.04    M    M  5.3 13  30   M    M   M        16  30
20  80  67  74   7   0   9 0.00    M    M  5.1 12 180   M    M   M        15 180
21  78  68  73   6   0   8 0.00    M    M  7.7 14 180   M    M   M        18 210
22  78  71  75   8   0  10 0.00    M    M  9.8 14 210   M    M   M        20 190
23  76  72  74   7   0   9 0.00    M    M 10.5 16 180   M    M   M        20 140
24  75  62  69   1   0   4 3.06    M    M  9.7 21 170   M    M   M        29 160
25  75  59  67  -1   0   2 0.00    M    M  5.4 11 290   M    M   M        18 270
26  80  67  74   6   0   9 0.00    M    M  8.1 17 180   M    M   M        19 190
27  79  70  75   7   0  10 0.00    M    M 10.6 18 190   M    M   M        24 190
28  79  74  77   8   0  12 0.00    M    M 10.3 17 190   M    M   M        22 190
29  79  74  77   8   0  12 0.00    M    M 10.0 15 180   M    M   M        20 180
================================================================================
SM 2176 1854        20 157  5.59    M    215.7          M        M
================================================================================
AV 75.0 63.9                               7.4 FASTST   M    M -nan   MAX(MPH)
                                 MISC ---->  # 26 160               # 29  180
================================================================================
NOTES:
# LAST OF SEVERAL OCCURRENCES

COLUMN 17 PEAK WIND IN M.P.H.

PRELIMINARY LOCAL CLIMATOLOGICAL DATA (WS FORM: F-6) , PAGE 2

                                          STATION:  DOWNTOWN CHARLESTON SC
                                          MONTH:    APRIL
                                          YEAR:     2017
                                          LATITUDE:   32 46 N
                                          LONGITUDE:  79 56 W

[TEMPERATURE DATA]      [PRECIPITATION DATA]       SYMBOLS USED IN COLUMN 16

AVERAGE MONTHLY: 69.5   TOTAL FOR MONTH:   5.59    1 = FOG OR MIST
DPTR FM NORMAL:   4.1   DPTR FM NORMAL:    3.14    2 = FOG REDUCING VISIBILITY
HIGHEST:    80 ON 26,20 GRTST 24HR  3.06 ON 24-24      TO 1/4 MILE OR LESS
LOWEST:     51 ON  7                               3 = THUNDER
                        SNOW, ICE PELLETS, HAIL    4 = ICE PELLETS
                        TOTAL MONTH:    M          5 = HAIL
                        GRTST 24HR    M  ON   M    6 = FREEZING RAIN OR DRIZZLE
                        GRTST DEPTH:  M  ON   M    7 = DUSTSTORM OR SANDSTORM:
                                                       VSBY 1/2 MILE OR LESS
                                                   8 = SMOKE OR HAZE
[NO. OF DAYS WITH]      [WEATHER - DAYS WITH]      9 = BLOWING SNOW
                                                   X = TORNADO
MAX 32 OR BELOW:   0    0.01 INCH OR MORE:   5
MAX 90 OR ABOVE:   0    0.10 INCH OR MORE:   4
MIN 32 OR BELOW:   0    0.50 INCH OR MORE:   4
MIN  0 OR BELOW:   0    1.00 INCH OR MORE:   2

[HDD (BASE 65) ]
TOTAL THIS MO.    20    CLEAR  (SCALE 0-3)   0
DPTR FM NORMAL   -49    PTCLDY (SCALE 4-7)   0
TOTAL FM JUL 1  1055    CLOUDY (SCALE 8-10)  0
DPTR FM NORMAL  -670

[CDD (BASE 65) ]
TOTAL THIS MO.   157
DPTR FM NORMAL    80    [PRESSURE DATA]
TOTAL FM JAN 1   210    HIGHEST SLP M ON M
DPTR FM NORMAL   110    LOWEST  SLP 29.56 ON 24

[REMARKS]
