000
CXUS52 KCHS 290815
CF6CXM
PRELIMINARY LOCAL CLIMATOLOGICAL DATA (WS FORM: F-6)
STATION: DOWNTOWN CHARLESTON SC
MONTH: MARCH
YEAR: 2024
LATITUDE: 32 46 N
LONGITUDE: 79 56 W
TEMPERATURE IN F: :PCPN: SNOW: WIND :SUNSHINE: SKY :PK WND
================================================================================
1 2 3 4 5 6A 6B 7 8 9 10 11 12 13 14 15 16 17 18
12Z AVG MX 2MIN
DY MAX MIN AVG DEP HDD CDD WTR SNW DPTH SPD SPD DIR MIN PSBL S-S WX SPD DR
================================================================================
1 63 51 57 1 8 0 1.57 M M 13.6 22 70 M M M 27 70
2 68 60 64 8 1 0 0.31 M M 3.7 10 180 M M M 12 180
3 72 58 65 9 0 0 0.00 M M 5.2 16 100 M M M 17 100
4 72 58 65 9 0 0 0.00 M M 6.3 13 360 M M M 17 360
5 65 58 62 5 3 0 0.00 M M 6.6 13 100 M M M 15 110
6 75 62 69 12 0 4 0.75 M M 8.8 20 160 M M M 28 160
7 69 59 64 7 1 0 0.00 M M 6.1 14 340 M M M 19 350
8 63 58 61 4 4 0 0.00 M M 14.7 26 70 M M M 31 60
9 71 62 67 10 0 2 3.63 M M 13.7 27 190 M M M 42 260
10 68 56 62 4 3 0 0.00 M M 9.1 16 300 M M M 26 300
11 63 47 55 -3 10 0 0.00 M M 7.7 15 340 M M M 23 340
12 66 51 59 1 6 0 0.00 M M 6.9 15 180 M M M 18 200
13 72 56 64 6 1 0 0.00 M M 6.5 16 210 M M M 19 210
14 73 58 66 8 0 1 0.00 M M 5.3 12 180 M M M 16 190
15 76 60 68 10 0 3 0.01 M M 6.3 14 220 M M M 19 200
16 77 66 72 13 0 7 0.01 M M 7.3 17 200 M M M 20 220
17 73 62 68 9 0 3 0.00 M M 6.4 15 220 M M M 22 300
18 72 55 64 5 1 0 0.00 M M 8.3 15 310 M M M 29 320
19 57 44 51 -8 14 0 0.00 M M 10.0 21 360 M M M 24 360
20 71 50 61 1 4 0 0.00 M M 7.3 16 200 M M M 20 210
21 69 55 62 2 3 0 0.00 M M 9.9 21 90 M M M 23 90
22 65 62 64 4 1 0 0.98 M M 12.4 27 130 M M M 36 130
23 74 63 69 9 0 4 0.07 M M 8.8 18 360 M M M 25 360
24 63 51 57 -3 8 0 0.00 M M 16.4 22 20 M M M 29 360
25 62 45 54 -7 11 0 0.00 M M 15.4 23 70 M M M 27 70
26 65 59 62 1 3 0 0.00 M M 13.3 21 80 M M M 25 70
27 69 63 66 5 0 1 0.03 M M 7.6 18 150 M M M 21 150
28 66 58 62 1 3 0 0.53 M M 9.3 20 10 M M M 26 10
================================================================================
SM 1919 1587 85 25 7.89 M 252.9 M M
================================================================================
AV 68.5 56.7 9.0 FASTST M M M MAX(MPH)
MISC ----> # 27 190 42 260
================================================================================
NOTES:
# LAST OF SEVERAL OCCURRENCES
COLUMN 17 PEAK WIND IN M.P.H.
PRELIMINARY LOCAL CLIMATOLOGICAL DATA (WS FORM: F-6) , PAGE 2
STATION: DOWNTOWN CHARLESTON SC
MONTH: MARCH
YEAR: 2024
LATITUDE: 32 46 N
LONGITUDE: 79 56 W
[TEMPERATURE DATA] [PRECIPITATION DATA] SYMBOLS USED IN COLUMN 16
AVERAGE MONTHLY: 62.6 TOTAL FOR MONTH: 7.89 1 = FOG OR MIST
DPTR FM NORMAL: 4.1 DPTR FM NORMAL: 5.17 2 = FOG REDUCING VISIBILITY
HIGHEST: 77 ON 16 GRTST 24HR 3.63 ON 9- 9 TO 1/4 MILE OR LESS
LOWEST: 44 ON 19 3 = THUNDER
SNOW, ICE PELLETS, HAIL 4 = ICE PELLETS
TOTAL MONTH: M 5 = HAIL
GRTST 24HR M ON M 6 = FREEZING RAIN OR DRIZZLE
GRTST DEPTH: M ON M 7 = DUSTSTORM OR SANDSTORM:
VSBY 1/2 MILE OR LESS
8 = SMOKE OR HAZE
[NO. OF DAYS WITH] [WEATHER - DAYS WITH] 9 = BLOWING SNOW
X = TORNADO
MAX 32 OR BELOW: 0 0.01 INCH OR MORE: 10
MAX 90 OR ABOVE: 0 0.10 INCH OR MORE: 6
MIN 32 OR BELOW: 0 0.50 INCH OR MORE: 5
MIN 0 OR BELOW: 0 1.00 INCH OR MORE: 2
[HDD (BASE 65) ]
TOTAL THIS MO. 85 CLEAR (SCALE 0-3) 0
DPTR FM NORMAL -116 PTCLDY (SCALE 4-7) 0
TOTAL FM JUL 1 1245 CLOUDY (SCALE 8-10) 28
DPTR FM NORMAL -300
[CDD (BASE 65) ]
TOTAL THIS MO. 25
DPTR FM NORMAL 11 [PRESSURE DATA]
TOTAL FM JAN 1 25 HIGHEST SLP M ON M
DPTR FM NORMAL 6 LOWEST SLP 29.49 ON 23
[REMARKS]