000
CXUS54 KHGX 260731
CF6CXO
PRELIMINARY LOCAL CLIMATOLOGICAL DATA (WS FORM: F-6)

                                          STATION:   CONROE
                                          MONTH:     AUGUST
                                          YEAR:      2016
                                          LATITUDE:   30 21 N
                                          LONGITUDE:  95 25 W

  TEMPERATURE IN F:       :PCPN:    SNOW:  WIND      :SUNSHINE: SKY     :PK WND
================================================================================
1   2   3   4   5  6A  6B    7    8   9   10  11  12  13   14  15   16   17  18
                                     12Z  AVG MX 2MIN
DY MAX MIN AVG DEP HDD CDD  WTR  SNW DPTH SPD SPD DIR MIN PSBL S-S WX    SPD DR
================================================================================

 1  96  71  84   0   0  19 0.00  0.0    0  4.4 15 150   M    M   1 1      19 150
 2  97  73  85   1   0  20 0.00  0.0    0  2.9 13 170   M    M   1        15 170
 3  97  73  85   1   0  20 0.00  0.0    0  3.8 13 150   M    M   1        15 190
 4  98  73  86   2   0  21 0.00  0.0    0  4.3 14 150   M    M   0        16 150
 5  98  73  86   2   0  21 0.00  0.0    0  2.7 14 190   M    M   2        16 180
 6  98  73  86   2   0  21 0.00  0.0    0  3.6 12 270   M    M   2        18 220
 7  99  75  87   3   0  22 0.00  0.0    0  4.5 12 220   M    M   1 1      14 270
 8  99  77  88   4   0  23 0.00  0.0    0  3.8 12 150   M    M   2        14 150
 9 100  73  87   3   0  22 0.00  0.0    0  4.2 13 140   M    M   1        15 140
10 100  76  88   4   0  23 0.00  0.0    0  4.5 12 270   M    M   1        15 270
11  99  81  90   7   0  25 0.00  0.0    0  7.0 16 160   M    M   1        20 210
12 100  79  90   7   0  25 0.00  0.0    0  8.2 15 200   M    M   3        22 180
13  97  76  87   4   0  22 0.56  0.0    0  5.5 24 350   M    M   6 13     31 350
14  83  71  77  -6   0  12 1.55  0.0    0  4.2 17 250   M    M   9 13     23 250
15  85  73  79  -4   0  14 0.75  0.0    0  4.6 10 230   M    M   5 13     15 250
16  83  73  78  -5   0  13 2.22  0.0    0  3.7 22 160   M    M   7 138    28 160
17  83  72  78  -5   0  13 0.46  0.0    0  4.4 26 190   M    M   7 13     34 180
18  86  73  80  -3   0  15 0.07  0.0    0  2.3 17 200   M    M   5 138    22 200
19  91  73  82  -1   0  17 0.01  0.0    0  3.6 20 200   M    M   5 123    26 210
20  91  72  82  -1   0  17 0.24  0.0    0  3.3 31 200   M    M   2 13     41 200
21  85  72  79  -4   0  14 0.42  0.0    0  2.3 20 260   M    M   6 13     27 270
22  86  73  80  -3   0  15 0.19  0.0    0  3.3 14 250   M    M   4 123    20 250
23  94  75  85   3   0  20 0.29  0.0    0  6.1 30 150   M    M   5 1238   37 140
24  93  73  83   1   0  18 0.41  0.0    0  3.0 20 140   M    M   4 1238   23 140
25  91  72  82   0   0  17    T  0.0    0  1.9 13  60   M    M   2 13     16  70
================================================================================
SM 2329 1845         0 469  7.17     0.0 102.1          M       83
================================================================================
AV 93.2 73.8                               4.1 FASTST   M    M   3    MAX(MPH)
                                 MISC ---->  # 31 200               # 41  200
================================================================================
NOTES:
# LAST OF SEVERAL OCCURRENCES

COLUMN 17 PEAK WIND IN M.P.H.

PRELIMINARY LOCAL CLIMATOLOGICAL DATA (WS FORM: F-6) , PAGE 2

                                          STATION:  CONROE
                                          MONTH:    AUGUST
                                          YEAR:     2016
                                          LATITUDE:   30 21 N
                                          LONGITUDE:  95 25 W

[TEMPERATURE DATA]      [PRECIPITATION DATA]       SYMBOLS USED IN COLUMN 16

AVERAGE MONTHLY: 83.5   TOTAL FOR MONTH:   7.17    1 = FOG OR MIST
DPTR FM NORMAL:   0.2   DPTR FM NORMAL:    4.74    2 = FOG REDUCING VISIBILITY
HIGHEST:   100 ON 12,10 GRTST 24HR  2.54 ON 15-16      TO 1/4 MILE OR LESS
LOWEST:     71 ON 14, 1                            3 = THUNDER
                        SNOW, ICE PELLETS, HAIL    4 = ICE PELLETS
                        TOTAL MONTH:   0.0 INCH    5 = HAIL
                        GRTST 24HR     0.0         6 = FREEZING RAIN OR DRIZZLE
                        GRTST DEPTH:   0           7 = DUSTSTORM OR SANDSTORM:
                                                       VSBY 1/2 MILE OR LESS
                                                   8 = SMOKE OR HAZE
[NO. OF DAYS WITH]      [WEATHER - DAYS WITH]      9 = BLOWING SNOW
                                                   X = TORNADO
MAX 32 OR BELOW:   0    0.01 INCH OR MORE:  12
MAX 90 OR ABOVE:  18    0.10 INCH OR MORE:  10
MIN 32 OR BELOW:   0    0.50 INCH OR MORE:   4
MIN  0 OR BELOW:   0    1.00 INCH OR MORE:   2

[HDD (BASE 65) ]
TOTAL THIS MO.     0    CLEAR  (SCALE 0-3)  14
DPTR FM NORMAL     0    PTCLDY (SCALE 4-7)  10
TOTAL FM JUL 1     0    CLOUDY (SCALE 8-10)  1
DPTR FM NORMAL     0

[CDD (BASE 65) ]
TOTAL THIS MO.   469
DPTR FM NORMAL    15    [PRESSURE DATA]
TOTAL FM JAN 1  2108    HIGHEST SLP M ON M
DPTR FM NORMAL   171    LOWEST  SLP 29.69 ON 13

[REMARKS]
