000
CXUS55 KCYS 011901
CF6CYS
PRELIMINARY LOCAL CLIMATOLOGICAL DATA (WS FORM: F-6)     ...CORRECTED...

                                          STATION:   CHEYENNE WYOMING AIRPORT
                                          MONTH:     AUGUST
                                          YEAR:      2014
                                          LATITUDE:   41  9 N
                                          LONGITUDE: 104 49 W

  TEMPERATURE IN F:       :PCPN:    SNOW:  WIND      :SUNSHINE: SKY     :PK WND
================================================================================
1   2   3   4   5  6A  6B    7    8   9   10  11  12  13   14  15   16   17  18
                                     12Z  AVG MX 2MIN
DY MAX MIN AVG DEP HDD CDD  WTR  SNW DPTH SPD SPD DIR MIN PSBL S-S WX    SPD DR
================================================================================

 1  79  50  65  -5   0   0 0.00  0.0    0  8.8 17 200   M    M   1        28 180
 2  80  52  66  -4   0   1 0.00  0.0    0  7.7 17 200   M    M   0        24 210
 3  82  53  68  -2   0   3 0.00  0.0    0  8.1 18 200   M    M   0        28 200
 4  84  59  72   2   0   7 0.02  0.0    0  7.6 25 320   M    M   4 3      33 330
 5  80  59  70   1   0   5 0.18  0.0    0  5.9 32 270   M    M   4 13     44 270
 6  81  56  69   0   0   4 0.09  0.0    0  8.5 36 280   M    M   4 3      42 280
 7  80  53  67  -2   0   2 0.04  0.0    0  7.6 32 330   M    M   1 3      42 330
 8  80  50  65  -4   0   0 0.01  0.0    0  7.7 26 260   M    M   1 3      35 310
 9  80  58  69   0   0   4 0.00  0.0    0 12.6 24 310   M    M   1        31 290
10  77  53  65  -4   0   0 0.00  0.0    0  9.5 16  30   M    M   0        27 350
11  82  53  68  -1   0   3 0.00  0.0    0  7.8 15 170   M    M   1        25 190
12  86  53  70   2   0   5 0.00  0.0    0  8.9 15 160   M    M   0        31 190
13  87  58  73   5   0   8 0.00  0.0    0  9.6 20 210   M    M   0        29 200
14  79  61  70   2   0   5 0.03  0.0    0  8.0 30 280   M    M   4 3      37 250
15  87  60  74   6   0   9 0.00  0.0    0 13.1 26 330   M    M   2        35 310
16  89  59  74   6   0   9 0.00  0.0    0 10.8 21 280   M    M   1        30 310
17  89  55  72   4   0   7 0.00  0.0    0 12.1 24 280   M    M   0        31 280
18  84  56  70   2   0   5 0.11  0.0    0  9.5 29 280   M    M   1 38     39 270
19  86  53  70   3   0   5 0.06  0.0    0  8.9 28 270   M    M   2 38     37 270
20  84  60  72   5   0   7    T  0.0    0 12.7 30 280   M    M   4        39 270
21  81  54  68   1   0   3    T  0.0    0 10.9 26 200   M    M   2 3      32 200
22  73  57  65  -2   0   0 0.20  0.0    0 10.1 24 170   M    M   7 13     29 160
23  73  49  61  -6   4   0 0.14  0.0    0 10.3 30 280   M    M   5 13     38 290
24  78  48  63  -3   2   0 0.01  0.0    0 11.5 29 280   M    M   3 3      37 280
25  73  46  60  -6   5   0 0.11  0.0    0 10.2 23 200   M    M   2 13     31 200
26  76  53  65  -1   0   0 0.01  0.0    0  8.9 26 200   M    M   3        37 200
27  70  52  61  -5   4   0 0.40  0.0    0  8.5 35 270   M    M   6 13     42 260
28  69  50  60  -5   5   0 0.02  0.0    0 10.0 29 340   M    M   3        36 330
29  76  48  62  -3   3   0 0.00  0.0    0  9.5 25 330   M    M   2        32 330
30  83  48  66   1   0   1 0.02  0.0    0 13.0 37 260   M    M   2 3      50 270
31  71  46  59  -5   6   0 0.03  0.0    0 12.3 36 300   M    M   3 3      47 270
================================================================================
SM 2479 1662        29  93  1.48     0.0 300.6          M       69
================================================================================
AV 80.0 53.6                               9.7 FASTST   M    M   2    MAX(MPH)
                                 MISC ---->    37 260                 50  270
================================================================================
NOTES:
# LAST OF SEVERAL OCCURRENCES

COLUMN 17 PEAK WIND IN M.P.H.

PRELIMINARY LOCAL CLIMATOLOGICAL DATA (WS FORM: F-6) , PAGE 2

                                          STATION:  CHEYENNE WYOMING AIRPORT
                                          MONTH:    AUGUST
                                          YEAR:     2014
                                          LATITUDE:   41  9 N
                                          LONGITUDE: 104 49 W

[TEMPERATURE DATA]      [PRECIPITATION DATA]       SYMBOLS USED IN COLUMN 16

AVERAGE MONTHLY: 66.8   TOTAL FOR MONTH:   1.48    1 = FOG OR MIST
DPTR FM NORMAL:  -0.8   DPTR FM NORMAL:   -0.47    2 = FOG REDUCING VISIBILITY
HIGHEST:    89 ON 17,16 GRTST 24HR  0.40 ON 27-27      TO 1/4 MILE OR LESS
LOWEST:     46 ON 31,25                            3 = THUNDER
                        SNOW, ICE PELLETS, HAIL    4 = ICE PELLETS
                        TOTAL MONTH:   0.0 INCH    5 = HAIL
                        GRTST 24HR     0.0         6 = FREEZING RAIN OR DRIZZLE
                        GRTST DEPTH:   0           7 = DUSTSTORM OR SANDSTORM:
                                                       VSBY 1/2 MILE OR LESS
                                                   8 = SMOKE OR HAZE
[NO. OF DAYS WITH]      [WEATHER - DAYS WITH]      9 = BLOWING SNOW
                                                   X = TORNADO
MAX 32 OR BELOW:   0    0.01 INCH OR MORE:  17
MAX 90 OR ABOVE:   0    0.10 INCH OR MORE:   6
MIN 32 OR BELOW:   0    0.50 INCH OR MORE:   0
MIN  0 OR BELOW:   0    1.00 INCH OR MORE:   0

[HDD (BASE 65) ]
TOTAL THIS MO.    29    CLEAR  (SCALE 0-3)  22
DPTR FM NORMAL    -5    PTCLDY (SCALE 4-7)   9
TOTAL FM JUL 1    58    CLOUDY (SCALE 8-10)  0
DPTR FM NORMAL     2

[CDD (BASE 65) ]
TOTAL THIS MO.    93
DPTR FM NORMAL   -23    [PRESSURE DATA]
TOTAL FM JAN 1   266    HIGHEST SLP 30.19 ON 10
DPTR FM NORMAL   -60    LOWEST  SLP 29.67 ON 31

[REMARKS]
NONE
#FINAL-08-14#
