000
CXUS53 KUNR 280945
CF6D07
PRELIMINARY LOCAL CLIMATOLOGICAL DATA (WS FORM: F-6)

                                          STATION:   FAITH SD
                                          MONTH:     MAY
                                          YEAR:      2017
                                          LATITUDE:   45  1 N
                                          LONGITUDE: 102  1 W

  TEMPERATURE IN F:       :PCPN:    SNOW:  WIND      :SUNSHINE: SKY     :PK WND
================================================================================
1   2   3   4   5  6A  6B    7    8   9   10  11  12  13   14  15   16   17  18
                                     12Z  AVG MX 2MIN
DY MAX MIN AVG DEP HDD CDD  WTR  SNW DPTH SPD SPD DIR MIN PSBL S-S WX    SPD DR
================================================================================

 1  63  37  50  -1  15   0    M    M    M 18.5 39 320   M    M   M        47 310
 2  62  35  49  -2  16   0 0.00    M    M 10.7 22 320   M    M   M        26 320
 3  63  37  50  -1  15   0 0.00    M    M 12.7 24 330   M    M   M        30 320
 4  71  38  55   3  10   0 0.00    M    M  4.9 14 200   M    M   M        16 310
 5  81  45  63  11   2   0 0.00    M    M  7.9 18 130   M    M   M        24 130
 6  82  52  67  15   0   2 0.00    M    M 23.4 31 150   M    M   M        40 150
 7  89  53  71  18   0   6 0.00    M    M 18.3 26 160   M    M   M        33 150
 8  68  44  56   3   9   0 0.00    M    M 20.7 39 320   M    M   M        48 320
 9  59  46  53   0  12   0 0.00    M    M  7.1 21 210   M    M   M        25 210
10  70  43  57   4   8   0 0.00    M    M  8.4 17  20   M    M   M        22  20
11  75  38  57   3   8   0 0.00    M    M 13.3 22 170   M    M   M        25 200
12  81  44  63   9   2   0 0.00    M    M 15.5 24 150   M    M   M        30 140
13  85  52  69  15   0   4 0.00    M    M 18.7 33 300   M    M   M        42 280
14  74  50  62   8   3   0 0.01    M    M 15.4 30 320   M    M   M        37 320
15  72  50  61   6   4   0 0.20    M    M 10.1 22 320   M    M   M        27 320
16  62  52  57   2   8   0 0.91    M    M 11.0 23 280   M    M   M        28 310
17  55  44  50  -5  15   0 0.00    M    M 19.2 30  30   M    M   M        35  40
18  57  37  47  -9  18   0 0.00    M    M 16.7 29  30   M    M   M        41  40
19  52  42  47  -9  18   0 0.00    M    M  7.1 14  10   M    M   M        18 160
20  60  36  48  -8  17   0 0.00    M    M 10.6 25  30   M    M   M        33  10
21  69  31  50  -6  15   0 0.00    M    M 11.5 32 290   M    M   M        40 290
22  64  45  55  -2  10   0 0.05    M    M 16.3 28  10   M    M   M        37  10
23  63  38  51  -6  14   0 0.00    M    M 15.7 30 360   M    M   M        38 360
24  72  35  54  -3  11   0 0.00    M    M 21.9 33 140   M    M   M        47 130
25  73  45  59   1   6   0 0.00    M    M 16.7 30 310   M    M   M        38 300
26  68  45  57  -1   8   0 0.00    M    M 14.1 30 310   M    M   M        39 290
27  73  47  60   2   5   0 0.04    M    M 13.1 32 280   M    M   M        43 280
================================================================================
SM 1863 1161       249  12  1.21    M    379.5          M        M
================================================================================
AV 69.0 43.0                              14.1 FASTST   M    M   4    MAX(MPH)
                                 MISC ---->  # 39 320               # 48  320
================================================================================
NOTES:
# LAST OF SEVERAL OCCURRENCES

COLUMN 17 PEAK WIND IN M.P.H.

PRELIMINARY LOCAL CLIMATOLOGICAL DATA (WS FORM: F-6) , PAGE 2

                                          STATION:  FAITH SD
                                          MONTH:    MAY
                                          YEAR:     2017
                                          LATITUDE:   45  1 N
                                          LONGITUDE: 102  1 W

[TEMPERATURE DATA]      [PRECIPITATION DATA]       SYMBOLS USED IN COLUMN 16

AVERAGE MONTHLY: 56.0   TOTAL FOR MONTH:   1.21    1 = FOG OR MIST
DPTR FM NORMAL:   1.5   DPTR FM NORMAL:   -1.43    2 = FOG REDUCING VISIBILITY
HIGHEST:    89 ON  7    GRTST 24HR  0.99 ON 15-16      TO 1/4 MILE OR LESS
LOWEST:     31 ON 21                               3 = THUNDER
                        SNOW, ICE PELLETS, HAIL    4 = ICE PELLETS
                        TOTAL MONTH:    M          5 = HAIL
                        GRTST 24HR    M  ON   M    6 = FREEZING RAIN OR DRIZZLE
                        GRTST DEPTH:  M  ON   M    7 = DUSTSTORM OR SANDSTORM:
                                                       VSBY 1/2 MILE OR LESS
                                                   8 = SMOKE OR HAZE
[NO. OF DAYS WITH]      [WEATHER - DAYS WITH]      9 = BLOWING SNOW
                                                   X = TORNADO
MAX 32 OR BELOW:   0    0.01 INCH OR MORE:   5
MAX 90 OR ABOVE:   0    0.10 INCH OR MORE:   2
MIN 32 OR BELOW:   1    0.50 INCH OR MORE:   1
MIN  0 OR BELOW:   0    1.00 INCH OR MORE:   0

[HDD (BASE 65) ]
TOTAL THIS MO.   249    CLEAR  (SCALE 0-3)   0
DPTR FM NORMAL   -43    PTCLDY (SCALE 4-7)   0
TOTAL FM JUL 1  7073    CLOUDY (SCALE 8-10)  0
DPTR FM NORMAL  -518

[CDD (BASE 65) ]
TOTAL THIS MO.    12
DPTR FM NORMAL    11    [PRESSURE DATA]
TOTAL FM JAN 1    12    HIGHEST SLP M ON M
DPTR FM NORMAL    10    LOWEST  SLP 28.96 ON 24

[REMARKS]
