446
CXUS52 KMLB 300627
CF6DAB
PRELIMINARY LOCAL CLIMATOLOGICAL DATA (WS FORM: F-6)

                                          STATION:   DAYTONA BEACH
                                          MONTH:     MAY
                                          YEAR:      2016
                                          LATITUDE:   29 10 N
                                          LONGITUDE:  81  3 W

  TEMPERATURE IN F:       :PCPN:    SNOW:  WIND      :SUNSHINE: SKY     :PK WND
================================================================================
1   2   3   4   5  6A  6B    7    8   9   10  11  12  13   14  15   16   17  18
                                     12Z  AVG MX 2MIN
DY MAX MIN AVG DEP HDD CDD  WTR  SNW DPTH SPD SPD DIR MIN PSBL S-S WX    SPD DR
================================================================================

 1  85  68  77   5   0  12 0.00  0.0    0  6.0 15  90   M    M   5 1      22 150
 2  86  69  78   6   0  13    T  0.0    0  6.4 14 100   M    M   5 1      21 130
 3  90  70  80   8   0  15 0.17  0.0    0  7.2 18 240   M    M   6 3      24 330
 4  74  63  69  -3   0   4 0.38  0.0    0  7.0 18 320   M    M   7 13     27 320
 5  81  55  68  -5   0   3 0.00  0.0    0  9.9 24 270   M    M   1        31 270
 6  78  51  65  -8   0   0 0.00  0.0    0  7.0 18 300   M    M   2        26 260
 7  80  53  67  -6   0   2 0.00  0.0    0  6.8 17  60   M    M   1        24  60
 8  86  55  71  -2   0   6 0.00  0.0    0  5.6 14  70   M    M   1        18  70
 9  84  57  71  -3   0   6 0.00  0.0    0  4.6 14  80   M    M   2        19  80
10  83  66  75   1   0  10 0.00  0.0    0  5.5 15  70   M    M   6 X      21  80
11  87  67  77   3   0  12 0.00  0.0    0  4.9 15  70   M    M   6        18  80
12  86  66  76   2   0  11 0.00  0.0    0  3.8 12  80   M    M   5 1      15  80
13  90  67  79   5   0  14    T  0.0    0  6.0 18  20   M    M   6 3      24  30
14  87  67  77   2   0  12 0.00  0.0    0  4.9 13  50   M    M   3 1      15  80
15  84  60  72  -3   0   7 0.00  0.0    0  7.8 18  40   M    M   5        22  50
16  86  67  77   2   0  12 0.00  0.0    0  6.0 18  70   M    M   7 1      24  80
17  87  70  79   4   0  14 3.12  0.0    0  6.2 37 260   M    M   9 13     45 280
18  88  69  79   3   0  14    T  0.0    0  8.1 14  60   M    M   9        17 240
19  92  71  82   6   0  17 0.68  0.0    0  4.6 21 310   M    M   7 13     25  10
20  87  70  79   3   0  14 0.17  0.0    0  5.4 23 320   M    M   7 123    29 320
21  89  70  80   4   0  15    T  0.0    0  5.1 17 270   M    M   6        22 280
22  88  70  79   2   0  14 0.00  0.0    0  8.4 20 260   M    M   5        26 270
23  84  65  75  -2   0  10 0.00  0.0    0  5.5 15  60   M    M   4        22  50
24  86  66  76  -1   0  11 0.00  0.0    0  5.9 16  90   M    M   4 1      25  70
25  85  69  77   0   0  12 0.00  0.0    0  4.9 15  70   M    M   2 18     20  70
26  84  64  74  -3   0   9 0.00  0.0    0  8.4 20  40   M    M   4        25  50
27  84  72  78   0   0  13    T  0.0    0 10.1 18  60   M    M   4        24  80
28  87  68  78   0   0  13 0.00  0.0    0  8.7 22  20   M    M   3        26  40
29  89  68  79   1   0  14 0.00  0.0    0  6.0 13  80   M    M   4 3      16  50
================================================================================
SM 2477 1893         0 309  4.52     0.0 186.7          M      136
================================================================================
AV 85.4 65.3                               6.4 FASTST   M    M   5    MAX(MPH)
                                 MISC ---->  # 37 260               # 45  280
================================================================================
NOTES:
# LAST OF SEVERAL OCCURRENCES

COLUMN 17 PEAK WIND IN M.P.H.

PRELIMINARY LOCAL CLIMATOLOGICAL DATA (WS FORM: F-6) , PAGE 2

                                          STATION:  DAYTONA BEACH
                                          MONTH:    MAY
                                          YEAR:     2016
                                          LATITUDE:   29 10 N
                                          LONGITUDE:  81  3 W

[TEMPERATURE DATA]      [PRECIPITATION DATA]       SYMBOLS USED IN COLUMN 16

AVERAGE MONTHLY: 75.3   TOTAL FOR MONTH:   4.52    1 = FOG OR MIST
DPTR FM NORMAL:   0.4   DPTR FM NORMAL:    1.72    2 = FOG REDUCING VISIBILITY
HIGHEST:    92 ON 19    GRTST 24HR  3.12 ON 17-17      TO 1/4 MILE OR LESS
LOWEST:     51 ON  6                               3 = THUNDER
                        SNOW, ICE PELLETS, HAIL    4 = ICE PELLETS
                        TOTAL MONTH:   0.0 INCH    5 = HAIL
                        GRTST 24HR     0.0         6 = FREEZING RAIN OR DRIZZLE
                        GRTST DEPTH:   0           7 = DUSTSTORM OR SANDSTORM:
                                                       VSBY 1/2 MILE OR LESS
                                                   8 = SMOKE OR HAZE
[NO. OF DAYS WITH]      [WEATHER - DAYS WITH]      9 = BLOWING SNOW
                                                   X = TORNADO
MAX 32 OR BELOW:   0    0.01 INCH OR MORE:   5
MAX 90 OR ABOVE:   3    0.10 INCH OR MORE:   5
MIN 32 OR BELOW:   0    0.50 INCH OR MORE:   2
MIN  0 OR BELOW:   0    1.00 INCH OR MORE:   1

[HDD (BASE 65) ]
TOTAL THIS MO.     0    CLEAR  (SCALE 0-3)   7
DPTR FM NORMAL     0    PTCLDY (SCALE 4-7)  20
TOTAL FM JUL 1   508    CLOUDY (SCALE 8-10)  2
DPTR FM NORMAL  -299

[CDD (BASE 65) ]
TOTAL THIS MO.   309
DPTR FM NORMAL    22    [PRESSURE DATA]
TOTAL FM JAN 1   743    HIGHEST SLP M ON M
DPTR FM NORMAL   169    LOWEST  SLP 29.64 ON  4

[REMARKS]
