000
CXUS55 KVEF 270940
CF6DAG
PRELIMINARY LOCAL CLIMATOLOGICAL DATA (WS FORM: F-6)

                                          STATION:   BARSTOW-DAGGETT CA
                                          MONTH:     MARCH
                                          YEAR:      2017
                                          LATITUDE:   34 51 N
                                          LONGITUDE: 116 47 W

  TEMPERATURE IN F:       :PCPN:    SNOW:  WIND      :SUNSHINE: SKY     :PK WND
================================================================================
1   2   3   4   5  6A  6B    7    8   9   10  11  12  13   14  15   16   17  18
                                     12Z  AVG MX 2MIN
DY MAX MIN AVG DEP HDD CDD  WTR  SNW DPTH SPD SPD DIR MIN PSBL S-S WX    SPD DR
================================================================================

 1  63  34  49  -6  16   0 0.00  0.0    0  6.4 15  40   M    M   0        17  30
 2  70  34  52  -4  13   0 0.00  0.0    0  5.8 12  70   M    M   0        18  80
 3  72  38  55  -1  10   0 0.00  0.0    0  6.2 12  60   M    M   0        16  50
 4  73  43  58   2   7   0 0.00  0.0    0  8.5 24 230   M    M   0        30 230
 5  65  43  54  -2  11   0 0.00  0.0    0 22.4 40 230   M    M   1        49 230
 6  58  34  46 -10  19   0 0.00  0.0    0 11.5 28 260   M    M   0        35 260
 7  65  36  51  -6  14   0 0.00  0.0    0  5.7 13 270   M    M   0        14 270
 8  74  42  58   1   7   0 0.00  0.0    0  6.3 14 270   M    M   0        16 270
 9  81  47  64   7   1   0 0.00  0.0    0  7.8 16 270   M    M   0        20 190
10  83  51  67  10   0   2 0.00  0.0    0  8.0 20 260   M    M   0        23 260
11  83  50  67  10   0   2 0.00  0.0    0  7.0 16 270   M    M   0        19 270
12  86  52  69  11   0   4 0.00  0.0    0  9.2 18 250   M    M   0        20 250
13  87  53  70  12   0   5 0.00  0.0    0  8.5 16 270   M    M   0        19 270
14  90  54  72  14   0   7 0.00  0.0    0  8.0 16 240   M    M   0        19 240
15  88  57  73  15   0   8 0.00  0.0    0 12.2 22 270   M    M   0        29 300
16  86  55  71  13   0   6 0.00  0.0    0  9.5 18 290   M    M   0        22 280
17  88  54  71  12   0   6 0.00  0.0    0  7.8 14 260   M    M   0        17  90
18  89  54  72  13   0   7 0.00  0.0    0  9.2 22 310   M    M   0        28 290
19  89  52  71  12   0   6 0.00  0.0    0 10.3 26 240   M    M   0        31 230
20  87  60  74  15   0   9 0.00  0.0    0 14.5 28 240   M    M   0        37 290
21  75  53  64   5   1   0    T  0.0    0 17.9 33 260   M    M   3        39 260
22  70  50  60   0   5   0 0.00  0.0    0 19.1 43 270   M    M   2 8      53 280
23  70  47  59  -1   6   0 0.00  0.0    0 20.7 33 260   M    M   1        43 240
24  79  44  62   2   3   0 0.00  0.0    0 10.8 28 260   M    M   0        32 260
25  73  51  62   2   3   0 0.00  0.0    0 17.2 30 260   M    M   1        39 250
26  77  45  61   1   4   0 0.00  0.0    0 14.2 30 270   M    M   0        35 280
================================================================================
SM 2021 1233       120  62    T      0.0 284.7          M        8
================================================================================
AV 77.7 47.4                              11.0 FASTST   M    M   0    MAX(MPH)
                                 MISC ---->  # 43 270               # 53  280
================================================================================
NOTES:
# LAST OF SEVERAL OCCURRENCES

COLUMN 17 PEAK WIND IN M.P.H.

PRELIMINARY LOCAL CLIMATOLOGICAL DATA (WS FORM: F-6) , PAGE 2

                                          STATION:  BARSTOW-DAGGETT CA
                                          MONTH:    MARCH
                                          YEAR:     2017
                                          LATITUDE:   34 51 N
                                          LONGITUDE: 116 47 W

[TEMPERATURE DATA]      [PRECIPITATION DATA]       SYMBOLS USED IN COLUMN 16

AVERAGE MONTHLY: 62.6   TOTAL FOR MONTH:      T    1 = FOG OR MIST
DPTR FM NORMAL:   4.7   DPTR FM NORMAL:   -0.45    2 = FOG REDUCING VISIBILITY
HIGHEST:    90 ON 14    GRTST 24HR    T  ON 21-21      TO 1/4 MILE OR LESS
LOWEST:     34 ON  6, 2                            3 = THUNDER
                        SNOW, ICE PELLETS, HAIL    4 = ICE PELLETS
                        TOTAL MONTH:   0.0 INCH    5 = HAIL
                        GRTST 24HR     0.0         6 = FREEZING RAIN OR DRIZZLE
                        GRTST DEPTH:   0           7 = DUSTSTORM OR SANDSTORM:
                                                       VSBY 1/2 MILE OR LESS
                                                   8 = SMOKE OR HAZE
[NO. OF DAYS WITH]      [WEATHER - DAYS WITH]      9 = BLOWING SNOW
                                                   X = TORNADO
MAX 32 OR BELOW:   0    0.01 INCH OR MORE:   0
MAX 90 OR ABOVE:   1    0.10 INCH OR MORE:   0
MIN 32 OR BELOW:   0    0.50 INCH OR MORE:   0
MIN  0 OR BELOW:   0    1.00 INCH OR MORE:   0

[HDD (BASE 65) ]
TOTAL THIS MO.   120    CLEAR  (SCALE 0-3)  26
DPTR FM NORMAL   -78    PTCLDY (SCALE 4-7)   0
TOTAL FM JUL 1  1652    CLOUDY (SCALE 8-10)  0
DPTR FM NORMAL  -310

[CDD (BASE 65) ]
TOTAL THIS MO.    62
DPTR FM NORMAL    49    [PRESSURE DATA]
TOTAL FM JAN 1    62    HIGHEST SLP M ON M
DPTR FM NORMAL    48    LOWEST  SLP 29.75 ON  5

[REMARKS]
