000
CXUS54 KFWD 270730
CF6DAL
PRELIMINARY LOCAL CLIMATOLOGICAL DATA (WS FORM: F-6)

                                          STATION:   DALLAS LOVE FIELD
                                          MONTH:     FEBRUARY
                                          YEAR:      2015
                                          LATITUDE:   32 50 N
                                          LONGITUDE:  96 51 W

  TEMPERATURE IN F:       :PCPN:    SNOW:  WIND      :SUNSHINE: SKY     :PK WND
================================================================================
1   2   3   4   5  6A  6B    7    8   9   10  11  12  13   14  15   16   17  18
                                     12Z  AVG MX 2MIN
DY MAX MIN AVG DEP HDD CDD  WTR  SNW DPTH SPD SPD DIR MIN PSBL S-S WX    SPD DR
================================================================================

 1  59  35  47  -1  18   0 0.26  0.0    0 13.9 29 350   M    M   6 1      37 350
 2  43  25  34 -14  31   0 0.00  0.0    0  9.3 23 350   M    M   4        31 340
 3  54  33  44  -5  21   0 0.00  0.0    0 10.4 20 170   M    M   9        24 170
 4  58  37  48  -1  17   0    T  0.0    0 10.4 26  10   M    M   9 18     35 360
 5  37  31  34 -15  31   0    T  0.0    0  9.1 21 350   M    M  10 168    29  10
 6  58  34  46  -3  19   0 0.00  0.0    0  8.5 17 160   M    M   5 8      21 170
 7  70  43  57   8   8   0 0.00  0.0    0 15.9 26 180   M    M   0 18     32 190
 8  75  52  64  14   1   0 0.00  0.0    0  7.0 18 170   M    M   1 1      24 180
 9  77  47  62  12   3   0 0.00  0.0    0  6.4 15 360   M    M   1        21  30
10  76  47  62  12   3   0 0.00  0.0    0 11.9 21 160   M    M   1        27 160
11  69  46  58   8   7   0 0.00  0.0    0 11.1 24  10   M    M   3        31 360
12  57  38  48  -2  17   0 0.00  0.0    0  8.5 18  10   M    M   3        23  10
13  67  36  52   2  13   0 0.00  0.0    0  5.9 13 210   M    M   1        19 210
14  79  42  61  10   4   0 0.00  0.0    0  3.9 12 220   M    M   1        18 220
15  71  54  63  12   2   0 0.00  0.0    0 10.4 24 170   M    M   9 8      31 170
16  63  30  47  -4  18   0 0.34  0.0    0 14.5 24 330   M    M   9 1      33 350
17  55  30  43  -8  22   0 0.06  0.0    0  5.7 29 320   M    M   7 138    37 310
18  59  33  46  -6  19   0 0.00  0.0    0  4.6 16  80   M    M   1        25  80
19  60  35  48  -4  17   0 0.00  0.0    0 12.6 21 140   M    M   3        26 140
20  71  47  59   7   6   0    T    M    0 17.3 29 180   M    M   9 18     37 180
21  68  49  59   7   6   0 0.00  0.0    0 12.3 23 320   M    M   8        36 180
22  50  30  40 -13  25   0 1.25  0.0    0 12.7 23 350   M    M  10 136    30 350
23  30  26  28 -25  37   0 0.27  0.6    T 12.0 24  50   M    M  10 146    30  50
24  37  26  32 -21  33   0    T    M    T  5.2 12 120   M    M  10 168    17  10
25  51  33  42 -11  23   0 0.73  0.2    T  5.5 13 130   M    M   6 148    15  90
26  39  31  35 -19  30   0    T    T    0 13.8 25 350   M    M   8 18     32 350
================================================================================
SM 1533  970       431   0  2.91     0.8 258.8          M      144
================================================================================
AV 59.0 37.3                              10.0 FASTST   M    M   6    MAX(MPH)
                                 MISC ---->  # 29 350               # 37  350
================================================================================
NOTES:
# LAST OF SEVERAL OCCURRENCES

COLUMN 17 PEAK WIND IN M.P.H.

PRELIMINARY LOCAL CLIMATOLOGICAL DATA (WS FORM: F-6) , PAGE 2

                                          STATION:  DALLAS LOVE FIELD
                                          MONTH:    FEBRUARY
                                          YEAR:     2015
                                          LATITUDE:   32 50 N
                                          LONGITUDE:  96 51 W

[TEMPERATURE DATA]      [PRECIPITATION DATA]       SYMBOLS USED IN COLUMN 16

AVERAGE MONTHLY: 48.1   TOTAL FOR MONTH:   2.91    1 = FOG OR MIST
DPTR FM NORMAL:  -2.6   DPTR FM NORMAL:    0.53    2 = FOG REDUCING VISIBILITY
HIGHEST:    79 ON 14    GRTST 24HR  1.51 ON 22-23      TO 1/4 MILE OR LESS
LOWEST:     25 ON  2                               3 = THUNDER
                        SNOW, ICE PELLETS, HAIL    4 = ICE PELLETS
                        TOTAL MONTH:   0.8 INCH    5 = HAIL
                        GRTST 24HR   0.6 ON   M    6 = FREEZING RAIN OR DRIZZLE
                        GRTST DEPTH:   0           7 = DUSTSTORM OR SANDSTORM:
                                                       VSBY 1/2 MILE OR LESS
                                                   8 = SMOKE OR HAZE
[NO. OF DAYS WITH]      [WEATHER - DAYS WITH]      9 = BLOWING SNOW
                                                   X = TORNADO
MAX 32 OR BELOW:   1    0.01 INCH OR MORE:   6
MAX 90 OR ABOVE:   0    0.10 INCH OR MORE:   5
MIN 32 OR BELOW:   8    0.50 INCH OR MORE:   2
MIN  0 OR BELOW:   0    1.00 INCH OR MORE:   1

[HDD (BASE 65) ]
TOTAL THIS MO.   431    CLEAR  (SCALE 0-3)  10
DPTR FM NORMAL    52    PTCLDY (SCALE 4-7)   5
TOTAL FM JUL 1  1810    CLOUDY (SCALE 8-10) 11
DPTR FM NORMAL    14

[CDD (BASE 65) ]
TOTAL THIS MO.     0
DPTR FM NORMAL     0    [PRESSURE DATA]
TOTAL FM JAN 1     0    HIGHEST SLP M ON M
DPTR FM NORMAL    -3    LOWEST  SLP 29.63 ON 21

[REMARKS]
