000
CXUS51 KRNK 210716
CF6DAN

PRELIMINARY LOCAL CLIMATOLOGICAL DATA (WS FORM: F-6)

                                          STATION:   DANVILLE VA
                                          MONTH:     SEPTEMBER
                                          YEAR:      2017
                                          LATITUDE:   36 34 N
                                          LONGITUDE:  79 20 W

  TEMPERATURE IN F:       :PCPN:    SNOW:  WIND      :SUNSHINE: SKY     :PK WND
================================================================================
1   2   3   4   5  6A  6B    7    8   9   10  11  12  13   14  15   16   17  18
                                     12Z  AVG MX 2MIN
DY MAX MIN AVG DEP HDD CDD  WTR  SNW DPTH SPD SPD DIR MIN PSBL S-S WX    SPD DR
================================================================================

 1  69  55  62 -13   3   0 1.17  0.0    0  9.9 22  50   M    M   9 13     30  60
 2  68  54  61 -13   4   0 0.05  0.0    0  5.4 12  40   M    M  10 1      15  60
 3  80  60  70  -4   0   5    T  0.0    0  4.9 15 250   M    M   4 12     17 250
 4  84  56  70  -4   0   5 0.00  0.0    0  4.0 15 230   M    M   0 1      22 220
 5  85  57  71  -3   0   6 0.00  0.0    0  5.6 16 270   M    M   1        23 220
 6  68  54  61 -12   4   0 1.03  0.0    0  4.1 14 340   M    M   6 12     19 350
 7  73  49  61 -12   4   0 0.00  0.0    0  5.1 13 250   M    M   2 12     18 320
 8  76  50  63 -10   2   0 0.00  0.0    0  2.7  9 330   M    M   1 18     16 330
 9  75  51  63  -9   2   0 0.00  0.0    0  5.7 14  40   M    M   1        19  50
10  70  48  59 -13   6   0 0.00  0.0    0  9.5 18  40   M    M   0        25  60
11  65  54  60 -12   5   0    T  0.0    0 10.6 21  50   M    M   3        25  50
12  69  60  65  -6   0   0 0.34  0.0    0  8.9 17  60   M    M  10 1      23  50
13  80  58  69  -2   0   4    T  0.0    0  5.0 14 220   M    M   5 12     19 240
14  80  65  73   2   0   8 0.01  0.0    0  3.7 14 240   M    M   6        17 230
15  83  62  73   3   0   8    T  0.0    0  1.7  8  20   M    M   6 1      11  20
16  85  64  75   5   0  10 0.00  0.0    0  2.3 12  60   M    M   8        15  40
17  84  62  73   3   0   8 0.00  0.0    0  2.7  9  30   M    M   5 1      13  90
18  83  62  73   4   0   8 0.00  0.0    0  4.7 14  30   M    M   3 1      18  30
19  84  64  74   5   0   9 0.00  0.0    0  4.6 10 350   M    M   1        13 320
20  88  61  75   7   0  10    T  0.0    0  3.6 14 330   M    M   1 13     18 310
================================================================================
SM 1549 1146        30  81  2.60     0.0 104.7          M       82
================================================================================
AV 77.5 57.3                               5.2 FASTST   M    M   4    MAX(MPH)
                                 MISC ---->  # 22  50               # 30   60
================================================================================
NOTES:
# LAST OF SEVERAL OCCURRENCES

COLUMN 17 PEAK WIND IN M.P.H.

PRELIMINARY LOCAL CLIMATOLOGICAL DATA (WS FORM: F-6) , PAGE 2

                                          STATION:  DANVILLE VA
                                          MONTH:    SEPTEMBER
                                          YEAR:     2017
                                          LATITUDE:   36 34 N
                                          LONGITUDE:  79 20 W

[TEMPERATURE DATA]      [PRECIPITATION DATA]       SYMBOLS USED IN COLUMN 16

AVERAGE MONTHLY: 67.4   TOTAL FOR MONTH:   2.60    1 = FOG OR MIST
DPTR FM NORMAL:  -4.4   DPTR FM NORMAL:   -0.07    2 = FOG REDUCING VISIBILITY
HIGHEST:    88 ON 20    GRTST 24HR  1.17 ON  1- 1      TO 1/4 MILE OR LESS
LOWEST:     48 ON 10                               3 = THUNDER
                        SNOW, ICE PELLETS, HAIL    4 = ICE PELLETS
                        TOTAL MONTH:   0.0 INCH    5 = HAIL
                        GRTST 24HR     0.0         6 = FREEZING RAIN OR DRIZZLE
                        GRTST DEPTH:   0           7 = DUSTSTORM OR SANDSTORM:
                                                       VSBY 1/2 MILE OR LESS
                                                   8 = SMOKE OR HAZE
[NO. OF DAYS WITH]      [WEATHER - DAYS WITH]      9 = BLOWING SNOW
                                                   X = TORNADO
MAX 32 OR BELOW:   0    0.01 INCH OR MORE:   5
MAX 90 OR ABOVE:   0    0.10 INCH OR MORE:   3
MIN 32 OR BELOW:   0    0.50 INCH OR MORE:   2
MIN  0 OR BELOW:   0    1.00 INCH OR MORE:   2

[HDD (BASE 65) ]
TOTAL THIS MO.    30    CLEAR  (SCALE 0-3)   9
DPTR FM NORMAL    23    PTCLDY (SCALE 4-7)   8
TOTAL FM JUL 1    30    CLOUDY (SCALE 8-10)  3
DPTR FM NORMAL    23

[CDD (BASE 65) ]
TOTAL THIS MO.    81
DPTR FM NORMAL   -62    [PRESSURE DATA]
TOTAL FM JAN 1  1255    HIGHEST SLP M ON M
DPTR FM NORMAL  -115    LOWEST  SLP 29.79 ON  5

[REMARKS]
DUE TO MISSING RAINFALL ON AUGUST 21-24...ALL
PRECIPITATION DATA WILL BE CALCULATED WITHOUT DATA FROM THESE DATES.
