000
CXUS54 KHUN 201015
CF6DCU
PRELIMINARY LOCAL CLIMATOLOGICAL DATA (WS FORM: F-6)

                                          STATION:   DECATUR
                                          MONTH:     OCTOBER
                                          YEAR:      2014
                                          LATITUDE:   34 39 N
                                          LONGITUDE:  86 56 W

  TEMPERATURE IN F:       :PCPN:    SNOW:  WIND      :SUNSHINE: SKY     :PK WND
================================================================================
1   2   3   4   5  6A  6B    7    8   9   10  11  12  13   14  15   16   17  18
                                     12Z  AVG MX 2MIN
DY MAX MIN AVG DEP HDD CDD  WTR  SNW DPTH SPD SPD DIR MIN PSBL S-S WX    SPD DR
================================================================================

 1  90  58  74   7   0   9 0.00  0.0    0  2.3 14 190   M    M   0 18     18 190
 2  89  59  74   8   0   9    T  0.0    0  8.9 20 180   M    M   3 1      26 180
 3  79  56  68   2   0   3 0.36  0.0    0 11.2 25 260   M    M   6 1      36 270
 4  66  37  52 -13  13   0 0.00  0.0    0  9.2 23 310   M    M   0        31 280
 5  75  36  56  -9   9   0 0.00  0.0    0  8.0 21 190   M    M   1        29 190
 6  74  53  64  -1   1   0 0.43  0.0    0  8.4 21 220   M    M   6 13     25 230
 7  83  61  72   8   0   7 0.02  0.0    0  8.0 18 190   M    M   6 3      22 200
 8  85  62  74  10   0   9    T  0.0    0  3.0 20 170   M    M   4 138    23 170
 9  86  60  73   9   0   8 0.00  0.0    0  2.7 10 190   M    M   2 1      21 240
10  84  65  75  12   0  10    T  0.0    0  7.7 18 190   M    M   4 38     24 200
11  78  64  71   8   0   6 1.91  0.0    0  4.5 18  20   M    M   8 13     22  20
12  74  64  69   7   0   4 1.35  0.0    0  3.0  8 160   M    M   7 123     9 160
13   M   M   M   M   M   M    M  0.0    0   M   M   M   M    M   4         M  M
14  68  57  63   1   2   0 0.46  0.0    0 12.0 22 260   M    M  10 1      29 250
15  64  54  59  -2   6   0 0.02  0.0    0  8.9 20 240   M    M   9        25 270
16  71  50  61   0   4   0 0.00  0.0    0  4.6 15 270   M    M   3        18 270
17  82  46  64   3   1   0 0.00  0.0    0  6.4 16 250   M    M   0        21 240
18  72  46  59  -1   6   0 0.00  0.0    0  6.4 18 360   M    M   0        24  10
19  69  43  56  -4   9   0 0.00  0.0    0  3.8 10 360   M    M   0        20 360
================================================================================
SM 1389  971        51  65  4.55     0.0 119.0          M       73
================================================================================
AV 77.2 53.9                               6.6 FASTST   M    M   4    MAX(MPH)
                                 MISC ---->  # 25 260               # 36  270
================================================================================
NOTES:
# LAST OF SEVERAL OCCURRENCES

COLUMN 17 PEAK WIND IN M.P.H.

PRELIMINARY LOCAL CLIMATOLOGICAL DATA (WS FORM: F-6) , PAGE 2

                                          STATION:  DECATUR
                                          MONTH:    OCTOBER
                                          YEAR:     2014
                                          LATITUDE:   34 39 N
                                          LONGITUDE:  86 56 W

[TEMPERATURE DATA]      [PRECIPITATION DATA]       SYMBOLS USED IN COLUMN 16

AVERAGE MONTHLY: 65.6   TOTAL FOR MONTH:   4.55    1 = FOG OR MIST
DPTR FM NORMAL:   2.3   DPTR FM NORMAL:    2.45    2 = FOG REDUCING VISIBILITY
HIGHEST:    90 ON  1    GRTST 24HR  1.91 ON 11-11      TO 1/4 MILE OR LESS
LOWEST:     36 ON  5                               3 = THUNDER
                        SNOW, ICE PELLETS, HAIL    4 = ICE PELLETS
                        TOTAL MONTH:   0.0 INCH    5 = HAIL
                        GRTST 24HR     0.0         6 = FREEZING RAIN OR DRIZZLE
                        GRTST DEPTH:   0           7 = DUSTSTORM OR SANDSTORM:
                                                       VSBY 1/2 MILE OR LESS
                                                   8 = SMOKE OR HAZE
[NO. OF DAYS WITH]      [WEATHER - DAYS WITH]      9 = BLOWING SNOW
                                                   X = TORNADO
MAX 32 OR BELOW:   0    0.01 INCH OR MORE:   7
MAX 90 OR ABOVE:   1    0.10 INCH OR MORE:   5
MIN 32 OR BELOW:   0    0.50 INCH OR MORE:   2
MIN  0 OR BELOW:   0    1.00 INCH OR MORE:   2

[HDD (BASE 65) ]
TOTAL THIS MO.    51    CLEAR  (SCALE 0-3)   9
DPTR FM NORMAL   -22    PTCLDY (SCALE 4-7)   8
TOTAL FM JUL 1    51    CLOUDY (SCALE 8-10)  2
DPTR FM NORMAL   -37

[CDD (BASE 65) ]
TOTAL THIS MO.    65
DPTR FM NORMAL    25    [PRESSURE DATA]
TOTAL FM JAN 1  1741    HIGHEST SLP M ON M
DPTR FM NORMAL    13    LOWEST  SLP 29.61 ON 14

[REMARKS]
