000
CXUS55 KALY 230710
CF6DDH
PRELIMINARY LOCAL CLIMATOLOGICAL DATA (WS FORM: F-6)

                                          STATION:   BENNINGTON VT
                                          MONTH:     MAY
                                          YEAR:      2017
                                          LATITUDE:   42 53 N
                                          LONGITUDE:  73 15 W

  TEMPERATURE IN F:       :PCPN:    SNOW:  WIND      :SUNSHINE: SKY     :PK WND
================================================================================
1   2   3   4   5  6A  6B    7    8   9   10  11  12  13   14  15   16   17  18
                                     12Z  AVG MX 2MIN
DY MAX MIN AVG DEP HDD CDD  WTR  SNW DPTH SPD SPD DIR MIN PSBL S-S WX    SPD DR
================================================================================

 1  77  50  64  13   1   0 1.13    M    M  8.0 22 280   M    M   7 13     33 280
 2  62  47  55   4  10   0 0.68    M    M  4.9 17 280   M    M  10 13     25 280
 3  54  35  45  -7  20   0 0.01    M    M  8.1 22 300   M    M   7        34 320
 4  65  29  47  -5  18   0    T    M    M  3.7 17 160   M    M   4 1      22 150
 5  55  43  49  -3  16   0 0.78    M    M  9.8 36 130   M    M   9 1      52 120
 6  69  53  61   9   4   0 0.25    M    M 14.2 32 160   M    M   6 1      50 150
 7  54  39  47  -6  18   0 0.58    M    M  5.8 13 190   M    M  10 1      18 210
 8  45  36  41 -12  24   0    T    M    M  6.6 20 260   M    M   9        29 230
 9  48  33  41 -12  24   0    T    M    M  3.5 10 320   M    M  10        15 330
10  55  34  45  -9  20   0 0.00    M    M  3.3 12 360   M    M  10        15 360
11  66  34  50  -4  15   0 0.00    M    M  4.3 10 100   M    M   3        15 100
12  69  39  54   0  11   0 0.00    M    M  4.1 14 190   M    M   3        19 150
13  57  41  49  -5  16   0 1.10    M    M  4.2 12 110   M    M   8 1      17 160
14  57  40  49  -6  16   0 0.16    M    M  4.4 13 340   M    M  10        17 330
15  64  46  55   0  10   0 0.31    M    M  6.9 20 340   M    M   8 1      31 320
16  74  39  57   2   8   0 0.00    M    M  4.2 13 230   M    M   0        18 230
17  88  49  69  14   0   4 0.00    M    M  4.0 17 270   M    M   2        26 270
18  90  56  73  17   0   8    M    M    M  5.0 31 280   M    M   M 13     52 280
19  77  47  62   6   3   0 0.00    M    M  6.7 22 270   M    M   5 1      32 310
20  67  42  55  -1  10   0 0.00    M    M  4.9 15 270   M    M   0        20 280
21  70  42  56   0   9   0 0.03    M    M  6.5 18 180   M    M   4        23 180
22  57  48  53  -4  12   0 0.28    M    M  4.9 15 140   M    M   9 1      24 110
================================================================================
SM 1420  922       265  12  5.31    M    128.0          M      134
================================================================================
AV 64.6 41.9                               5.8 FASTST   M    M   6    MAX(MPH)
                                 MISC ---->  # 36 130               # 52  120
================================================================================
NOTES:
# LAST OF SEVERAL OCCURRENCES

COLUMN 17 PEAK WIND IN M.P.H.

PRELIMINARY LOCAL CLIMATOLOGICAL DATA (WS FORM: F-6) , PAGE 2

                                          STATION:  BENNINGTON VT
                                          MONTH:    MAY
                                          YEAR:     2017
                                          LATITUDE:   42 53 N
                                          LONGITUDE:  73 15 W

[TEMPERATURE DATA]      [PRECIPITATION DATA]       SYMBOLS USED IN COLUMN 16

AVERAGE MONTHLY: 53.2   TOTAL FOR MONTH:   5.31    1 = FOG OR MIST
DPTR FM NORMAL:  -0.7   DPTR FM NORMAL:    2.92    2 = FOG REDUCING VISIBILITY
HIGHEST:    90 ON 18    GRTST 24HR  1.13 ON  1- 1      TO 1/4 MILE OR LESS
LOWEST:     29 ON  4                               3 = THUNDER
                        SNOW, ICE PELLETS, HAIL    4 = ICE PELLETS
                        TOTAL MONTH:    M          5 = HAIL
                        GRTST 24HR    M  ON   M    6 = FREEZING RAIN OR DRIZZLE
                        GRTST DEPTH:  M  ON   M    7 = DUSTSTORM OR SANDSTORM:
                                                       VSBY 1/2 MILE OR LESS
                                                   8 = SMOKE OR HAZE
[NO. OF DAYS WITH]      [WEATHER - DAYS WITH]      9 = BLOWING SNOW
                                                   X = TORNADO
MAX 32 OR BELOW:   0    0.01 INCH OR MORE:  11
MAX 90 OR ABOVE:   1    0.10 INCH OR MORE:   9
MIN 32 OR BELOW:   1    0.50 INCH OR MORE:   5
MIN  0 OR BELOW:   0    1.00 INCH OR MORE:   2

[HDD (BASE 65) ]
TOTAL THIS MO.   265    CLEAR  (SCALE 0-3)   5
DPTR FM NORMAL    15    PTCLDY (SCALE 4-7)   7
TOTAL FM JUL 1  6344    CLOUDY (SCALE 8-10)  9
DPTR FM NORMAL  -729

[CDD (BASE 65) ]
TOTAL THIS MO.    12
DPTR FM NORMAL    12    [PRESSURE DATA]
TOTAL FM JAN 1    15    HIGHEST SLP M ON M
DPTR FM NORMAL    12    LOWEST  SLP 29.32 ON  6

[REMARKS]
