000
CXUS55 KALY 280710
CF6DDH
PRELIMINARY LOCAL CLIMATOLOGICAL DATA (WS FORM: F-6)

                                          STATION:   BENNINGTON VT
                                          MONTH:     MAY
                                          YEAR:      2015
                                          LATITUDE:   42 53 N
                                          LONGITUDE:  73 15 W

  TEMPERATURE IN F:       :PCPN:    SNOW:  WIND      :SUNSHINE: SKY     :PK WND
================================================================================
1   2   3   4   5  6A  6B    7    8   9   10  11  12  13   14  15   16   17  18
                                     12Z  AVG MX 2MIN
DY MAX MIN AVG DEP HDD CDD  WTR  SNW DPTH SPD SPD DIR MIN PSBL S-S WX    SPD DR
================================================================================

 1  61  41  51   0  14   0 0.00    M    M  4.4 12 100   M    M   8        17 100
 2  74  35  55   4  10   0 0.00    M    M  3.0 15 280   M    M   3        20 280
 3  76  40  58   6   7   0 0.00    M    M  3.2 15 280   M    M   2        20 280
 4  83  43  63  11   2   0 0.00    M    M  5.0 17 200   M    M   4        27 200
 5  75  48  62  10   3   0 0.00    M    M  6.1 14 360   M    M   4        24 260
 6  76  45  61   9   4   0 0.00    M    M  3.5 13  20   M    M   0        19  10
 7  81  41  61   8   4   0 0.00    M    M  2.4 10 290   M    M   0        14 340
 8  87  48  68  15   0   3 0.00    M    M  4.7 15 110   M    M   0 8      23 120
 9  83  58  71  18   0   6 0.00    M    M  7.3 16 180   M    M   0        27 130
10  85  56  71  17   0   6    T    M    M  3.9 12 260   M    M   2 13     17 250
11  87  62  75  21   0  10 0.00    M    M  6.2 20 180   M    M   3 1      26 170
12  79  52  66  12   0   1 0.05    M    M  7.5 28 280   M    M   7        40 270
13  59  37  48  -6  17   0 0.01    M    M  8.5 17 350   M    M   6        26 280
14  66  31  49  -6  16   0 0.00    M    M  2.5 14 280   M    M   0        19 330
15  72  35  54  -1  11   0 0.00    M    M  1.9  9 170   M    M   1        13 210
16  77  54  66  11   0   1 0.01    M    M  3.0  8 200   M    M   7 1      11 190
17  81  55  68  13   0   3 0.00    M    M  2.9 12 330   M    M   2 12     16 270
18  81  54  68  12   0   3 0.00    M    M  8.8 16 160   M    M   3 8      22 150
19  77  52  65   9   0   0 0.20    M    M  4.4 20 280   M    M   8 1      27 310
20  56  40  48  -8  17   0 0.00    M    M 10.0 21 340   M    M   6        29 330
21  66  38  52  -4  13   0    T    M    M  3.5 13 260   M    M   4        18 270
22  66  42  54  -3  11   0 0.00    M    M  7.7 23 290   M    M   5        33 300
23  60  34  47 -10  18   0 0.00    M    M  6.3 16 260   M    M   1        25 260
24  78  36  57   0   8   0    T    M    M  4.9 17 280   M    M   1        24 270
25  84  50  67   9   0   2    T    M    M  5.8 21 200   M    M   4        29 180
26  85  63  74  16   0   9 0.00    M    M  6.4 15 220   M    M   4        31 220
27  88  62  75  17   0  10 0.01    M    M  5.7 23 200   M    M   4 13     33 230
================================================================================
SM 2043 1252       155  54  0.28    M    139.5          M       89
================================================================================
AV 75.7 46.4                               5.2 FASTST   M    M   3    MAX(MPH)
                                 MISC ---->  # 28 280               # 40  270
================================================================================
NOTES:
# LAST OF SEVERAL OCCURRENCES

COLUMN 17 PEAK WIND IN M.P.H.

PRELIMINARY LOCAL CLIMATOLOGICAL DATA (WS FORM: F-6) , PAGE 2

                                          STATION:  BENNINGTON VT
                                          MONTH:    MAY
                                          YEAR:     2015
                                          LATITUDE:   42 53 N
                                          LONGITUDE:  73 15 W

[TEMPERATURE DATA]      [PRECIPITATION DATA]       SYMBOLS USED IN COLUMN 16

AVERAGE MONTHLY: 61.0   TOTAL FOR MONTH:   0.28    1 = FOG OR MIST
DPTR FM NORMAL:   6.4   DPTR FM NORMAL:   -2.80    2 = FOG REDUCING VISIBILITY
HIGHEST:    88 ON 27    GRTST 24HR  0.20 ON 19-19      TO 1/4 MILE OR LESS
LOWEST:     31 ON 14                               3 = THUNDER
                        SNOW, ICE PELLETS, HAIL    4 = ICE PELLETS
                        TOTAL MONTH:    M          5 = HAIL
                        GRTST 24HR    M  ON   M    6 = FREEZING RAIN OR DRIZZLE
                        GRTST DEPTH:  M  ON   M    7 = DUSTSTORM OR SANDSTORM:
                                                       VSBY 1/2 MILE OR LESS
                                                   8 = SMOKE OR HAZE
[NO. OF DAYS WITH]      [WEATHER - DAYS WITH]      9 = BLOWING SNOW
                                                   X = TORNADO
MAX 32 OR BELOW:   0    0.01 INCH OR MORE:   5
MAX 90 OR ABOVE:   0    0.10 INCH OR MORE:   1
MIN 32 OR BELOW:   1    0.50 INCH OR MORE:   0
MIN  0 OR BELOW:   0    1.00 INCH OR MORE:   0

[HDD (BASE 65) ]
TOTAL THIS MO.   155    CLEAR  (SCALE 0-3)  13
DPTR FM NORMAL  -134    PTCLDY (SCALE 4-7)  13
TOTAL FM JUL 1  7437    CLOUDY (SCALE 8-10)  1
DPTR FM NORMAL   325

[CDD (BASE 65) ]
TOTAL THIS MO.    54
DPTR FM NORMAL    54    [PRESSURE DATA]
TOTAL FM JAN 1    54    HIGHEST SLP M ON M
DPTR FM NORMAL    51    LOWEST  SLP 29.70 ON 12

[REMARKS]
