000
CXUS53 KILX 280900
CF6DEC
PRELIMINARY LOCAL CLIMATOLOGICAL DATA (WS FORM: F-6)

                                          STATION:   DECATUR IL AIRPORT
                                          MONTH:     MARCH
                                          YEAR:      2015
                                          LATITUDE:   39 49 N
                                          LONGITUDE:  88 51 W

  TEMPERATURE IN F:       :PCPN:    SNOW:  WIND      :SUNSHINE: SKY     :PK WND
================================================================================
1   2   3   4   5  6A  6B    7    8   9   10  11  12  13   14  15   16   17  18
                                     12Z  AVG MX 2MIN
DY MAX MIN AVG DEP HDD CDD  WTR  SNW DPTH SPD SPD DIR MIN PSBL S-S WX    SPD DR
================================================================================

 1  29  21  25 -11  40   0    M    M    M  4.7 14 310   M    M   7 18     18 310
 2  28  18  23 -13  42   0 0.00    M    M  7.3 14 110   M    M   1 18     16 300
 3  40  25  33  -4  32   0 0.14    M    M 11.7 21 190   M    M  10 16     26 190
 4  34  16  25 -12  40   0    T    M    M 14.9 24 310   M    M   5        31 310
 5  17  -7   5 -32  60   0 0.00    M    M  9.9 21 330   M    M   0        28 330
 6  31  -9  11 -27  54   0 0.00    M    M 12.6 25 180   M    M   0        31 180
 7  50  28  39   1  26   0 0.00    M    M 12.0 22 210   M    M   1        26 210
 8  48  24  36  -3  29   0 0.00    M    M  4.6 13 130   M    M   0 1      15 130
 9  47  27  37  -2  28   0 0.00    M    M  6.3 13 130   M    M   5 18     16 120
10  55  36  46   7  19   0 0.11    M    M  3.6 18  90   M    M   8 12      M  99
11  67  32  50  10  15   0 0.00    M    M  7.3 17  30   M    M   3 128    20  30
12  60  32  46   6  19   0 0.00    M    M  9.2 18 130   M    M   0 18     22 120
13  49  41  45   5  20   0 0.18    M    M  4.9 10 120   M    M  10 12     14  50
14  63  44  54  13  11   0 0.00    M    M  9.8 21 360   M    M   2 12     27 340
15  66  31  49   8  16   0 0.00    M    M  9.8 18 220   M    M   0        23 200
16  76  50  63  21   2   0 0.00    M    M 12.3 25 220   M    M   0        31 210
17  61  29  45   3  20   0 0.00    M    M 16.7 35  30   M    M   3        41  40
18  47  27  37  -5  28   0 0.00    M    M  6.9 15 130   M    M   4 8      19 140
19  52  38  45   2  20   0 0.19    M    M  8.0 20 120   M    M  10 1      22 110
20  47  36  42  -1  23   0 0.00    M    M  6.5 14 260   M    M   9 1      18 250
21  64  36  50   6  15   0 0.00    M    M  9.3 16  30   M    M   0 18     20  20
22  56  32  44   0  21   0 0.00    M    M 12.3 21  60   M    M   0        25  60
23  38  31  35  -9  30   0 0.05    M    M 14.9 22  50   M    M   7 1      26  40
24  48  30  39  -6  26   0 0.32    M    M 14.6 26 140   M    M  10 16     41 230
25  52  42  47   2  18   0 0.39    M    M 10.1 17 200   M    M   9 1      24 200
26  50  33  42  -3  23   0 0.21    M    M 12.7 21 350   M    M   4 1      29 340
27  40  23  32 -14  33   0 0.00    M    M 12.2 25 360   M    M   4        31 350
================================================================================
SM 1315  766       710   0  1.59    M    265.1          M      112
================================================================================
AV 48.7 28.4                               9.8 FASTST   M    M   4    MAX(MPH)
                                 MISC ---->  # 35  30               # 41   40
================================================================================
NOTES:
# LAST OF SEVERAL OCCURRENCES

COLUMN 17 PEAK WIND IN M.P.H.

PRELIMINARY LOCAL CLIMATOLOGICAL DATA (WS FORM: F-6) , PAGE 2

                                          STATION:  DECATUR IL AIRPORT
                                          MONTH:    MARCH
                                          YEAR:     2015
                                          LATITUDE:   39 49 N
                                          LONGITUDE:  88 51 W

[TEMPERATURE DATA]      [PRECIPITATION DATA]       SYMBOLS USED IN COLUMN 16

AVERAGE MONTHLY: 38.5   TOTAL FOR MONTH:   1.59    1 = FOG OR MIST
DPTR FM NORMAL:  -2.3   DPTR FM NORMAL:   -0.67    2 = FOG REDUCING VISIBILITY
HIGHEST:    76 ON 16    GRTST 24HR  0.39 ON 25-25      TO 1/4 MILE OR LESS
LOWEST:     -9 ON  6                               3 = THUNDER
                        SNOW, ICE PELLETS, HAIL    4 = ICE PELLETS
                        TOTAL MONTH:    M          5 = HAIL
                        GRTST 24HR    M  ON   M    6 = FREEZING RAIN OR DRIZZLE
                        GRTST DEPTH:  M  ON   M    7 = DUSTSTORM OR SANDSTORM:
                                                       VSBY 1/2 MILE OR LESS
                                                   8 = SMOKE OR HAZE
[NO. OF DAYS WITH]      [WEATHER - DAYS WITH]      9 = BLOWING SNOW
                                                   X = TORNADO
MAX 32 OR BELOW:   4    0.01 INCH OR MORE:   8
MAX 90 OR ABOVE:   0    0.10 INCH OR MORE:   7
MIN 32 OR BELOW:  18    0.50 INCH OR MORE:   0
MIN  0 OR BELOW:   2    1.00 INCH OR MORE:   0

[HDD (BASE 65) ]
TOTAL THIS MO.   710    CLEAR  (SCALE 0-3)  13
DPTR FM NORMAL    58    PTCLDY (SCALE 4-7)   7
TOTAL FM JUL 1  5356    CLOUDY (SCALE 8-10)  7
DPTR FM NORMAL   447

[CDD (BASE 65) ]
TOTAL THIS MO.     0
DPTR FM NORMAL     0    [PRESSURE DATA]
TOTAL FM JAN 1     0    HIGHEST SLP M ON M
DPTR FM NORMAL     0    LOWEST  SLP 29.73 ON  3

[REMARKS]
