000
CXUS53 KARX 250930
CF6DEH
PRELIMINARY LOCAL CLIMATOLOGICAL DATA (WS FORM: F-6)

                                          STATION:   DECORAH IA
                                          MONTH:     JUNE
                                          YEAR:      2017
                                          LATITUDE:   43 16 N
                                          LONGITUDE:  91 44 W

  TEMPERATURE IN F:       :PCPN:    SNOW:  WIND      :SUNSHINE: SKY     :PK WND
================================================================================
1   2   3   4   5  6A  6B    7    8   9   10  11  12  13   14  15   16   17  18
                                     12Z  AVG MX 2MIN
DY MAX MIN AVG DEP HDD CDD  WTR  SNW DPTH SPD SPD DIR MIN PSBL S-S WX    SPD DR
================================================================================

 1  79  46  63   M   2   0 0.00  0.0    0  3.0  8 350   M    M   0        13  99
 2  86  55  71   M   0   6 0.00  0.0    0  5.4 12 210   M    M   1        16 210
 3  90  72  81   M   0  16 0.00  0.0    0  7.0 13 320   M    M   2        23 210
 4  86  63  75   M   0  10 0.00  0.0    0  5.0 14 330   M    M   1        23 320
 5  79  57  68   M   0   3 0.00  0.0    0  7.1 14  20   M    M   0        20  20
 6  75  55  65   M   0   0 0.00  0.0    0  4.4 10  90   M    M   0        13  99
 7  79  52  66   M   0   1 0.00  0.0    0  3.2  9 160   M    M   1 8      13   0
 8  84  61  73   M   0   8 0.00  0.0    0  6.8 12 260   M    M   4        24 230
 9  86  57  72   M   0   7 0.00  0.0    0  2.4  9 270   M    M   2        18 270
10  90  68  79   M   0  14 0.00  0.0    0 13.1 21 210   M    M   2        33 210
11  91  73  82   M   0  17 0.00  0.0    0 12.3 21 180   M    M   5        35 180
12  88  66  77   M   0  12 0.75  0.0    0  9.3 27 310   M    M   5 1      39 310
13  90  66  78   M   0  13 0.00  0.0    0  8.4 16 160   M    M   3        27 160
14  81  66  74   M   0   9    M  0.0    0  4.9 12 210   M    M   4        21 210
15  86  63  75   M   0  10 0.00  0.0    0  3.5 10 300   M    M   1 1      21 280
16  84  64  74   M   0   9 0.19  0.0    0  6.0 12 200   M    M   2        16 200
17  79  63  71   M   0   6 0.03  0.0    0  3.7 14 290   M    M   5 2      23 290
18  72  57  65   M   0   0 0.00  0.0    0  7.7 14 310   M    M   8        25 310
19  72  55  64   M   1   0 0.06  0.0    0  7.1 16 320   M    M   2        23 320
20  73  55  64   M   1   0 0.00  0.0    0  4.9 13 340   M    M   1        18 350
21  73  52  63   M   2   0 0.00  0.0    0  5.5 12 140   M    M   2 8      17 170
22  77  66  72   M   0   7 0.35  0.0    0  8.7 18 210   M    M   8 1      37 220
23  72  59  66   M   0   1 0.00  0.0    0  7.5 16 320   M    M   6 12     31 320
24  68  52  60   M   5   0 0.21  0.0    0  6.6 17 320   M    M   2        32 320
================================================================================
SM 1940 1443        11 149  1.59     0.0 153.5          M       67
================================================================================
AV 80.8 60.1                               6.4 FASTST   M    M   3    MAX(MPH)
                                 MISC ---->  # 27 310               # 39  310
================================================================================
NOTES:
# LAST OF SEVERAL OCCURRENCES

COLUMN 17 PEAK WIND IN M.P.H.

PRELIMINARY LOCAL CLIMATOLOGICAL DATA (WS FORM: F-6) , PAGE 2

                                          STATION:  DECORAH IA
                                          MONTH:    JUNE
                                          YEAR:     2017
                                          LATITUDE:   43 16 N
                                          LONGITUDE:  91 44 W

[TEMPERATURE DATA]      [PRECIPITATION DATA]       SYMBOLS USED IN COLUMN 16

AVERAGE MONTHLY: 70.5   TOTAL FOR MONTH:   1.59    1 = FOG OR MIST
DPTR FM NORMAL:     M   DPTR FM NORMAL:       M    2 = FOG REDUCING VISIBILITY
HIGHEST:    91 ON 11    GRTST 24HR  0.75 ON 12-12      TO 1/4 MILE OR LESS
LOWEST:     46 ON  1                               3 = THUNDER
                        SNOW, ICE PELLETS, HAIL    4 = ICE PELLETS
                        TOTAL MONTH:   0.0 INCH    5 = HAIL
                        GRTST 24HR     0.0         6 = FREEZING RAIN OR DRIZZLE
                        GRTST DEPTH:   0           7 = DUSTSTORM OR SANDSTORM:
                                                       VSBY 1/2 MILE OR LESS
                                                   8 = SMOKE OR HAZE
[NO. OF DAYS WITH]      [WEATHER - DAYS WITH]      9 = BLOWING SNOW
                                                   X = TORNADO
MAX 32 OR BELOW:   0    0.01 INCH OR MORE:   6
MAX 90 OR ABOVE:   4    0.10 INCH OR MORE:   4
MIN 32 OR BELOW:   0    0.50 INCH OR MORE:   1
MIN  0 OR BELOW:   0    1.00 INCH OR MORE:   0

[HDD (BASE 65) ]
TOTAL THIS MO.    11    CLEAR  (SCALE 0-3)  16
DPTR FM NORMAL     M    PTCLDY (SCALE 4-7)   7
TOTAL FM JUL 1  6348    CLOUDY (SCALE 8-10)  1
DPTR FM NORMAL     M

[CDD (BASE 65) ]
TOTAL THIS MO.   149
DPTR FM NORMAL     M    [PRESSURE DATA]
TOTAL FM JAN 1   168    HIGHEST SLP M ON M
DPTR FM NORMAL     M    LOWEST  SLP M ON M

[REMARKS]
