000
CXUS56 KOTX 260900
CF6DEW
PRELIMINARY LOCAL CLIMATOLOGICAL DATA (WS FORM: F-6)

                                          STATION:   DEER_PARK WA AIRPORT
                                          MONTH:     JUNE
                                          YEAR:      2017
                                          LATITUDE:   47 58 N
                                          LONGITUDE: 117 25 W

  TEMPERATURE IN F:       :PCPN:    SNOW:  WIND      :SUNSHINE: SKY     :PK WND
================================================================================
1   2   3   4   5  6A  6B    7    8   9   10  11  12  13   14  15   16   17  18
                                     12Z  AVG MX 2MIN
DY MAX MIN AVG DEP HDD CDD  WTR  SNW DPTH SPD SPD DIR MIN PSBL S-S WX    SPD DR
================================================================================

 1  72  47  60   4   5   0 0.03    M    M  5.8 28 210   M    M   8        35 220
 2  74  45  60   4   5   0 0.00    M    M  5.5 17 180   M    M   4        22 220
 3  80  47  64   8   1   0    T    M    M  5.3 15  30   M    M   1        19  20
 4  64  40  52  -5  13   0 0.00    M    M  6.6 15 180   M    M   3        18 180
 5  72  37  55  -2  10   0 0.00    M    M  3.3 10 190   M    M   2 12     17 190
 6  81  48  65   8   0   0 0.00    M    M  6.2 13  40   M    M   0        18 120
 7  91  47  69  12   0   4 0.00    M    M  7.9 17  40   M    M   0        22  40
 8  75  51  63   6   2   0 0.14    M    M  8.8 29 220   M    M   3 13     35 210
 9  65  45  55  -3  10   0 0.00    M    M  9.3 16 180   M    M   4        20 170
10  62  38  50  -8  15   0 0.01    M    M  6.9 18 210   M    M   7        23 220
11  70  33  52  -6  13   0 0.00    M    M  3.7 12  50   M    M   2        14  50
12  78  39  59   1   6   0 0.00    M    M  7.8 14 210   M    M   0        19 110
13  70  48  59   1   6   0 0.00    M    M 12.7 22 190   M    M   6        29 210
14  67  35  51  -7  14   0 0.00    M    M  7.5 16 200   M    M   4        23 180
15  61  49  55  -4  10   0 0.40    M    M  4.8 10 170   M    M  10 18     14 250
16  67  46  57  -2   8   0 0.35    M    M 12.0 28 210   M    M   5 38     33 210
17  69  38  54  -5  11   0 0.00    M    M  7.7 16 200   M    M   3        21 220
18  75  52  64   5   1   0 0.00    M    M  6.1 17 220   M    M   6        22 240
19  83  47  65   5   0   0 0.00    M    M  3.1 10 260   M    M   0 1      17  80
20  85  55  70  10   0   5 0.00    M    M  9.1 24 230   M    M   3        37 200
21  77  43  60   0   5   0 0.00  0.0    0  8.2 20 230   M    M   0        26 230
22  75  39  57  -3   8   0 0.00    M    M  6.2 17 310   M    M   0        22 310
23  80  38  59  -1   6   0 0.00    M    M  4.5 15 320   M    M   0        20 290
24  86  40  63   2   2   0 0.00    M    M  3.7 12 320   M    M   0        14 320
25  92  47  70   9   0   5 0.00    M    M  4.3 12  20   M    M   0        14  40
================================================================================
SM 1871 1094       151  14  0.93     0.0 167.0          M       71
================================================================================
AV 74.8 43.8                               6.7 FASTST   M    M   3    MAX(MPH)
                                 MISC ---->  # 29 220               # 37  200
================================================================================
NOTES:
# LAST OF SEVERAL OCCURRENCES

COLUMN 17 PEAK WIND IN M.P.H.

PRELIMINARY LOCAL CLIMATOLOGICAL DATA (WS FORM: F-6) , PAGE 2

                                          STATION:  DEER_PARK WA AIRPORT
                                          MONTH:    JUNE
                                          YEAR:     2017
                                          LATITUDE:   47 58 N
                                          LONGITUDE: 117 25 W

[TEMPERATURE DATA]      [PRECIPITATION DATA]       SYMBOLS USED IN COLUMN 16

AVERAGE MONTHLY: 59.3   TOTAL FOR MONTH:   0.93    1 = FOG OR MIST
DPTR FM NORMAL:   0.9   DPTR FM NORMAL:   -0.76    2 = FOG REDUCING VISIBILITY
HIGHEST:    92 ON 25    GRTST 24HR  0.40 ON 15-15      TO 1/4 MILE OR LESS
LOWEST:     33 ON 11                               3 = THUNDER
                        SNOW, ICE PELLETS, HAIL    4 = ICE PELLETS
                        TOTAL MONTH:   0.0 INCH    5 = HAIL
                        GRTST 24HR     0.0         6 = FREEZING RAIN OR DRIZZLE
                        GRTST DEPTH:   0           7 = DUSTSTORM OR SANDSTORM:
                                                       VSBY 1/2 MILE OR LESS
                                                   8 = SMOKE OR HAZE
[NO. OF DAYS WITH]      [WEATHER - DAYS WITH]      9 = BLOWING SNOW
                                                   X = TORNADO
MAX 32 OR BELOW:   0    0.01 INCH OR MORE:   5
MAX 90 OR ABOVE:   2    0.10 INCH OR MORE:   3
MIN 32 OR BELOW:   0    0.50 INCH OR MORE:   0
MIN  0 OR BELOW:   0    1.00 INCH OR MORE:   0

[HDD (BASE 65) ]
TOTAL THIS MO.   151    CLEAR  (SCALE 0-3)  14
DPTR FM NORMAL   -26    PTCLDY (SCALE 4-7)  10
TOTAL FM JUL 1  7469    CLOUDY (SCALE 8-10)  1
DPTR FM NORMAL    78

[CDD (BASE 65) ]
TOTAL THIS MO.    14
DPTR FM NORMAL     6    [PRESSURE DATA]
TOTAL FM JAN 1    20    HIGHEST SLP M ON M
DPTR FM NORMAL     9    LOWEST  SLP 29.52 ON  8

[REMARKS]
