000
CXUS56 KOTX 300900
CF6DEW
PRELIMINARY LOCAL CLIMATOLOGICAL DATA (WS FORM: F-6)

                                          STATION:   DEER_PARK WA AIRPORT
                                          MONTH:     MAY
                                          YEAR:      2015
                                          LATITUDE:   47 58 N
                                          LONGITUDE: 117 25 W

  TEMPERATURE IN F:       :PCPN:    SNOW:  WIND      :SUNSHINE: SKY     :PK WND
================================================================================
1   2   3   4   5  6A  6B    7    8   9   10  11  12  13   14  15   16   17  18
                                     12Z  AVG MX 2MIN
DY MAX MIN AVG DEP HDD CDD  WTR  SNW DPTH SPD SPD DIR MIN PSBL S-S WX    SPD DR
================================================================================

 1  73  38  56   8   9   0 0.00    M    M  8.0 23 230   M    M   2        31 240
 2  66  32  49   1  16   0 0.00    M    M  7.8 18 290   M    M   0        28 300
 3  69  28  49   0  16   0 0.00    M    M  4.3 15  40   M    M   0 8      19  50
 4  74  28  51   2  14   0 0.00    M    M  4.7 15 200   M    M   0        19 200
 5  61  30  46  -3  19   0 0.00    M    M 11.9 24 200   M    M   3        30 210
 6  62  26  44  -5  21   0 0.00    M    M  5.1 14 340   M    M   1        16 350
 7  69  30  50   0  15   0 0.00    M    M  5.1 14  30   M    M   0 8      25 240
 8  70  31  51   1  14   0 0.00    M    M  8.3 18  40   M    M   0        25  40
 9  73  34  54   4  11   0 0.00    M    M  5.6 16  50   M    M   0 8      18  40
10  74  31  53   3  12   0 0.00    M    M  3.8 15  10   M    M   0        16  10
11  73  47  60   9   5   0 0.00    M    M 13.3 20  40   M    M   1 3      26  30
12  65  52  59   8   6   0    T    M    M 11.3 18  50   M    M   6        24  40
13  56  46  51   0  14   0 0.38    M    M  8.9 20  30   M    M   9 1      24  30
14  68  43  56   4   9   0 0.00    M    M  5.4 14  20   M    M   3        18  30
15  73  39  56   4   9   0 0.00    M    M  6.0 16 180   M    M   2        19 180
16  72  43  58   6   7   0 0.23    M    M  5.8 25 330   M    M   4 13     30 330
17  72  48  60   8   5   0 0.00    M    M  8.5 22  50   M    M   4        27  50
18  73  49  61   8   4   0 0.00    M    M 11.6 22  40   M    M   0        27  60
19  75  52  64  11   1   0 0.00    M    M  9.4 18  30   M    M   0        27  30
20  78  49  64  11   1   0 0.00    M    M  9.3 18  50   M    M   1        25  30
21  83  52  68  14   0   3 0.00    M    M  5.0 12  40   M    M   1        14  40
22  83  49  66  12   0   1 0.00    M    M  4.1  9 220   0    0   0         M  M
23  84  43  64  10   1   0 0.00    M    M  4.3 13 110   M    M   0        21  80
24  79  45  62   8   3   0 0.01    M    M  6.3 17 300   M    M   2 123    22 300
25  63  49  56   2   9   0 0.47    M    M  5.2 18 340   M    M   8 13     24 280
26  66  47  57   2   8   0 0.19    M    M  4.5 15  50   M    M   6 13     17  60
27  73  45  59   4   6   0 0.00    M    M  1.6 17 340   M    M   2 1      21 330
28  79  46  63   8   2   0    T    M    M  4.6 18  60   M    M   3        24  70
29  81  56  69  14   0   4 0.22    M    M  9.3 35 290   M    M   2 13     42 290
================================================================================
SM 2087 1208       237   8  1.50    M    199.0            0     60
================================================================================
AV 72.0 41.7                               6.9 FASTST    0   0   2    MAX(MPH)
                                 MISC ---->  # 35 290               # 42  290
================================================================================
NOTES:
# LAST OF SEVERAL OCCURRENCES

COLUMN 17 PEAK WIND IN M.P.H.

PRELIMINARY LOCAL CLIMATOLOGICAL DATA (WS FORM: F-6) , PAGE 2

                                          STATION:  DEER_PARK WA AIRPORT
                                          MONTH:    MAY
                                          YEAR:     2015
                                          LATITUDE:   47 58 N
                                          LONGITUDE: 117 25 W

[TEMPERATURE DATA]      [PRECIPITATION DATA]       SYMBOLS USED IN COLUMN 16

AVERAGE MONTHLY: 56.8   TOTAL FOR MONTH:   1.50    1 = FOG OR MIST
DPTR FM NORMAL:   5.0   DPTR FM NORMAL:   -0.21    2 = FOG REDUCING VISIBILITY
HIGHEST:    84 ON 23    GRTST 24HR  0.48 ON 24-25      TO 1/4 MILE OR LESS
LOWEST:     26 ON  6                               3 = THUNDER
                        SNOW, ICE PELLETS, HAIL    4 = ICE PELLETS
                        TOTAL MONTH:    M          5 = HAIL
                        GRTST 24HR    M  ON   M    6 = FREEZING RAIN OR DRIZZLE
                        GRTST DEPTH:  M  ON   M    7 = DUSTSTORM OR SANDSTORM:
                                                       VSBY 1/2 MILE OR LESS
                                                   8 = SMOKE OR HAZE
[NO. OF DAYS WITH]      [WEATHER - DAYS WITH]      9 = BLOWING SNOW
                                                   X = TORNADO
MAX 32 OR BELOW:   0    0.01 INCH OR MORE:   6
MAX 90 OR ABOVE:   0    0.10 INCH OR MORE:   5
MIN 32 OR BELOW:   8    0.50 INCH OR MORE:   0
MIN  0 OR BELOW:   0    1.00 INCH OR MORE:   0

[HDD (BASE 65) ]
TOTAL THIS MO.   237    CLEAR  (SCALE 0-3)  23
DPTR FM NORMAL  -147    PTCLDY (SCALE 4-7)   5
TOTAL FM JUL 1  6109    CLOUDY (SCALE 8-10)  1
DPTR FM NORMAL -1086

[CDD (BASE 65) ]
TOTAL THIS MO.     8
DPTR FM NORMAL     8    [PRESSURE DATA]
TOTAL FM JAN 1     8    HIGHEST SLP  0.00 ON 23
DPTR FM NORMAL     8    LOWEST  SLP  0.00 ON M

[REMARKS]
