000
CXUS53 KIWX 170800
CF6DFI
PRELIMINARY LOCAL CLIMATOLOGICAL DATA (WS FORM: F-6)

                                          STATION:   DEFIANCE MEMORIAL
                                          MONTH:     APRIL
                                          YEAR:      2014
                                          LATITUDE:   41 20 N
                                          LONGITUDE:  84 26 W

  TEMPERATURE IN F:       :PCPN:    SNOW:  WIND      :SUNSHINE: SKY     :PK WND
================================================================================
1   2   3   4   5  6A  6B    7    8   9   10  11  12  13   14  15   16   17  18
                                     12Z  AVG MX 2MIN
DY MAX MIN AVG DEP HDD CDD  WTR  SNW DPTH SPD SPD DIR MIN PSBL S-S WX    SPD DR
================================================================================

 1  60  44  52   8  13   0 0.02    M    0 13.4 31 220   M    M   3        41 220
 2  58  36  47   3  18   0 0.00  0.0    0  4.1 17  80   M    M   4        22  80
 3  46  34  40  -4  25   0 1.78    M    0 12.7 20  80   M    M  10 13     28  60
 4  50  36  43  -2  22   0 0.01    M    0 10.3 24 240   M    M  10 12     41 240
 5  51  31  41  -4  24   0    T    M    0  7.0 21 310   M    M   5        29 320
 6  55  23  39  -7  26   0 0.00  0.0    0  3.7 12 120   M    M   0        16 110
 7  53  34  44  -2  21   0 0.60    M    0 10.3 23  20   M    M   7 1      31 360
 8  60  40  50   4  15   0 0.07    M    0  7.1 14 310   M    M   6 18     19 310
 9  59  36  48   1  17   0 0.00  0.0    0  7.8 13 230   M    M   2        18 220
10  73  45  59  12   6   0 0.04  0.0    0 12.5 30 220   M    M   4 1      42 220
11  67  46  57  10   8   0    T  0.0    0  2.9 13 230   M    M   4 12     20 340
12  76  42  59  11   6   0 0.00  0.0    0  9.4 23 190   M    M   3        32 200
13  78  61  70  22   0   5 0.00  0.0    0 12.4 26 220   M    M   5        34 240
14  72  32  52   3  13   0 0.09    M    0 13.8 32 200   M    M   8 18     47 220
15  37  24  31 -18  34   0 0.07    M    M 11.1 23 330   M    M   7 1      29 340
16  47  20  34 -15  31   0 0.00  0.0    M  6.9 16 120   M    M   0        21 130
================================================================================
SM  942  584       279   5  2.68     0.0 145.4          M       78
================================================================================
AV 58.9 36.5                               9.1 FASTST   M    M   5    MAX(MPH)
                                 MISC ---->  # 32 200               # 47  220
================================================================================
NOTES:
# LAST OF SEVERAL OCCURRENCES

COLUMN 17 PEAK WIND IN M.P.H.

PRELIMINARY LOCAL CLIMATOLOGICAL DATA (WS FORM: F-6) , PAGE 2

                                          STATION:  DEFIANCE MEMORIAL
                                          MONTH:    APRIL
                                          YEAR:     2014
                                          LATITUDE:   41 20 N
                                          LONGITUDE:  84 26 W

[TEMPERATURE DATA]      [PRECIPITATION DATA]       SYMBOLS USED IN COLUMN 16

AVERAGE MONTHLY: 47.7   TOTAL FOR MONTH:   2.68    1 = FOG OR MIST
DPTR FM NORMAL:   1.2   DPTR FM NORMAL:    1.14    2 = FOG REDUCING VISIBILITY
HIGHEST:    78 ON 13    GRTST 24HR  1.78 ON  2- 3      TO 1/4 MILE OR LESS
LOWEST:     20 ON 16                               3 = THUNDER
                        SNOW, ICE PELLETS, HAIL    4 = ICE PELLETS
                        TOTAL MONTH:   0.0 INCH    5 = HAIL
                        GRTST 24HR     0.0         6 = FREEZING RAIN OR DRIZZLE
                        GRTST DEPTH:   0           7 = DUSTSTORM OR SANDSTORM:
                                                       VSBY 1/2 MILE OR LESS
                                                   8 = SMOKE OR HAZE
[NO. OF DAYS WITH]      [WEATHER - DAYS WITH]      9 = BLOWING SNOW
                                                   X = TORNADO
MAX 32 OR BELOW:   0    0.01 INCH OR MORE:   8
MAX 90 OR ABOVE:   0    0.10 INCH OR MORE:   2
MIN 32 OR BELOW:   5    0.50 INCH OR MORE:   2
MIN  0 OR BELOW:   0    1.00 INCH OR MORE:   1

[HDD (BASE 65) ]
TOTAL THIS MO.   279    CLEAR  (SCALE 0-3)   3
DPTR FM NORMAL   -19    PTCLDY (SCALE 4-7)  11
TOTAL FM JUL 1  6523    CLOUDY (SCALE 8-10)  2
DPTR FM NORMAL   726

[CDD (BASE 65) ]
TOTAL THIS MO.     5
DPTR FM NORMAL     5    [PRESSURE DATA]
TOTAL FM JAN 1     5    HIGHEST SLP M ON M
DPTR FM NORMAL     5    LOWEST  SLP 29.34 ON 14

[REMARKS]
