000
CXUS55 KCYS 281000
CF6DGW
PRELIMINARY LOCAL CLIMATOLOGICAL DATA (WS FORM: F-6)

                                          STATION:   CONVERSE CO (DOUGLAS) WY ARPT
                                          MONTH:     FEBRUARY
                                          YEAR:      2015
                                          LATITUDE:   42 46 N
                                          LONGITUDE: 105 22 W

  TEMPERATURE IN F:       :PCPN:    SNOW:  WIND      :SUNSHINE: SKY     :PK WND
================================================================================
1   2   3   4   5  6A  6B    7    8   9   10  11  12  13   14  15   16   17  18
                                     12Z  AVG MX 2MIN
DY MAX MIN AVG DEP HDD CDD  WTR  SNW DPTH SPD SPD DIR MIN PSBL S-S WX    SPD DR
================================================================================

 1  27  13  20  -5  45   0    T    M    M 13.8 28 330   M    M   6        34 330
 2  51  17  34   9  31   0 0.00    M    M 11.3 28 290   M    M   2        34 290
 3  55  32  44  19  21   0 0.02    M    M 12.3 31 260   M    M   4 1      40 260
 4  32   8  20  -5  45   0 0.01    M    M  6.4 26  10   M    M   6 12     32  10
 5  54   7  31   6  34   0 0.00    M    M  9.1 35 260   M    M   2 12     44 270
 6  66  43  55  30  10   0 0.00    M    M 20.4 40 270   M    M   0        49 270
 7  64  44  54  29  11   0 0.00    M    M 26.0 61 280   M    M   0        79 270
 8  59  28  44  19  21   0 0.00    M    M 13.8 31 290   M    M   0        39 280
 9  66  22  44  18  21   0 0.00    M    M   M   M   M   M    M   0         M  M
10  55  33  44  18  21   0 0.00    M    M 13.3 26 300   M    M   5        33 300
11  53  28  41  15  24   0 0.00    M    M  7.5 22 310   M    M   6        30 310
12  59  26  43  17  22   0 0.00    M    M 10.8 26 300   M    M   0 1      34 320
13  61  28  45  19  20   0 0.00    M    M  8.2 23 280   M    M   1        28 280
14  54  22  38  12  27   0 0.00    M    M  2.3 18  30   M    M   1        26  40
15  35  22  29   3  36   0 0.07    M    M  7.1 18  10   M    M   8 1      23  10
16  34  21  28   1  37   0    T    M    M 12.8 28 320   M    M  10 18     36 320
17  28  15  22  -5  43   0    T    M    M 15.0 26 330   M    M   9 18     37 330
18  47  11  29   2  36   0 0.00    M    M  8.1 28 290   M    M   6        34 300
19  59  23  41  14  24   0 0.00    M    M  8.2 25 300   M    M   1        35 260
20  40  27  34   6  31   0    T    M    M  8.1 23 340   M    M   9 18     27 340
21  29   9  19  -9  46   0    T    M    M  9.8 20 360   M    M  10 18     24 360
22  18   2  10 -18  55   0    T    M    M  6.2 13  60   M    M   8 8      15  60
23  32  -4  14 -14  51   0 0.00    M    M  9.7 23 290   M    M   1        29 310
24  48  14  31   2  34   0    T    M    M 11.0 22 290   M    M   3        29 310
25  41   9  25  -4  40   0 0.11    M    M 15.2 36 360   M    M   9 1      43 360
26  15   4  10 -19  55   0    T    M    M  7.4 21 140   M    M   9 18     25 150
27  24   3  14 -16  51   0 0.00    M    M 14.7 25 140   M    M   1        30 150
================================================================================
SM 1206  507       892   0  0.21    M    288.5          M      117
================================================================================
AV 44.7 18.8                              11.1 FASTST   M    M   4    MAX(MPH)
                                 MISC ---->  # 61 280               # 79  270
================================================================================
NOTES:
# LAST OF SEVERAL OCCURRENCES

COLUMN 17 PEAK WIND IN M.P.H.

PRELIMINARY LOCAL CLIMATOLOGICAL DATA (WS FORM: F-6) , PAGE 2

                                          STATION:  CONVERSE CO (DOUGLAS) WY ARPT
                                          MONTH:    FEBRUARY
                                          YEAR:     2015
                                          LATITUDE:   42 46 N
                                          LONGITUDE: 105 22 W

[TEMPERATURE DATA]      [PRECIPITATION DATA]       SYMBOLS USED IN COLUMN 16

AVERAGE MONTHLY: 31.7   TOTAL FOR MONTH:   0.21    1 = FOG OR MIST
DPTR FM NORMAL:   5.1   DPTR FM NORMAL:   -0.18    2 = FOG REDUCING VISIBILITY
HIGHEST:    66 ON  9, 6 GRTST 24HR  0.11 ON 25-25      TO 1/4 MILE OR LESS
LOWEST:     -4 ON 23                               3 = THUNDER
                        SNOW, ICE PELLETS, HAIL    4 = ICE PELLETS
                        TOTAL MONTH:    M          5 = HAIL
                        GRTST 24HR    M  ON   M    6 = FREEZING RAIN OR DRIZZLE
                        GRTST DEPTH:  M  ON   M    7 = DUSTSTORM OR SANDSTORM:
                                                       VSBY 1/2 MILE OR LESS
                                                   8 = SMOKE OR HAZE
[NO. OF DAYS WITH]      [WEATHER - DAYS WITH]      9 = BLOWING SNOW
                                                   X = TORNADO
MAX 32 OR BELOW:   8    0.01 INCH OR MORE:   4
MAX 90 OR ABOVE:   0    0.10 INCH OR MORE:   1
MIN 32 OR BELOW:  24    0.50 INCH OR MORE:   0
MIN  0 OR BELOW:   1    1.00 INCH OR MORE:   0

[HDD (BASE 65) ]
TOTAL THIS MO.   892    CLEAR  (SCALE 0-3)  13
DPTR FM NORMAL  -144    PTCLDY (SCALE 4-7)   7
TOTAL FM JUL 1  4954    CLOUDY (SCALE 8-10)  7
DPTR FM NORMAL  -413

[CDD (BASE 65) ]
TOTAL THIS MO.     0
DPTR FM NORMAL     0    [PRESSURE DATA]
TOTAL FM JAN 1     0    HIGHEST SLP M ON M
DPTR FM NORMAL     0    LOWEST  SLP 29.65 ON  7

[REMARKS]
