000
CXUS55 KCYS 251000
CF6DGW
PRELIMINARY LOCAL CLIMATOLOGICAL DATA (WS FORM: F-6)

                                          STATION:   CONVERSE CO (DOUGLAS) WY ARPT
                                          MONTH:     MAY
                                          YEAR:      2015
                                          LATITUDE:   42 46 N
                                          LONGITUDE: 105 22 W

  TEMPERATURE IN F:       :PCPN:    SNOW:  WIND      :SUNSHINE: SKY     :PK WND
================================================================================
1   2   3   4   5  6A  6B    7    8   9   10  11  12  13   14  15   16   17  18
                                     12Z  AVG MX 2MIN
DY MAX MIN AVG DEP HDD CDD  WTR  SNW DPTH SPD SPD DIR MIN PSBL S-S WX    SPD DR
================================================================================

 1  71  33  52   4  13   0 0.00    M    M  3.8 15 150   M    M   0 12     18 140
 2  78  38  58  10   7   0 0.00    M    M  9.2 25 230   M    M   2 12     35 240
 3  69  46  58   9   7   0 0.21    M    M  9.6 24 240   M    M   2 13     30 190
 4  59  45  52   3  13   0 0.01    M    M 17.8 29 140   M    M   4        36 140
 5  66  44  55   6  10   0 0.00    M    M 18.7 31 140   M    M   5 1      39 130
 6  55  42  49  -1  16   0 0.05    M    M 12.3 29 340   M    M   9 18     35 350
 7  52  38  45  -5  20   0 0.07    M    M  9.8 17 350   M    M   9 1      20 350
 8  52  41  47  -3  18   0    T    M    M 14.2 29 130   M    M  10 1      33 120
 9  46  31  39 -12  26   0    T    M    M 10.4 28  60   M    M  10 12     36  60
10  35  29  32 -19  33   0 0.37    M    M 16.2 29 340   M    M   9 18     34 330
11  55  26  41 -10  24   0 0.00    M    M 12.2 21 270   M    M   0        25 150
12  71  35  53   1  12   0    T    M    M 10.1 21 140   M    M   1 3      24 140
13  61  41  51  -1  14   0 0.04    M    M  8.1 22 310   M    M   6        25 310
14  70  37  54   2  11   0 0.05    M    M  5.8 18 110   M    M   0 13     25 110
15  59  40  50  -3  15   0 0.20    M    M 13.0 29 260   M    M   8 13     40 270
16  67  35  51  -2  14   0 0.00    M    M  8.9 24 300   M    M   1 3      29 310
17  57  41  49  -5  16   0 0.27    M    M 16.8 31 350   M    M   9 1      38 350
18  53  39  46  -8  19   0 0.00    M    M 10.0 24 130   M    M  10        30 130
19  45  31  38 -16  27   0 0.18    M    M 16.7 29 120   M    M  10 1      36 120
20  46  31  39 -15  26   0 0.02    M    M  8.2 17 140   M    M  10 1      22 130
21  59  36  48  -7  17   0 0.00    M    M 15.1 28 130   M    M   8        36 120
22  52  45  49  -6  16   0 0.03    M    M 17.4 23 140   M    M  10 1      28 130
23  65  43  54  -2  11   0 0.64    M    M 11.5 25  70   M    M   8 13     31  80
24  63  44  54  -2  11   0 0.69    M    M  6.7 21 330   M    M   8 13     28 330
================================================================================
SM 1406  911       396   0  2.83    M    282.5          M      149
================================================================================
AV 58.6 38.0                              11.8 FASTST   M    M   6    MAX(MPH)
                                 MISC ---->  # 31 140               # 40  270
================================================================================
NOTES:
# LAST OF SEVERAL OCCURRENCES

COLUMN 17 PEAK WIND IN M.P.H.

PRELIMINARY LOCAL CLIMATOLOGICAL DATA (WS FORM: F-6) , PAGE 2

                                          STATION:  CONVERSE CO (DOUGLAS) WY ARPT
                                          MONTH:    MAY
                                          YEAR:     2015
                                          LATITUDE:   42 46 N
                                          LONGITUDE: 105 22 W

[TEMPERATURE DATA]      [PRECIPITATION DATA]       SYMBOLS USED IN COLUMN 16

AVERAGE MONTHLY: 48.3   TOTAL FOR MONTH:   2.83    1 = FOG OR MIST
DPTR FM NORMAL:  -3.6   DPTR FM NORMAL:    0.89    2 = FOG REDUCING VISIBILITY
HIGHEST:    78 ON  2    GRTST 24HR  1.31 ON 23-24      TO 1/4 MILE OR LESS
LOWEST:     26 ON 11                               3 = THUNDER
                        SNOW, ICE PELLETS, HAIL    4 = ICE PELLETS
                        TOTAL MONTH:    M          5 = HAIL
                        GRTST 24HR    M  ON   M    6 = FREEZING RAIN OR DRIZZLE
                        GRTST DEPTH:  M  ON   M    7 = DUSTSTORM OR SANDSTORM:
                                                       VSBY 1/2 MILE OR LESS
                                                   8 = SMOKE OR HAZE
[NO. OF DAYS WITH]      [WEATHER - DAYS WITH]      9 = BLOWING SNOW
                                                   X = TORNADO
MAX 32 OR BELOW:   0    0.01 INCH OR MORE:  14
MAX 90 OR ABOVE:   0    0.10 INCH OR MORE:   7
MIN 32 OR BELOW:   5    0.50 INCH OR MORE:   2
MIN  0 OR BELOW:   0    1.00 INCH OR MORE:   0

[HDD (BASE 65) ]
TOTAL THIS MO.   396    CLEAR  (SCALE 0-3)   7
DPTR FM NORMAL    80    PTCLDY (SCALE 4-7)   7
TOTAL FM JUL 1  6761    CLOUDY (SCALE 8-10) 10
DPTR FM NORMAL  -512

[CDD (BASE 65) ]
TOTAL THIS MO.     0
DPTR FM NORMAL     0    [PRESSURE DATA]
TOTAL FM JAN 1     1    HIGHEST SLP M ON M
DPTR FM NORMAL     1    LOWEST  SLP 29.52 ON M

[REMARKS]
