000
CXUS54 KAMA 301015
CF6DHT
PRELIMINARY LOCAL CLIMATOLOGICAL DATA (WS FORM: F-6)

                                          STATION:   DALHART
                                          MONTH:     MAY
                                          YEAR:      2015
                                          LATITUDE:   36  1 N
                                          LONGITUDE: 102 33 W

  TEMPERATURE IN F:       :PCPN:    SNOW:  WIND      :SUNSHINE: SKY     :PK WND
================================================================================
1   2   3   4   5  6A  6B    7    8   9   10  11  12  13   14  15   16   17  18
                                     12Z  AVG MX 2MIN
DY MAX MIN AVG DEP HDD CDD  WTR  SNW DPTH SPD SPD DIR MIN PSBL S-S WX    SPD DR
================================================================================

 1  83  47  65   7   0   0 0.00  0.0    0  9.7 24 160   M    M   0        28 160
 2  85  55  70  11   0   5 0.00  0.0    0 14.4 28 260   M    M   0        35 270
 3  86  51  69  10   0   4    T  0.0    0 10.3 31 200   M    M   2 3      38 180
 4  77  55  66   6   0   1 0.12  0.0    0 10.0 26 120   M    M   2 13     32 130
 5  69  51  60   0   5   0 0.19  0.0    0 10.3 33 190   M    M   7 13     42 190
 6  79  49  64   4   1   0 0.00  0.0    0 17.6 32 210   M    M   0        40 230
 7  79  45  62   2   3   0 0.00  0.0    0  8.7 30 140   M    M   0        36 140
 8  72  52  62   1   3   0    T  0.0    0 12.4 24 120   M    M   5 12     30 110
 9  76  44  60  -1   5   0 0.15  0.0    0 15.5 38 240   M    M   4 13     49 230
10  64  39  52 -10  13   0 0.00  0.0    0 13.6 24 340   M    M   0        30 330
11  65  38  52 -10  13   0 0.00  0.0    0  9.2 20 360   M    M   1        23  10
12  71  38  55  -7  10   0 0.00  0.0    0 15.1 28 160   M    M   3 1      35 170
13  64  49  57  -5   8   0 0.23  0.0    0 10.2 25 160   M    M   8 138    31 170
14  79  46  63   0   2   0 0.00  0.0    0 11.4 28 180   M    M   3 12     35 180
15  80  53  67   4   0   2 0.06  0.0    0 18.4 35 210   M    M   2 3      41 210
16  72  51  62  -1   3   0 0.04  0.0    0 16.1 41 220   M    M   3 13     54 220
17  75  43  59  -5   6   0 0.00  0.0    0  8.2 18 170   M    M   0        25 180
18  71  49  60  -4   5   0    T    M    0 17.3 29  90   M    M   4        36  90
19  72  45  59  -5   6   0 0.53  0.0    0 18.9 33 150   M    M  10 13     42  30
20  56  42  49 -16  16   0 0.00  0.0    0 15.9 26  20   M    M  10 1      31  10
21  56  45  51 -14  14   0 0.29  0.0    0  8.3 16  50   M    M  10 138    19  50
22  70  48  59  -6   6   0 0.03  0.0    0 14.7 23 170   M    M   7 1      27 200
23  70  54  62  -4   3   0 0.33  0.0    0 12.3 32 180   M    M   6 13     40 190
24  76  52  64  -2   1   0 0.00  0.0    0  8.2 22 200   M    M   5 1      29 200
25  75  47  61  -5   4   0 0.00  0.0    0  8.7 23 170   M    M   0        31 170
26  79  51  65  -2   0   0 0.00  0.0    0  9.6 20  20   M    M   1        24  30
27  84  55  70   3   0   5 0.02  0.0    0 11.0 30 190   M    M   1 3      38 190
28  80  56  68   1   0   3 0.03  0.0    0 14.0 31 170   M    M   4 3      38 160
29  77  53  65  -3   0   0    T  0.0    0 12.5 37  30   M    M   3 3      45  30
================================================================================
SM 2142 1403       127  20  2.02     0.0 362.5          M      101
================================================================================
AV 73.9 48.4                              12.5 FASTST   M    M   3    MAX(MPH)
                                 MISC ---->  # 41 220               # 54  220
================================================================================
NOTES:
# LAST OF SEVERAL OCCURRENCES

COLUMN 17 PEAK WIND IN M.P.H.

PRELIMINARY LOCAL CLIMATOLOGICAL DATA (WS FORM: F-6) , PAGE 2

                                          STATION:  DALHART
                                          MONTH:    MAY
                                          YEAR:     2015
                                          LATITUDE:   36  1 N
                                          LONGITUDE: 102 33 W

[TEMPERATURE DATA]      [PRECIPITATION DATA]       SYMBOLS USED IN COLUMN 16

AVERAGE MONTHLY: 61.1   TOTAL FOR MONTH:   2.02    1 = FOG OR MIST
DPTR FM NORMAL:  -1.9   DPTR FM NORMAL:   -0.05    2 = FOG REDUCING VISIBILITY
HIGHEST:    86 ON  3    GRTST 24HR  0.53 ON 19-19      TO 1/4 MILE OR LESS
LOWEST:     38 ON 12,11                            3 = THUNDER
                        SNOW, ICE PELLETS, HAIL    4 = ICE PELLETS
                        TOTAL MONTH:   0.0 INCH    5 = HAIL
                        GRTST 24HR     0.0         6 = FREEZING RAIN OR DRIZZLE
                        GRTST DEPTH:   0           7 = DUSTSTORM OR SANDSTORM:
                                                       VSBY 1/2 MILE OR LESS
                                                   8 = SMOKE OR HAZE
[NO. OF DAYS WITH]      [WEATHER - DAYS WITH]      9 = BLOWING SNOW
                                                   X = TORNADO
MAX 32 OR BELOW:   0    0.01 INCH OR MORE:  12
MAX 90 OR ABOVE:   0    0.10 INCH OR MORE:   7
MIN 32 OR BELOW:   0    0.50 INCH OR MORE:   1
MIN  0 OR BELOW:   0    1.00 INCH OR MORE:   0

[HDD (BASE 65) ]
TOTAL THIS MO.   127    CLEAR  (SCALE 0-3)  16
DPTR FM NORMAL    15    PTCLDY (SCALE 4-7)  10
TOTAL FM JUL 1  4154    CLOUDY (SCALE 8-10)  3
DPTR FM NORMAL  -560

[CDD (BASE 65) ]
TOTAL THIS MO.    20
DPTR FM NORMAL   -37    [PRESSURE DATA]
TOTAL FM JAN 1    21    HIGHEST SLP M ON M
DPTR FM NORMAL   -42    LOWEST  SLP 29.58 ON 16

[REMARKS]
