000
CXUS53 KBIS 230733
CF6DIK
PRELIMINARY LOCAL CLIMATOLOGICAL DATA (WS FORM: F-6)

                                          STATION:   DICKINSON ND
                                          MONTH:     APRIL
                                          YEAR:      2017
                                          LATITUDE:   46 47 N
                                          LONGITUDE: 102 48 W

  TEMPERATURE IN F:       :PCPN:    SNOW:  WIND      :SUNSHINE: SKY     :PK WND
================================================================================
1   2   3   4   5  6A  6B    7    8   9   10  11  12  13   14  15   16   17  18
                                     12Z  AVG MX 2MIN
DY MAX MIN AVG DEP HDD CDD  WTR  SNW DPTH SPD SPD DIR MIN PSBL S-S WX    SPD DR
================================================================================

 1  61  38  50  14  15   0 0.00    M    M 13.4 24 180   M    M   4 12     33 180
 2  56  34  45   8  20   0 0.00    M    M 11.1 22 320   M    M   2        28 320
 3  56  26  41   4  24   0 0.10    M    M  6.9 25 310   M    M   5 1      31 300
 4  43  27  35  -3  30   0 0.01    M    M  8.5 15 350   M    M   7 1      19 350
 5  53  24  39   1  26   0 0.00    M    M  7.8 18  50   M    M   1        25  50
 6  59  26  43   5  22   0 0.00    M    M 17.8 28 170   M    M   0        41 150
 7  78  39  59  20   6   0 0.00    M    M 11.5 25 160   M    M   0        33 160
 8  64  37  51  12  14   0 0.00    M    M 10.5 20 300   M    M   3        25 330
 9  49  30  40   0  25   0 0.00    M    M 18.3 30  30   M    M   3        38  30
10  45  22  34  -6  31   0 0.00    M    M  8.5 20  30   M    M   3        24  20
11  59  20  40  -1  25   0 0.00    M    M 10.3 28 290   M    M   2        35 280
12  58  29  44   3  21   0 0.00    M    M  4.8 13 200   M    M   2        16 200
13  65  32  49   8  16   0 0.00    M    M 24.4 39 140   M    M   0        48 120
14  64  38  51   9  14   0 0.00    M    M 18.2 36 160   M    M   2        45 160
15  56  32  44   2  21   0 0.06    M    M 12.5 36 290   M    M   6 1      45 280
16  53  18  36  -7  29   0 0.00    M    M 15.2 29 300   M    M   1        43 290
17  49  11  30 -13  35   0 0.01    M    M 13.0 31 120   M    M   2        37 140
18  58  28  43   0  22   0 0.00    M    M  5.9 17  90   M    M   4 12     21 140
19  45  35  40  -4  25   0 0.31    M    M  9.7 17 160   M    M   7 1      21 160
20  55  33  44   0  21   0 0.00    M    M 10.6 18 320   M    M   6 1      23 330
21  61  30  46   2  19   0 0.00    M    M  8.9 20 180   M    M   3 12     25 160
22  63  33  48   3  17   0    T    M    M 11.5 23  80   M    M   5        28  70
================================================================================
SM 1250  642       478   0  0.49    M    259.3          M       68
================================================================================
AV 56.8 29.2                              11.8 FASTST   M    M   3    MAX(MPH)
                                 MISC ---->  # 39 140               # 48  120
================================================================================
NOTES:
# LAST OF SEVERAL OCCURRENCES

COLUMN 17 PEAK WIND IN M.P.H.

PRELIMINARY LOCAL CLIMATOLOGICAL DATA (WS FORM: F-6) , PAGE 2

                                          STATION:  DICKINSON ND
                                          MONTH:    APRIL
                                          YEAR:     2017
                                          LATITUDE:   46 47 N
                                          LONGITUDE: 102 48 W

[TEMPERATURE DATA]      [PRECIPITATION DATA]       SYMBOLS USED IN COLUMN 16

AVERAGE MONTHLY: 43.0   TOTAL FOR MONTH:   0.49    1 = FOG OR MIST
DPTR FM NORMAL:   2.3   DPTR FM NORMAL:   -0.48    2 = FOG REDUCING VISIBILITY
HIGHEST:    78 ON  7    GRTST 24HR  0.31 ON 19-19      TO 1/4 MILE OR LESS
LOWEST:     11 ON 17                               3 = THUNDER
                        SNOW, ICE PELLETS, HAIL    4 = ICE PELLETS
                        TOTAL MONTH:    M          5 = HAIL
                        GRTST 24HR    M  ON   M    6 = FREEZING RAIN OR DRIZZLE
                        GRTST DEPTH:  M  ON   M    7 = DUSTSTORM OR SANDSTORM:
                                                       VSBY 1/2 MILE OR LESS
                                                   8 = SMOKE OR HAZE
[NO. OF DAYS WITH]      [WEATHER - DAYS WITH]      9 = BLOWING SNOW
                                                   X = TORNADO
MAX 32 OR BELOW:   0    0.01 INCH OR MORE:   5
MAX 90 OR ABOVE:   0    0.10 INCH OR MORE:   2
MIN 32 OR BELOW:  14    0.50 INCH OR MORE:   0
MIN  0 OR BELOW:   0    1.00 INCH OR MORE:   0

[HDD (BASE 65) ]
TOTAL THIS MO.   478    CLEAR  (SCALE 0-3)  13
DPTR FM NORMAL   -55    PTCLDY (SCALE 4-7)   9
TOTAL FM JUL 1  7621    CLOUDY (SCALE 8-10)  0
DPTR FM NORMAL  -292

[CDD (BASE 65) ]
TOTAL THIS MO.     0
DPTR FM NORMAL     0    [PRESSURE DATA]
TOTAL FM JAN 1     0    HIGHEST SLP M ON M
DPTR FM NORMAL     0    LOWEST  SLP 29.43 ON  8

[REMARKS]
