000
CXUS53 KDLH 230631
CF6DLH
PRELIMINARY LOCAL CLIMATOLOGICAL DATA (WS FORM: F-6)

                                          STATION:   DULUTH
                                          MONTH:     FEBRUARY
                                          YEAR:      2018
                                          LATITUDE:   46 49 N
                                          LONGITUDE:  92 11 W

  TEMPERATURE IN F:       :PCPN:    SNOW:  WIND      :SUNSHINE: SKY     :PK WND
================================================================================
1   2   3   4   5  6A  6B    7    8   9   10  11  12  13   14  15   16   17  18
                                     12Z  AVG MX 2MIN
DY MAX MIN AVG DEP HDD CDD  WTR  SNW DPTH SPD SPD DIR MIN PSBL S-S WX    SPD DR
================================================================================

 1   3  -8  -2 -13  67   0    T    T    8 14.1 23 310   M    M   4 89     31 310
 2   7 -13  -3 -15  68   0 0.03  0.3    8  8.8 17 270   M    M   5 1      19 280
 3  11  -5   3  -9  62   0 0.13  1.3    8  8.1 16 350   M    M   9 1      22 340
 4   1 -17  -8 -20  73   0 0.00  0.0    9 14.0 24 270   M    M   0        30 280
 5   9  -7   1 -11  64   0    T    T    9 11.3 18 270   M    M   2 8      22 270
 6   8 -15  -3 -15  68   0    T    T    9  8.8 17 250   M    M   2        21 210
 7  13  -6   4  -9  61   0 0.01  0.1    9  8.4 17 270   M    M   4 1      19 270
 8   9  -8   1 -12  64   0    T    T    9  9.3 15 300   M    M   3 1      22 310
 9   9  -9   0 -13  65   0 0.00  0.0    9 10.0 18 270   M    M   1        23 340
10  14 -11   2 -11  63   0 0.00  0.0    8  8.4 17 290   M    M   0        23 280
11  16  -5   6  -8  59   0 0.00  0.0    8 12.7 25 290   M    M   1 8      32 280
12   8 -10  -1 -15  66   0 0.00  0.0    8  9.1 17 310   M    M   0        21 320
13  27   1  14   0  51   0 0.01  0.2    9 15.6 25 230   M    M   5 8      34 230
14  42  17  30  15  35   0 0.00  0.0    8 11.6 20 240   M    M   0 18     26 240
15  35   6  21   6  44   0 0.03  0.3    9 14.3 25 320   M    M   6 18     32 320
16  19  -8   6  -9  59   0 0.00  0.0    9 15.3 22 220   M    M   1        31 220
17  29   8  19   3  46   0    T    T    9 14.8 26 280   M    M   4        32 280
18  23   8  16   0  49   0 0.31  3.6    9 10.2 23 110   M    M   8 1289   28 100
19  14   8  11  -5  54   0 0.22  3.4   12 12.9 21  60   M    M  10 18     27  60
20  17   5  11  -6  54   0 0.14  2.9   17 11.7 21 310   M    M   9 69     27 300
21  23  -5   9  -8  56   0 0.00  0.0   16 11.0 18 260   M    M   0        23 300
22  23  -7   8  -9  57   0 0.08  1.5   14  5.3 12 100   M    M   4 1      15 100
================================================================================
SM  360  -81      1285   0  0.96    13.6 245.7          M       78
================================================================================
AV 16.4 -3.7                              11.2 FASTST   M    M   4    MAX(MPH)
                                 MISC ---->  # 26 280               # 34  230
================================================================================
NOTES:
# LAST OF SEVERAL OCCURRENCES

COLUMN 17 PEAK WIND IN M.P.H.

PRELIMINARY LOCAL CLIMATOLOGICAL DATA (WS FORM: F-6) , PAGE 2

                                          STATION:  DULUTH
                                          MONTH:    FEBRUARY
                                          YEAR:     2018
                                          LATITUDE:   46 49 N
                                          LONGITUDE:  92 11 W

[TEMPERATURE DATA]      [PRECIPITATION DATA]       SYMBOLS USED IN COLUMN 16

AVERAGE MONTHLY:  6.3   TOTAL FOR MONTH:   0.96    1 = FOG OR MIST
DPTR FM NORMAL:  -7.7   DPTR FM NORMAL:    0.38    2 = FOG REDUCING VISIBILITY
HIGHEST:    42 ON 14    GRTST 24HR  0.31 ON 18-18      TO 1/4 MILE OR LESS
LOWEST:    -17 ON  4                               3 = THUNDER
                        SNOW, ICE PELLETS, HAIL    4 = ICE PELLETS
                        TOTAL MONTH:  13.6 INCHES  5 = HAIL
                        GRTST 24HR   3.6 ON 18-18  6 = FREEZING RAIN OR DRIZZLE
                        GRTST DEPTH:  17 ON 20     7 = DUSTSTORM OR SANDSTORM:
                                                       VSBY 1/2 MILE OR LESS
                                                   8 = SMOKE OR HAZE
[NO. OF DAYS WITH]      [WEATHER - DAYS WITH]      9 = BLOWING SNOW
                                                   X = TORNADO
MAX 32 OR BELOW:  20    0.01 INCH OR MORE:   9
MAX 90 OR ABOVE:   0    0.10 INCH OR MORE:   4
MIN 32 OR BELOW:  22    0.50 INCH OR MORE:   0
MIN  0 OR BELOW:  15    1.00 INCH OR MORE:   0

[HDD (BASE 65) ]
TOTAL THIS MO.  1285    CLEAR  (SCALE 0-3)  11
DPTR FM NORMAL   163    PTCLDY (SCALE 4-7)   7
TOTAL FM JUL 1  6780    CLOUDY (SCALE 8-10)  4
DPTR FM NORMAL   190

[CDD (BASE 65) ]
TOTAL THIS MO.     0
DPTR FM NORMAL     0    [PRESSURE DATA]
TOTAL FM JAN 1     0    HIGHEST SLP M ON M
DPTR FM NORMAL     0    LOWEST  SLP 29.52 ON M

[REMARKS]
