000
CXUS51 KLWX 272000
CF6DMH
PRELIMINARY LOCAL CLIMATOLOGICAL DATA (WS FORM: F-6)

                                          STATION:   BALTIMORE INNER HARBOR MD
                                          MONTH:     SEPTEMBER
                                          YEAR:      2016
                                          LATITUDE:   39 16 N
                                          LONGITUDE:  76 37 W

  TEMPERATURE IN F:       :PCPN:    SNOW:  WIND      :SUNSHINE: SKY     :PK WND
================================================================================
1   2   3   4   5  6A  6B    7    8   9   10  11  12  13   14  15   16   17  18
                                     12Z  AVG MX 2MIN
DY MAX MIN AVG DEP HDD CDD  WTR  SNW DPTH SPD SPD DIR MIN PSBL S-S WX    SPD DR
================================================================================

 1  80  72  76  -1   0  11 0.37    M    M   M   M   M   M    M   M         M  M
 2  80  67  74  -3   0   9 0.00    M    M   M   M   M   M    M   M         M  M
 3  79  69  74  -2   0   9 0.00    M    M   M   M   M   M    M   M         M  M
 4  80  67  74  -2   0   9 0.00    M    M   M   M   M   M    M   M         M  M
 5  86  67  77   1   0  12 0.00    M    M   M   M   M   M    M   M         M  M
 6  90  72  81   5   0  16 0.00    M    M   M   M   M   M    M   M         M  M
 7  92  75  84   9   0  19 0.00    M    M   M   M   M   M    M   M         M  M
 8  95  76  86  11   0  21 0.00    M    M   M   M   M   M    M   M         M  M
 9  94  82  88  13   0  23 0.00    M    M   M   M   M   M    M   M         M  M
10  95  79  87  13   0  22 0.00    M    M   M   M   M   M    M   M         M  M
11  84  73  79   5   0  14 0.00    M    M   M   M   M   M    M   M         M  M
12  82  67  75   1   0  10 0.00    M    M   M   M   M   M    M   M         M  M
13  87  69  78   5   0  13 0.00    M    M   M   M   M   M    M   M         M  M
14  92  70  81   8   0  16 0.00    M    M   M   M   M   M    M   M         M  M
15  77  65  71  -2   0   6 0.01    M    M   M   M   M   M    M   M         M  M
16  75  65  70  -2   0   5 0.00    M    M   M   M   M   M    M   M         M  M
17  80  68  74   2   0   9 0.00    M    M   M   M   M   M    M   M         M  M
18  87  71  79   8   0  14 0.00    M    M   M   M   M   M    M   M         M  M
19  79  71  75   4   0  10 1.78    M    M   M   M   M   M    M   M         M  M
20  80  70  75   5   0  10 0.00    M    M   M   M   M   M    M   M         M  M
21  83  72  78   8   0  13 0.00    M    M   M   M   M   M    M   M         M  M
22  85  68  77   7   0  12 0.00    M    M   M   M   M   M    M   M         M  M
23  89  67  78   9   0  13 0.00    M    M   M   M   M   M    M   M         M  M
24  76  65  71   2   0   6 0.00    M    M   M   M   M   M    M   M         M  M
25  71  57  64  -4   1   0 0.00    M    M   M   M   M   M    M   M         M  M
26  71  61  66  -2   0   1 0.00    M    M   M   M   M   M    M   M         M  M
================================================================================
SM 2169 1805         1 303  2.16    M        M          M        M
================================================================================
AV 83.4 69.4                                 M FASTST   M    M -nan   MAX(MPH)
                                 MISC ---->     M   M                  M    M
================================================================================
NOTES:
# LAST OF SEVERAL OCCURRENCES

COLUMN 17 PEAK WIND IN M.P.H.

PRELIMINARY LOCAL CLIMATOLOGICAL DATA (WS FORM: F-6) , PAGE 2

                                          STATION:  BALTIMORE INNER HARBOR MD
                                          MONTH:    SEPTEMBER
                                          YEAR:     2016
                                          LATITUDE:   39 16 N
                                          LONGITUDE:  76 37 W

[TEMPERATURE DATA]      [PRECIPITATION DATA]       SYMBOLS USED IN COLUMN 16

AVERAGE MONTHLY: 76.4   TOTAL FOR MONTH:   2.16    1 = FOG OR MIST
DPTR FM NORMAL:   3.6   DPTR FM NORMAL:   -1.35    2 = FOG REDUCING VISIBILITY
HIGHEST:    95 ON 10, 8 GRTST 24HR  1.78 ON 19-19      TO 1/4 MILE OR LESS
LOWEST:     57 ON 25                               3 = THUNDER
                        SNOW, ICE PELLETS, HAIL    4 = ICE PELLETS
                        TOTAL MONTH:    M          5 = HAIL
                        GRTST 24HR    M  ON   M    6 = FREEZING RAIN OR DRIZZLE
                        GRTST DEPTH:  M  ON   M    7 = DUSTSTORM OR SANDSTORM:
                                                       VSBY 1/2 MILE OR LESS
                                                   8 = SMOKE OR HAZE
[NO. OF DAYS WITH]      [WEATHER - DAYS WITH]      9 = BLOWING SNOW
                                                   X = TORNADO
MAX 32 OR BELOW:   0    0.01 INCH OR MORE:   3
MAX 90 OR ABOVE:   6    0.10 INCH OR MORE:   2
MIN 32 OR BELOW:   0    0.50 INCH OR MORE:   1
MIN  0 OR BELOW:   0    1.00 INCH OR MORE:   1

[HDD (BASE 65) ]
TOTAL THIS MO.     1    CLEAR  (SCALE 0-3)   0
DPTR FM NORMAL    -7    PTCLDY (SCALE 4-7)   0
TOTAL FM JUL 1     1    CLOUDY (SCALE 8-10)  0
DPTR FM NORMAL    -7

[CDD (BASE 65) ]
TOTAL THIS MO.   303
DPTR FM NORMAL    91    [PRESSURE DATA]
TOTAL FM JAN 1  1856    HIGHEST SLP M ON M
DPTR FM NORMAL   248    LOWEST  SLP 29.85 ON  8

[REMARKS]
