000
CXUS54 KEPZ 291200
CF6DMN
PRELIMINARY LOCAL CLIMATOLOGICAL DATA (WS FORM: F-6)

                                          STATION:   DEMING
                                          MONTH:     MARCH
                                          YEAR:      2015
                                          LATITUDE:   32 15 N
                                          LONGITUDE: 107 42 W

  TEMPERATURE IN F:       :PCPN:    SNOW:  WIND      :SUNSHINE: SKY     :PK WND
================================================================================
1   2   3   4   5  6A  6B    7    8   9   10  11  12  13   14  15   16   17  18
                                     12Z  AVG MX 2MIN
DY MAX MIN AVG DEP HDD CDD  WTR  SNW DPTH SPD SPD DIR MIN PSBL S-S WX    SPD DR
================================================================================

 1  73  38  56   7   9   0 0.00  0.0    0  7.6 23 210   M    M   1        29 190
 2  68  50  59  10   6   0 0.32  0.0    0  8.2 30 210   M    M   5 18     39 220
 3  60  39  50   1  15   0 0.15    M    0  8.4 25 240   M    M   6 1      33 250
 4  59  32  46  -3  19   0    T    M    0  6.6 22 270   M    M   2        35 290
 5  53  30  42  -7  23   0 0.00  0.0    0 10.9 24  50   M    M   0        31  50
 6  62  26  44  -6  21   0 0.00  0.0    0 10.0 18  90   M    M   0        24 100
 7  64  38  51   1  14   0 0.00  0.0    0 10.1 21  80   M    M   1        24  80
 8  70  37  54   4  11   0 0.00  0.0    0  5.3 15 220   M    M   1        21 220
 9  70  37  54   4  11   0 0.00  0.0    0  5.2 30  40   M    M   2 3      45 340
10  70  34  52   2  13   0 0.00  0.0    0  5.9 14 130   M    M   0        18  90
11  72  38  55   5  10   0 0.00  0.0    0  7.0 18 110   M    M   0        23 110
12  67  44  56   6   9   0 0.00  0.0    0  5.4 15  70   M    M   0        19  80
13  72  43  58   7   7   0 0.00  0.0    0  8.9 29  40   M    M   3 8      37  40
14  68  44  56   5   9   0 0.00  0.0    0 13.2 24  50   M    M   4        29  40
15  69  36  53   2  12   0 0.00  0.0    0  8.5 23 100   M    M   0        30 120
16  72  44  58   7   7   0 0.00  0.0    0  8.6 17 120   M    M   2        22 120
17  69  50  60   9   5   0 0.11  0.0    0  9.7 22  60   M    M  10 1      26  60
18  63  49  56   4   9   0 0.05  0.0    0  8.7 28 280   M    M   9 1      36 280
19  66  47  57   5   8   0 0.06  0.0    0  9.5 18 280   M    M   7 1      23 250
20  69  40  55   3  10   0 0.00  0.0    0  5.4 21  60   M    M   2        26  50
21  70  43  57   5   8   0 0.00  0.0    0  7.8 28 290   M    M   2        34 290
22  79  45  62  10   3   0 0.00  0.0    0 10.4 23 260   M    M   0        37 250
23  79  43  61   8   4   0 0.00  0.0    0  9.9 25 280   M    M   0        32 300
24  78  38  58   5   7   0 0.00  0.0    0  8.1 21 300   M    M   0        27 280
25  75  38  57   4   8   0 0.00  0.0    0  9.7 24 270   M    M   0        32 280
26  70  42  56   3   9   0 0.00  0.0    0  9.7 22  40   M    M   0        29  30
27  80  32  56   2   9   0 0.00  0.0    0  5.9 16 220   M    M   0        20 230
28  87  41  64  10   1   0 0.00  0.0    0 10.3 29 280   M    M   0        36 280
================================================================================
SM 1954 1118       277   0  0.69     0.0 234.9          M       57
================================================================================
AV 69.8 39.9                               8.4 FASTST   M    M   2    MAX(MPH)
                                 MISC ---->  # 30 210               # 45  340
================================================================================
NOTES:
# LAST OF SEVERAL OCCURRENCES

COLUMN 17 PEAK WIND IN M.P.H.

PRELIMINARY LOCAL CLIMATOLOGICAL DATA (WS FORM: F-6) , PAGE 2

                                          STATION:  DEMING
                                          MONTH:    MARCH
                                          YEAR:     2015
                                          LATITUDE:   32 15 N
                                          LONGITUDE: 107 42 W

[TEMPERATURE DATA]      [PRECIPITATION DATA]       SYMBOLS USED IN COLUMN 16

AVERAGE MONTHLY: 54.9   TOTAL FOR MONTH:   0.69    1 = FOG OR MIST
DPTR FM NORMAL:   3.8   DPTR FM NORMAL:    0.30    2 = FOG REDUCING VISIBILITY
HIGHEST:    87 ON 28    GRTST 24HR  0.32 ON  2- 2      TO 1/4 MILE OR LESS
LOWEST:     26 ON  6                               3 = THUNDER
                        SNOW, ICE PELLETS, HAIL    4 = ICE PELLETS
                        TOTAL MONTH:   0.0 INCH    5 = HAIL
                        GRTST 24HR     0.0         6 = FREEZING RAIN OR DRIZZLE
                        GRTST DEPTH:   0           7 = DUSTSTORM OR SANDSTORM:
                                                       VSBY 1/2 MILE OR LESS
                                                   8 = SMOKE OR HAZE
[NO. OF DAYS WITH]      [WEATHER - DAYS WITH]      9 = BLOWING SNOW
                                                   X = TORNADO
MAX 32 OR BELOW:   0    0.01 INCH OR MORE:   5
MAX 90 OR ABOVE:   0    0.10 INCH OR MORE:   3
MIN 32 OR BELOW:   4    0.50 INCH OR MORE:   0
MIN  0 OR BELOW:   0    1.00 INCH OR MORE:   0

[HDD (BASE 65) ]
TOTAL THIS MO.   277    CLEAR  (SCALE 0-3)  22
DPTR FM NORMAL  -113    PTCLDY (SCALE 4-7)   4
TOTAL FM JUL 1  2529    CLOUDY (SCALE 8-10)  2
DPTR FM NORMAL  -410

[CDD (BASE 65) ]
TOTAL THIS MO.     0
DPTR FM NORMAL     0    [PRESSURE DATA]
TOTAL FM JAN 1     0    HIGHEST SLP M ON M
DPTR FM NORMAL     0    LOWEST  SLP 29.69 ON  3

[REMARKS]
