000
CXUS55 KEAX 180736
CF6DMO
PRELIMINARY LOCAL CLIMATOLOGICAL DATA (WS FORM: F-6)

                                          STATION:   SEDALIA MO
                                          MONTH:     APRIL
                                          YEAR:      2014
                                          LATITUDE:   38 42 N
                                          LONGITUDE:  93  6 W

  TEMPERATURE IN F:       :PCPN:    SNOW:  WIND      :SUNSHINE: SKY     :PK WND
================================================================================
1   2   3   4   5  6A  6B    7    8   9   10  11  12  13   14  15   16   17  18
                                     12Z  AVG MX 2MIN
DY MAX MIN AVG DEP HDD CDD  WTR  SNW DPTH SPD SPD DIR MIN PSBL S-S WX    SPD DR
================================================================================

 1  57  31  44  -8  21   0 0.04    M    M  8.8 21 300   M    M   5 13     27 300
 2  56  45  51  -1  14   0 1.78    M    M 13.9 31 330   M    M  10 13     38 320
 3  65  47  56   3   9   0 2.54    M    M 10.8 30 280   M    M   9 13     37 280
 4  47  39  43 -10  22   0 0.00    M    M 15.7 30 300   M    M  10        42 290
 5  57  32  45  -8  20   0 0.00    M    M  4.3 10 120   M    M   1        17 120
 6  63  44  54   0  11   0 0.00    M    M  6.9 15 100   M    M   2        20 150
 7  65  45  55   1  10   0    T    M    M  8.3 17 360   M    M   5        22 360
 8  60  44  52  -2  13   0    T    M    M 11.7 30 340   M    M   4        36 340
 9  72  37  55   0  10   0 0.00    M    M 11.5 23 190   M    M   0        31 180
10  73  51  62   7   3   0 0.00    M    M 12.9 26 200   M    M   0        43 180
11  75  48  62   7   3   0 0.00    M    M  7.5 23  80   M    M   0        26  80
12  83  59  71  15   0   6 0.00    M    M 16.8 28 170   M    M   0 8      36 190
13  73  45  59   3   6   0 0.99    M    M 13.7 32 290   M    M   8 138    40 290
14  45  33  39 -17  26   0 0.05    M    M 17.0 29 330   M    M   8 1      35 320
15  51  30  41 -16  24   0 0.00    M    M  6.8 14 150   M    M   1        22 270
16  65  40  53  -4  12   0 0.00    M    M 18.0 32 170   M    M   0        41 180
17  51  39  45 -12  20   0 0.02    M    M  6.7 16 330   M    M   5 1      19 350
================================================================================
SM 1058  709       224   6  5.42    M    191.3          M       68
================================================================================
AV 62.2 41.7                              11.3 FASTST   M    M   4    MAX(MPH)
                                 MISC ---->  # 32 290               # 43  180
================================================================================
NOTES:
# LAST OF SEVERAL OCCURRENCES

COLUMN 17 PEAK WIND IN M.P.H.

PRELIMINARY LOCAL CLIMATOLOGICAL DATA (WS FORM: F-6) , PAGE 2

                                          STATION:  SEDALIA MO
                                          MONTH:    APRIL
                                          YEAR:     2014
                                          LATITUDE:   38 42 N
                                          LONGITUDE:  93  6 W

[TEMPERATURE DATA]      [PRECIPITATION DATA]       SYMBOLS USED IN COLUMN 16

AVERAGE MONTHLY: 52.0   TOTAL FOR MONTH:   5.42    1 = FOG OR MIST
DPTR FM NORMAL:  -2.7   DPTR FM NORMAL:    3.40    2 = FOG REDUCING VISIBILITY
HIGHEST:    83 ON 12    GRTST 24HR  3.55 ON  2- 3      TO 1/4 MILE OR LESS
LOWEST:     30 ON 15                               3 = THUNDER
                        SNOW, ICE PELLETS, HAIL    4 = ICE PELLETS
                        TOTAL MONTH:    M          5 = HAIL
                        GRTST 24HR    M  ON   M    6 = FREEZING RAIN OR DRIZZLE
                        GRTST DEPTH:  M  ON   M    7 = DUSTSTORM OR SANDSTORM:
                                                       VSBY 1/2 MILE OR LESS
                                                   8 = SMOKE OR HAZE
[NO. OF DAYS WITH]      [WEATHER - DAYS WITH]      9 = BLOWING SNOW
                                                   X = TORNADO
MAX 32 OR BELOW:   0    0.01 INCH OR MORE:   6
MAX 90 OR ABOVE:   0    0.10 INCH OR MORE:   3
MIN 32 OR BELOW:   3    0.50 INCH OR MORE:   3
MIN  0 OR BELOW:   0    1.00 INCH OR MORE:   2

[HDD (BASE 65) ]
TOTAL THIS MO.   224    CLEAR  (SCALE 0-3)   8
DPTR FM NORMAL    34    PTCLDY (SCALE 4-7)   6
TOTAL FM JUL 1  5137    CLOUDY (SCALE 8-10)  3
DPTR FM NORMAL   745

[CDD (BASE 65) ]
TOTAL THIS MO.     6
DPTR FM NORMAL   -10    [PRESSURE DATA]
TOTAL FM JAN 1     6    HIGHEST SLP  0.00 ON M
DPTR FM NORMAL   -13    LOWEST  SLP  0.00 ON M

[REMARKS]
